{"id":2321,"date":"2020-02-17T13:57:30","date_gmt":"2020-02-17T13:57:30","guid":{"rendered":"https:\/\/www.inter-iberica.com\/qualite\/missie-visie\/"},"modified":"2020-09-08T10:52:30","modified_gmt":"2020-09-08T10:52:30","slug":"mandat-vision","status":"publish","type":"page","link":"https:\/\/www.inter-iberica.com\/fr\/qualite\/mandat-vision\/","title":{"rendered":"Mandat &#038; vision"},"content":{"rendered":"<div class=\"wpb-content-wrapper\"><p>[vc_row][vc_column][cms_space space_lg=&#8221;66&#8243; space_md=&#8221;66&#8243; space_sm=&#8221;66&#8243; space_xs=&#8221;66&#8243;][cms_heading text=&#8221;Mandat &amp; vision&#8221; title_font_size=&#8221;40px&#8221; title_line_height=&#8221;54px&#8221; cms_template=&#8221;cms_heading.php&#8221; el_class=&#8221;close-spacing&#8221; animation=&#8221;fadeInUp&#8221;][vc_column_text css_animation=&#8221;fadeInUp&#8221; css=&#8221;.vc_custom_1599224443327{margin-top: 20px !important;margin-bottom: 55px !important;}&#8221;]<span style=\"color: #000000;\"><strong>Nous sommes d\u2019avis que le client prend vraiment une position centrale.<\/strong>\u00a0Dans toutes les d\u00e9cisions que nous prenons, l\u2019int\u00e9r\u00eat du client est en premier lieu. Ce mode d\u2019approche en combinaison avec notre expertise nous fait par excellence l\u2019associ\u00e9 de coop\u00e9ration fiable.<\/span><\/p>\n<p><span style=\"color: #000000;\">La qualit\u00e9 de notre service continue d\u2019augmenter gr\u00e2ce \u00e0 la passion que nous\u00a0manifestons dans notre travail ainsi que gr\u00e2ce \u00e0 l\u2019ambition continue, vis\u00e9e \u00e0 une perfection et \u00e0 une performance \u00e9lev\u00e9e. Nous sommes conscients des probl\u00e8mes logistiques, des possibilit\u00e9s et d\u00e9fis et par cons\u00e9quent nous nous confrontons \u00e0 n\u2019importe quelle chose.<\/span><\/p>\n<p><span style=\"color: #000000;\">Non seulement nous sommes int\u00e9ress\u00e9s \u00e0 notre propre branche, mais aussi nous \u00e9tudions d\u2019une mani\u00e8re approfondie celle du client. Ceci nous permet d\u2019adapter notre service aux souhaits du client de fa\u00e7on optimale.<\/span><\/p>\n<p><span style=\"color: #000000;\">C\u2019est pourquoi que la coop\u00e9ration est pour nous un concept important. Non seulement avec nos clients, mais aussi avec toutes les parties int\u00e9ress\u00e9es dans nos op\u00e9rations. Chez nous le contact personnel est d\u2019une importance primordiale.<\/span><\/p>\n<p><span style=\"color: #000000;\"><strong>Tout\u00a0cela nous met \u00e0 m\u00eame de d\u00e9charger le client de tous les soins, parce que nous pouvons avoir la fonction d\u2019\u00eatre une seule adresse pour toutes les activit\u00e9s logistiques.<\/strong><\/span>[\/vc_column_text][cms_button button_text=&#8221;Contact&#8221; button_icon=&#8221;true&#8221; button_link=&#8221;url:%2Fcontact%2F%3Flang%3Dfr|title:Contact||&#8221; padding_right=&#8221;26px&#8221; padding_left=&#8221;26px&#8221; margin_top=&#8221;42px&#8221; animation=&#8221;fadeInUp&#8221;][vc_empty_space][\/vc_column][\/vc_row]<\/p>\n<\/div>","protected":false},"excerpt":{"rendered":"<p>[vc_row][vc_column][cms_space space_lg=&#8221;66&#8243; space_md=&#8221;66&#8243; space_sm=&#8221;66&#8243; space_xs=&#8221;66&#8243;][cms_heading text=&#8221;Mandat &amp; vision&#8221; title_font_size=&#8221;40px&#8221; title_line_height=&#8221;54px&#8221; cms_template=&#8221;cms_heading.php&#8221; el_class=&#8221;close-spacing&#8221; animation=&#8221;fadeInUp&#8221;][vc_column_text css_animation=&#8221;fadeInUp&#8221; css=&#8221;.vc_custom_1599224443327{margin-top: 20px !important;margin-bottom: 55px !important;}&#8221;]Nous sommes d\u2019avis que le client prend vraiment une position centrale.\u00a0Dans toutes les d\u00e9cisions que nous prenons, l\u2019int\u00e9r\u00eat du client est en premier lieu. Ce mode d\u2019approche en combinaison avec notre expertise nous fait par excellence l\u2019associ\u00e9 [&hellip;]<\/p>\n","protected":false},"author":3,"featured_media":0,"parent":2293,"menu_order":0,"comment_status":"closed","ping_status":"closed","template":"","meta":{"footnotes":""},"class_list":["post-2321","page","type-page","status-publish","hentry"],"yoast_head":"<!-- This site is optimized with the Yoast SEO plugin v27.4 - https:\/\/yoast.com\/product\/yoast-seo-wordpress\/ -->\n<title>Mandat &amp; vision - Inter Iberica<\/title>\n<meta name=\"robots\" content=\"index, follow, max-snippet:-1, max-image-preview:large, max-video-preview:-1\" \/>\n<link rel=\"canonical\" href=\"https:\/\/www.inter-iberica.com\/fr\/qualite\/mandat-vision\/\" \/>\n<meta property=\"og:locale\" content=\"fr_FR\" \/>\n<meta property=\"og:type\" content=\"article\" \/>\n<meta property=\"og:title\" content=\"Mandat &amp; vision - Inter Iberica\" \/>\n<meta property=\"og:description\" content=\"[vc_row][vc_column][cms_space space_lg=&#8221;66&#8243; space_md=&#8221;66&#8243; space_sm=&#8221;66&#8243; space_xs=&#8221;66&#8243;][cms_heading text=&#8221;Mandat &amp; vision&#8221; title_font_size=&#8221;40px&#8221; title_line_height=&#8221;54px&#8221; cms_template=&#8221;cms_heading.php&#8221; el_class=&#8221;close-spacing&#8221; animation=&#8221;fadeInUp&#8221;][vc_column_text css_animation=&#8221;fadeInUp&#8221; css=&#8221;.vc_custom_1599224443327{margin-top: 20px !important;margin-bottom: 55px !important;}&#8221;]Nous sommes d\u2019avis que le client prend vraiment une position centrale.\u00a0Dans toutes les d\u00e9cisions que nous prenons, l\u2019int\u00e9r\u00eat du client est en premier lieu. Ce mode d\u2019approche en combinaison avec notre expertise nous fait par excellence l\u2019associ\u00e9 [&hellip;]\" \/>\n<meta property=\"og:url\" content=\"https:\/\/www.inter-iberica.com\/fr\/qualite\/mandat-vision\/\" \/>\n<meta property=\"og:site_name\" content=\"Inter Iberica\" \/>\n<meta property=\"article:modified_time\" content=\"2020-09-08T10:52:30+00:00\" \/>\n<meta name=\"twitter:card\" content=\"summary_large_image\" \/>\n<meta name=\"twitter:label1\" content=\"Dur\u00e9e de lecture estim\u00e9e\" \/>\n\t<meta name=\"twitter:data1\" content=\"2 minutes\" \/>\n<script type=\"application\/ld+json\" class=\"yoast-schema-graph\">{\"@context\":\"https:\\\/\\\/schema.org\",\"@graph\":[{\"@type\":\"WebPage\",\"@id\":\"https:\\\/\\\/www.inter-iberica.com\\\/fr\\\/qualite\\\/mandat-vision\\\/\",\"url\":\"https:\\\/\\\/www.inter-iberica.com\\\/fr\\\/qualite\\\/mandat-vision\\\/\",\"name\":\"Mandat & vision - Inter Iberica\",\"isPartOf\":{\"@id\":\"https:\\\/\\\/www.inter-iberica.com\\\/#website\"},\"datePublished\":\"2020-02-17T13:57:30+00:00\",\"dateModified\":\"2020-09-08T10:52:30+00:00\",\"breadcrumb\":{\"@id\":\"https:\\\/\\\/www.inter-iberica.com\\\/fr\\\/qualite\\\/mandat-vision\\\/#breadcrumb\"},\"inLanguage\":\"fr-FR\",\"potentialAction\":[{\"@type\":\"ReadAction\",\"target\":[\"https:\\\/\\\/www.inter-iberica.com\\\/fr\\\/qualite\\\/mandat-vision\\\/\"]}]},{\"@type\":\"BreadcrumbList\",\"@id\":\"https:\\\/\\\/www.inter-iberica.com\\\/fr\\\/qualite\\\/mandat-vision\\\/#breadcrumb\",\"itemListElement\":[{\"@type\":\"ListItem\",\"position\":1,\"name\":\"Home\",\"item\":\"https:\\\/\\\/www.inter-iberica.com\\\/fr\\\/\"},{\"@type\":\"ListItem\",\"position\":2,\"name\":\"Qualit\u00e9\",\"item\":\"https:\\\/\\\/www.inter-iberica.com\\\/fr\\\/qualite\\\/\"},{\"@type\":\"ListItem\",\"position\":3,\"name\":\"Mandat &#038; vision\"}]},{\"@type\":\"WebSite\",\"@id\":\"https:\\\/\\\/www.inter-iberica.com\\\/#website\",\"url\":\"https:\\\/\\\/www.inter-iberica.com\\\/\",\"name\":\"Inter Iberica\",\"description\":\"\",\"potentialAction\":[{\"@type\":\"SearchAction\",\"target\":{\"@type\":\"EntryPoint\",\"urlTemplate\":\"https:\\\/\\\/www.inter-iberica.com\\\/?s={search_term_string}\"},\"query-input\":{\"@type\":\"PropertyValueSpecification\",\"valueRequired\":true,\"valueName\":\"search_term_string\"}}],\"inLanguage\":\"fr-FR\"}]}<\/script>\n<!-- \/ Yoast SEO plugin. -->","yoast_head_json":{"title":"Mandat & vision - Inter Iberica","robots":{"index":"index","follow":"follow","max-snippet":"max-snippet:-1","max-image-preview":"max-image-preview:large","max-video-preview":"max-video-preview:-1"},"canonical":"https:\/\/www.inter-iberica.com\/fr\/qualite\/mandat-vision\/","og_locale":"fr_FR","og_type":"article","og_title":"Mandat & vision - Inter Iberica","og_description":"[vc_row][vc_column][cms_space space_lg=&#8221;66&#8243; space_md=&#8221;66&#8243; space_sm=&#8221;66&#8243; space_xs=&#8221;66&#8243;][cms_heading text=&#8221;Mandat &amp; vision&#8221; title_font_size=&#8221;40px&#8221; title_line_height=&#8221;54px&#8221; cms_template=&#8221;cms_heading.php&#8221; el_class=&#8221;close-spacing&#8221; animation=&#8221;fadeInUp&#8221;][vc_column_text css_animation=&#8221;fadeInUp&#8221; css=&#8221;.vc_custom_1599224443327{margin-top: 20px !important;margin-bottom: 55px !important;}&#8221;]Nous sommes d\u2019avis que le client prend vraiment une position centrale.\u00a0Dans toutes les d\u00e9cisions que nous prenons, l\u2019int\u00e9r\u00eat du client est en premier lieu. Ce mode d\u2019approche en combinaison avec notre expertise nous fait par excellence l\u2019associ\u00e9 [&hellip;]","og_url":"https:\/\/www.inter-iberica.com\/fr\/qualite\/mandat-vision\/","og_site_name":"Inter Iberica","article_modified_time":"2020-09-08T10:52:30+00:00","twitter_card":"summary_large_image","twitter_misc":{"Dur\u00e9e de lecture estim\u00e9e":"2 minutes"},"schema":{"@context":"https:\/\/schema.org","@graph":[{"@type":"WebPage","@id":"https:\/\/www.inter-iberica.com\/fr\/qualite\/mandat-vision\/","url":"https:\/\/www.inter-iberica.com\/fr\/qualite\/mandat-vision\/","name":"Mandat & vision - Inter Iberica","isPartOf":{"@id":"https:\/\/www.inter-iberica.com\/#website"},"datePublished":"2020-02-17T13:57:30+00:00","dateModified":"2020-09-08T10:52:30+00:00","breadcrumb":{"@id":"https:\/\/www.inter-iberica.com\/fr\/qualite\/mandat-vision\/#breadcrumb"},"inLanguage":"fr-FR","potentialAction":[{"@type":"ReadAction","target":["https:\/\/www.inter-iberica.com\/fr\/qualite\/mandat-vision\/"]}]},{"@type":"BreadcrumbList","@id":"https:\/\/www.inter-iberica.com\/fr\/qualite\/mandat-vision\/#breadcrumb","itemListElement":[{"@type":"ListItem","position":1,"name":"Home","item":"https:\/\/www.inter-iberica.com\/fr\/"},{"@type":"ListItem","position":2,"name":"Qualit\u00e9","item":"https:\/\/www.inter-iberica.com\/fr\/qualite\/"},{"@type":"ListItem","position":3,"name":"Mandat &#038; vision"}]},{"@type":"WebSite","@id":"https:\/\/www.inter-iberica.com\/#website","url":"https:\/\/www.inter-iberica.com\/","name":"Inter Iberica","description":"","potentialAction":[{"@type":"SearchAction","target":{"@type":"EntryPoint","urlTemplate":"https:\/\/www.inter-iberica.com\/?s={search_term_string}"},"query-input":{"@type":"PropertyValueSpecification","valueRequired":true,"valueName":"search_term_string"}}],"inLanguage":"fr-FR"}]}},"_links":{"self":[{"href":"https:\/\/www.inter-iberica.com\/fr\/wp-json\/wp\/v2\/pages\/2321","targetHints":{"allow":["GET"]}}],"collection":[{"href":"https:\/\/www.inter-iberica.com\/fr\/wp-json\/wp\/v2\/pages"}],"about":[{"href":"https:\/\/www.inter-iberica.com\/fr\/wp-json\/wp\/v2\/types\/page"}],"author":[{"embeddable":true,"href":"https:\/\/www.inter-iberica.com\/fr\/wp-json\/wp\/v2\/users\/3"}],"replies":[{"embeddable":true,"href":"https:\/\/www.inter-iberica.com\/fr\/wp-json\/wp\/v2\/comments?post=2321"}],"version-history":[{"count":7,"href":"https:\/\/www.inter-iberica.com\/fr\/wp-json\/wp\/v2\/pages\/2321\/revisions"}],"predecessor-version":[{"id":3471,"href":"https:\/\/www.inter-iberica.com\/fr\/wp-json\/wp\/v2\/pages\/2321\/revisions\/3471"}],"up":[{"embeddable":true,"href":"https:\/\/www.inter-iberica.com\/fr\/wp-json\/wp\/v2\/pages\/2293"}],"wp:attachment":[{"href":"https:\/\/www.inter-iberica.com\/fr\/wp-json\/wp\/v2\/media?parent=2321"}],"curies":[{"name":"wp","href":"https:\/\/api.w.org\/{rel}","templated":true}]}}

<div class="wpb-content-wrapper"><p>[vc_row][vc_column][cms_space space_lg=&#8221;66&#8243; space_md=&#8221;66&#8243; space_sm=&#8221;66&#8243; space_xs=&#8221;66&#8243;][cms_heading text=&#8221;Mandat &amp; vision&#8221; title_font_size=&#8221;40px&#8221; title_line_height=&#8221;54px&#8221; cms_template=&#8221;cms_heading.php&#8221; el_class=&#8221;close-spacing&#8221; animation=&#8221;fadeInUp&#8221;][vc_column_text css_animation=&#8221;fadeInUp&#8221; css=&#8221;.vc_custom_1599224443327{margin-top: 20px !important;margin-bottom: 55px !important;}&#8221;]<span style="color: #000000;"><strong>Nous sommes d’avis que le client prend vraiment une position centrale.</strong> Dans toutes les décisions que nous prenons, l’intérêt du client est en premier lieu. Ce mode d’approche en combinaison avec notre expertise nous fait par excellence l’associé de coopération fiable.</span></p>
<p><span style="color: #000000;">La qualité de notre service continue d’augmenter grâce à la passion que nous manifestons dans notre travail ainsi que grâce à l’ambition continue, visée à une perfection et à une performance élevée. Nous sommes conscients des problèmes logistiques, des possibilités et défis et par conséquent nous nous confrontons à n’importe quelle chose.</span></p>
<p><span style="color: #000000;">Non seulement nous sommes intéressés à notre propre branche, mais aussi nous étudions d’une manière approfondie celle du client. Ceci nous permet d’adapter notre service aux souhaits du client de façon optimale.</span></p>
<p><span style="color: #000000;">C’est pourquoi que la coopération est pour nous un concept important. Non seulement avec nos clients, mais aussi avec toutes les parties intéressées dans nos opérations. Chez nous le contact personnel est d’une importance primordiale.</span></p>
<p><span style="color: #000000;"><strong>Tout cela nous met à même de décharger le client de tous les soins, parce que nous pouvons avoir la fonction d’être une seule adresse pour toutes les activités logistiques.</strong></span>[/vc_column_text][cms_button button_text=&#8221;Contact&#8221; button_icon=&#8221;true&#8221; button_link=&#8221;url:%2Fcontact%2F%3Flang%3Dfr|title:Contact||&#8221; padding_right=&#8221;26px&#8221; padding_left=&#8221;26px&#8221; margin_top=&#8221;42px&#8221; animation=&#8221;fadeInUp&#8221;][vc_empty_space][/vc_column][/vc_row]</p>
</div>

<p>[vc_row][vc_column][cms_space space_lg=&#8221;66&#8243; space_md=&#8221;66&#8243; space_sm=&#8221;66&#8243; space_xs=&#8221;66&#8243;][cms_heading text=&#8221;Mandat &amp; vision&#8221; title_font_size=&#8221;40px&#8221; title_line_height=&#8221;54px&#8221; cms_template=&#8221;cms_heading.php&#8221; el_class=&#8221;close-spacing&#8221; animation=&#8221;fadeInUp&#8221;][vc_column_text css_animation=&#8221;fadeInUp&#8221; css=&#8221;.vc_custom_1599224443327{margin-top: 20px !important;margin-bottom: 55px !important;}&#8221;]Nous sommes d’avis que le client prend vraiment une position centrale. Dans toutes les décisions que nous prenons, l’intérêt du client est en premier lieu. Ce mode d’approche en combinaison avec notre expertise nous fait par excellence l’associé [&hellip;]</p>

<!-- This site is optimized with the Yoast SEO plugin v27.4 - https://yoast.com/product/yoast-seo-wordpress/ -->
<title>Mandat &amp; vision - Inter Iberica</title>
<meta name="robots" content="index, follow, max-snippet:-1, max-image-preview:large, max-video-preview:-1" />
<link rel="canonical" href="https://www.inter-iberica.com/fr/qualite/mandat-vision/" />
<meta property="og:locale" content="fr_FR" />
<meta property="og:type" content="article" />
<meta property="og:title" content="Mandat &amp; vision - Inter Iberica" />
<meta property="og:description" content="[vc_row][vc_column][cms_space space_lg=&#8221;66&#8243; space_md=&#8221;66&#8243; space_sm=&#8221;66&#8243; space_xs=&#8221;66&#8243;][cms_heading text=&#8221;Mandat &amp; vision&#8221; title_font_size=&#8221;40px&#8221; title_line_height=&#8221;54px&#8221; cms_template=&#8221;cms_heading.php&#8221; el_class=&#8221;close-spacing&#8221; animation=&#8221;fadeInUp&#8221;][vc_column_text css_animation=&#8221;fadeInUp&#8221; css=&#8221;.vc_custom_1599224443327{margin-top: 20px !important;margin-bottom: 55px !important;}&#8221;]Nous sommes d’avis que le client prend vraiment une position centrale. Dans toutes les décisions que nous prenons, l’intérêt du client est en premier lieu. Ce mode d’approche en combinaison avec notre expertise nous fait par excellence l’associé [&hellip;]" />
<meta property="og:url" content="https://www.inter-iberica.com/fr/qualite/mandat-vision/" />
<meta property="og:site_name" content="Inter Iberica" />
<meta property="article:modified_time" content="2020-09-08T10:52:30+00:00" />
<meta name="twitter:card" content="summary_large_image" />
<meta name="twitter:label1" content="Durée de lecture estimée" />
	<meta name="twitter:data1" content="2 minutes" />
<script type="application/ld+json" class="yoast-schema-graph">{"@context":"https:\/\/schema.org","@graph":[{"@type":"WebPage","@id":"https:\/\/www.inter-iberica.com\/fr\/qualite\/mandat-vision\/","url":"https:\/\/www.inter-iberica.com\/fr\/qualite\/mandat-vision\/","name":"Mandat & vision - Inter Iberica","isPartOf":{"@id":"https:\/\/www.inter-iberica.com\/#website"},"datePublished":"2020-02-17T13:57:30+00:00","dateModified":"2020-09-08T10:52:30+00:00","breadcrumb":{"@id":"https:\/\/www.inter-iberica.com\/fr\/qualite\/mandat-vision\/#breadcrumb"},"inLanguage":"fr-FR","potentialAction":[{"@type":"ReadAction","target":["https:\/\/www.inter-iberica.com\/fr\/qualite\/mandat-vision\/"]}]},{"@type":"BreadcrumbList","@id":"https:\/\/www.inter-iberica.com\/fr\/qualite\/mandat-vision\/#breadcrumb","itemListElement":[{"@type":"ListItem","position":1,"name":"Home","item":"https:\/\/www.inter-iberica.com\/fr\/"},{"@type":"ListItem","position":2,"name":"Qualité","item":"https:\/\/www.inter-iberica.com\/fr\/qualite\/"},{"@type":"ListItem","position":3,"name":"Mandat &#038; vision"}]},{"@type":"WebSite","@id":"https:\/\/www.inter-iberica.com\/#website","url":"https:\/\/www.inter-iberica.com\/","name":"Inter Iberica","description":"","potentialAction":[{"@type":"SearchAction","target":{"@type":"EntryPoint","urlTemplate":"https:\/\/www.inter-iberica.com\/?s={search_term_string}"},"query-input":{"@type":"PropertyValueSpecification","valueRequired":true,"valueName":"search_term_string"}}],"inLanguage":"fr-FR"}]}</script>
<!-- / Yoast SEO plugin. -->

[vc_row][vc_column][cms_space space_lg=&#8221;66&#8243; space_md=&#8221;66&#8243; space_sm=&#8221;66&#8243; space_xs=&#8221;66&#8243;][cms_heading text=&#8221;Mandat &amp; vision&#8221; title_font_size=&#8221;40px&#8221; title_line_height=&#8221;54px&#8221; cms_template=&#8221;cms_heading.php&#8221; el_class=&#8221;close-spacing&#8221; animation=&#8221;fadeInUp&#8221;][vc_column_text css_animation=&#8221;fadeInUp&#8221; css=&#8221;.vc_custom_1599224443327{margin-top: 20px !important;margin-bottom: 55px !important;}&#8221;]Nous sommes d’avis que le client prend vraiment une position centrale. Dans toutes les décisions que nous prenons, l’intérêt du client est en premier lieu. Ce mode d’approche en combinaison avec notre expertise nous fait par excellence l’associé [&hellip;]

Qualité
