{"id":2225,"date":"2020-01-30T14:36:10","date_gmt":"2020-01-30T14:36:10","guid":{"rendered":"https:\/\/www.inter-iberica.com\/destinations\/oost-europa\/"},"modified":"2020-09-08T05:31:29","modified_gmt":"2020-09-08T05:31:29","slug":"leurope-de-lest","status":"publish","type":"page","link":"https:\/\/www.inter-iberica.com\/fr\/destinations\/leurope-de-lest\/","title":{"rendered":"L&#8217;Europe de l&#8217;Est"},"content":{"rendered":"<div class=\"wpb-content-wrapper\"><p>[vc_row][vc_column width=&#8221;1\/2&#8243;][cms_heading subtitle_color=&#8221;#f2193c&#8221; text=&#8221;Inter-Iberica s\u00b4occupe de tous les envois actuels, des chargements partiels et complets vers l\u00b4Europe de L\u00b4Est.&#8221; cms_template=&#8221;cms_heading&#8211;layout3.php&#8221;][\/vc_column][vc_column width=&#8221;1\/2&#8243;][vc_column_text]<\/p>\n<div><strong>Inter-Iberica s\u00b4occupe de tous les envois actuels, des chargements partiels et complets vers l\u00b4Europe de L\u00b4Est.\u00a0<\/strong><strong>Ce qui suit est possible:<\/strong><\/div>\n<div><\/div>\n<ul>\n<li>Transport des marchandises ADR, aussi en vrac et \u00e9ventuellement r\u00e9gl\u00e9 de temp\u00e9rature<\/li>\n<li>Transport frigorifique en vrac<\/li>\n<li>Transport de viande, pendaison<\/li>\n<li>Transport de double stock<\/li>\n<li>Transport des marchandises de haute qualit\u00e9<\/li>\n<li>Transport de pr\u00eat-\u00e0-porter<\/li>\n<li>Transport multitemp<\/li>\n<\/ul>\n<p>[\/vc_column_text][\/vc_column][\/vc_row][vc_row][vc_column][vc_column_text]<strong>Il s\u00b4agit de destinations suivantes:<\/strong>[\/vc_column_text][vc_row_inner][vc_column_inner width=&#8221;1\/2&#8243;][cms_list cms_list=&#8221;%5B%7B%22cms_list_item%22%3A%22La%20Roumanie%22%2C%22cms_list_link%22%3A%22%7C%7C%7C%22%7D%2C%7B%22cms_list_item%22%3A%22La%20Bulgarie%22%2C%22cms_list_link%22%3A%22%7C%7C%7C%22%7D%2C%7B%22cms_list_item%22%3A%22La%20Turquie%22%2C%22cms_list_link%22%3A%22%7C%7C%7C%22%7D%2C%7B%22cms_list_item%22%3A%22La%20Gr%C3%A8ce%22%2C%22cms_list_link%22%3A%22%7C%7C%7C%22%7D%2C%7B%22cms_list_item%22%3A%22L%C2%B4Albanie%22%7D%2C%7B%22cms_list_item%22%3A%22La%20Mac%C3%A9doine%22%7D%2C%7B%22cms_list_item%22%3A%22L%C2%B4Iran%22%7D%2C%7B%22cms_list_item%22%3A%22L%C2%B4Iraq%20du%20Nord%22%7D%2C%7B%22cms_list_item%22%3A%22Le%20Kazachstan%22%7D%2C%7B%22cms_list_item%22%3A%22L%C2%B4Uzb%C3%A9kistan%22%7D%5D&#8221; icon_list=&#8221;materialdesign&#8221; icon_material=&#8221;zmdi zmdi-pin&#8221;][\/vc_column_inner][vc_column_inner width=&#8221;1\/2&#8243;][cms_list cms_list=&#8221;%5B%7B%22cms_list_item%22%3A%22L%C2%B4Azarbaycan%22%2C%22cms_list_link%22%3A%22%7C%7C%7C%22%7D%2C%7B%22cms_list_item%22%3A%22Le%20Turcm%C3%A9nistan%22%2C%22cms_list_link%22%3A%22%7C%7C%7C%22%7D%2C%7B%22cms_list_item%22%3A%22La%20G%C3%A9orgie%20%22%2C%22cms_list_link%22%3A%22%7C%7C%7C%22%7D%2C%7B%22cms_list_item%22%3A%22La%20Moldavie%22%7D%2C%7B%22cms_list_item%22%3A%22Le%20Chypre%22%7D%2C%7B%22cms_list_item%22%3A%22L%C2%B4Arabie%20Saoudite%22%7D%2C%7B%22cms_list_item%22%3A%22Les%20%C3%89mirats%20%C3%A1rabes%20Unis%22%7D%5D&#8221; icon_list=&#8221;materialdesign&#8221; icon_material=&#8221;zmdi zmdi-pin&#8221;][\/vc_column_inner][\/vc_row_inner][\/vc_column][\/vc_row][vc_row][vc_column][vc_empty_space][\/vc_column][\/vc_row]<\/p>\n<\/div>","protected":false},"excerpt":{"rendered":"<p>[vc_row][vc_column width=&#8221;1\/2&#8243;][cms_heading subtitle_color=&#8221;#f2193c&#8221; text=&#8221;Inter-Iberica s\u00b4occupe de tous les envois actuels, des chargements partiels et complets vers l\u00b4Europe de L\u00b4Est.&#8221; cms_template=&#8221;cms_heading&#8211;layout3.php&#8221;][\/vc_column][vc_column width=&#8221;1\/2&#8243;][vc_column_text] Inter-Iberica s\u00b4occupe de tous les envois actuels, des chargements partiels et complets vers l\u00b4Europe de L\u00b4Est.\u00a0Ce qui suit est possible: Transport des marchandises ADR, aussi en vrac et \u00e9ventuellement r\u00e9gl\u00e9 de temp\u00e9rature Transport frigorifique [&hellip;]<\/p>\n","protected":false},"author":3,"featured_media":0,"parent":2197,"menu_order":0,"comment_status":"closed","ping_status":"closed","template":"","meta":{"footnotes":""},"class_list":["post-2225","page","type-page","status-publish","hentry"],"yoast_head":"<!-- This site is optimized with the Yoast SEO plugin v27.4 - https:\/\/yoast.com\/product\/yoast-seo-wordpress\/ -->\n<title>L&#039;Europe de l&#039;Est - Inter Iberica<\/title>\n<meta name=\"robots\" content=\"index, follow, max-snippet:-1, max-image-preview:large, max-video-preview:-1\" \/>\n<link rel=\"canonical\" href=\"https:\/\/www.inter-iberica.com\/fr\/destinations\/leurope-de-lest\/\" \/>\n<meta property=\"og:locale\" content=\"fr_FR\" \/>\n<meta property=\"og:type\" content=\"article\" \/>\n<meta property=\"og:title\" content=\"L&#039;Europe de l&#039;Est - Inter Iberica\" \/>\n<meta property=\"og:description\" content=\"[vc_row][vc_column width=&#8221;1\/2&#8243;][cms_heading subtitle_color=&#8221;#f2193c&#8221; text=&#8221;Inter-Iberica s\u00b4occupe de tous les envois actuels, des chargements partiels et complets vers l\u00b4Europe de L\u00b4Est.&#8221; cms_template=&#8221;cms_heading&#8211;layout3.php&#8221;][\/vc_column][vc_column width=&#8221;1\/2&#8243;][vc_column_text] Inter-Iberica s\u00b4occupe de tous les envois actuels, des chargements partiels et complets vers l\u00b4Europe de L\u00b4Est.\u00a0Ce qui suit est possible: Transport des marchandises ADR, aussi en vrac et \u00e9ventuellement r\u00e9gl\u00e9 de temp\u00e9rature Transport frigorifique [&hellip;]\" \/>\n<meta property=\"og:url\" content=\"https:\/\/www.inter-iberica.com\/fr\/destinations\/leurope-de-lest\/\" \/>\n<meta property=\"og:site_name\" content=\"Inter Iberica\" \/>\n<meta property=\"article:modified_time\" content=\"2020-09-08T05:31:29+00:00\" \/>\n<meta name=\"twitter:card\" content=\"summary_large_image\" \/>\n<meta name=\"twitter:label1\" content=\"Dur\u00e9e de lecture estim\u00e9e\" \/>\n\t<meta name=\"twitter:data1\" content=\"2 minutes\" \/>\n<script type=\"application\/ld+json\" class=\"yoast-schema-graph\">{\"@context\":\"https:\\\/\\\/schema.org\",\"@graph\":[{\"@type\":\"WebPage\",\"@id\":\"https:\\\/\\\/www.inter-iberica.com\\\/fr\\\/destinations\\\/leurope-de-lest\\\/\",\"url\":\"https:\\\/\\\/www.inter-iberica.com\\\/fr\\\/destinations\\\/leurope-de-lest\\\/\",\"name\":\"L'Europe de l'Est - Inter Iberica\",\"isPartOf\":{\"@id\":\"https:\\\/\\\/www.inter-iberica.com\\\/#website\"},\"datePublished\":\"2020-01-30T14:36:10+00:00\",\"dateModified\":\"2020-09-08T05:31:29+00:00\",\"breadcrumb\":{\"@id\":\"https:\\\/\\\/www.inter-iberica.com\\\/fr\\\/destinations\\\/leurope-de-lest\\\/#breadcrumb\"},\"inLanguage\":\"fr-FR\",\"potentialAction\":[{\"@type\":\"ReadAction\",\"target\":[\"https:\\\/\\\/www.inter-iberica.com\\\/fr\\\/destinations\\\/leurope-de-lest\\\/\"]}]},{\"@type\":\"BreadcrumbList\",\"@id\":\"https:\\\/\\\/www.inter-iberica.com\\\/fr\\\/destinations\\\/leurope-de-lest\\\/#breadcrumb\",\"itemListElement\":[{\"@type\":\"ListItem\",\"position\":1,\"name\":\"Home\",\"item\":\"https:\\\/\\\/www.inter-iberica.com\\\/fr\\\/\"},{\"@type\":\"ListItem\",\"position\":2,\"name\":\"Destinations\",\"item\":\"https:\\\/\\\/www.inter-iberica.com\\\/fr\\\/destinations\\\/\"},{\"@type\":\"ListItem\",\"position\":3,\"name\":\"L&#8217;Europe de l&#8217;Est\"}]},{\"@type\":\"WebSite\",\"@id\":\"https:\\\/\\\/www.inter-iberica.com\\\/#website\",\"url\":\"https:\\\/\\\/www.inter-iberica.com\\\/\",\"name\":\"Inter Iberica\",\"description\":\"\",\"potentialAction\":[{\"@type\":\"SearchAction\",\"target\":{\"@type\":\"EntryPoint\",\"urlTemplate\":\"https:\\\/\\\/www.inter-iberica.com\\\/?s={search_term_string}\"},\"query-input\":{\"@type\":\"PropertyValueSpecification\",\"valueRequired\":true,\"valueName\":\"search_term_string\"}}],\"inLanguage\":\"fr-FR\"}]}<\/script>\n<!-- \/ Yoast SEO plugin. -->","yoast_head_json":{"title":"L'Europe de l'Est - Inter Iberica","robots":{"index":"index","follow":"follow","max-snippet":"max-snippet:-1","max-image-preview":"max-image-preview:large","max-video-preview":"max-video-preview:-1"},"canonical":"https:\/\/www.inter-iberica.com\/fr\/destinations\/leurope-de-lest\/","og_locale":"fr_FR","og_type":"article","og_title":"L'Europe de l'Est - Inter Iberica","og_description":"[vc_row][vc_column width=&#8221;1\/2&#8243;][cms_heading subtitle_color=&#8221;#f2193c&#8221; text=&#8221;Inter-Iberica s\u00b4occupe de tous les envois actuels, des chargements partiels et complets vers l\u00b4Europe de L\u00b4Est.&#8221; cms_template=&#8221;cms_heading&#8211;layout3.php&#8221;][\/vc_column][vc_column width=&#8221;1\/2&#8243;][vc_column_text] Inter-Iberica s\u00b4occupe de tous les envois actuels, des chargements partiels et complets vers l\u00b4Europe de L\u00b4Est.\u00a0Ce qui suit est possible: Transport des marchandises ADR, aussi en vrac et \u00e9ventuellement r\u00e9gl\u00e9 de temp\u00e9rature Transport frigorifique [&hellip;]","og_url":"https:\/\/www.inter-iberica.com\/fr\/destinations\/leurope-de-lest\/","og_site_name":"Inter Iberica","article_modified_time":"2020-09-08T05:31:29+00:00","twitter_card":"summary_large_image","twitter_misc":{"Dur\u00e9e de lecture estim\u00e9e":"2 minutes"},"schema":{"@context":"https:\/\/schema.org","@graph":[{"@type":"WebPage","@id":"https:\/\/www.inter-iberica.com\/fr\/destinations\/leurope-de-lest\/","url":"https:\/\/www.inter-iberica.com\/fr\/destinations\/leurope-de-lest\/","name":"L'Europe de l'Est - Inter Iberica","isPartOf":{"@id":"https:\/\/www.inter-iberica.com\/#website"},"datePublished":"2020-01-30T14:36:10+00:00","dateModified":"2020-09-08T05:31:29+00:00","breadcrumb":{"@id":"https:\/\/www.inter-iberica.com\/fr\/destinations\/leurope-de-lest\/#breadcrumb"},"inLanguage":"fr-FR","potentialAction":[{"@type":"ReadAction","target":["https:\/\/www.inter-iberica.com\/fr\/destinations\/leurope-de-lest\/"]}]},{"@type":"BreadcrumbList","@id":"https:\/\/www.inter-iberica.com\/fr\/destinations\/leurope-de-lest\/#breadcrumb","itemListElement":[{"@type":"ListItem","position":1,"name":"Home","item":"https:\/\/www.inter-iberica.com\/fr\/"},{"@type":"ListItem","position":2,"name":"Destinations","item":"https:\/\/www.inter-iberica.com\/fr\/destinations\/"},{"@type":"ListItem","position":3,"name":"L&#8217;Europe de l&#8217;Est"}]},{"@type":"WebSite","@id":"https:\/\/www.inter-iberica.com\/#website","url":"https:\/\/www.inter-iberica.com\/","name":"Inter Iberica","description":"","potentialAction":[{"@type":"SearchAction","target":{"@type":"EntryPoint","urlTemplate":"https:\/\/www.inter-iberica.com\/?s={search_term_string}"},"query-input":{"@type":"PropertyValueSpecification","valueRequired":true,"valueName":"search_term_string"}}],"inLanguage":"fr-FR"}]}},"_links":{"self":[{"href":"https:\/\/www.inter-iberica.com\/fr\/wp-json\/wp\/v2\/pages\/2225","targetHints":{"allow":["GET"]}}],"collection":[{"href":"https:\/\/www.inter-iberica.com\/fr\/wp-json\/wp\/v2\/pages"}],"about":[{"href":"https:\/\/www.inter-iberica.com\/fr\/wp-json\/wp\/v2\/types\/page"}],"author":[{"embeddable":true,"href":"https:\/\/www.inter-iberica.com\/fr\/wp-json\/wp\/v2\/users\/3"}],"replies":[{"embeddable":true,"href":"https:\/\/www.inter-iberica.com\/fr\/wp-json\/wp\/v2\/comments?post=2225"}],"version-history":[{"count":7,"href":"https:\/\/www.inter-iberica.com\/fr\/wp-json\/wp\/v2\/pages\/2225\/revisions"}],"predecessor-version":[{"id":3379,"href":"https:\/\/www.inter-iberica.com\/fr\/wp-json\/wp\/v2\/pages\/2225\/revisions\/3379"}],"up":[{"embeddable":true,"href":"https:\/\/www.inter-iberica.com\/fr\/wp-json\/wp\/v2\/pages\/2197"}],"wp:attachment":[{"href":"https:\/\/www.inter-iberica.com\/fr\/wp-json\/wp\/v2\/media?parent=2225"}],"curies":[{"name":"wp","href":"https:\/\/api.w.org\/{rel}","templated":true}]}}

<div class="wpb-content-wrapper"><p>[vc_row][vc_column width=&#8221;1/2&#8243;][cms_heading subtitle_color=&#8221;#f2193c&#8221; text=&#8221;Inter-Iberica s´occupe de tous les envois actuels, des chargements partiels et complets vers l´Europe de L´Est.&#8221; cms_template=&#8221;cms_heading&#8211;layout3.php&#8221;][/vc_column][vc_column width=&#8221;1/2&#8243;][vc_column_text]</p>
<div><strong>Inter-Iberica s´occupe de tous les envois actuels, des chargements partiels et complets vers l´Europe de L´Est. </strong><strong>Ce qui suit est possible:</strong></div>
<div></div>
<ul>
<li>Transport des marchandises ADR, aussi en vrac et éventuellement réglé de température</li>
<li>Transport frigorifique en vrac</li>
<li>Transport de viande, pendaison</li>
<li>Transport de double stock</li>
<li>Transport des marchandises de haute qualité</li>
<li>Transport de prêt-à-porter</li>
<li>Transport multitemp</li>
</ul>
<p>[/vc_column_text][/vc_column][/vc_row][vc_row][vc_column][vc_column_text]<strong>Il s´agit de destinations suivantes:</strong>[/vc_column_text][vc_row_inner][vc_column_inner width=&#8221;1/2&#8243;][cms_list cms_list=&#8221;%5B%7B%22cms_list_item%22%3A%22La%20Roumanie%22%2C%22cms_list_link%22%3A%22%7C%7C%7C%22%7D%2C%7B%22cms_list_item%22%3A%22La%20Bulgarie%22%2C%22cms_list_link%22%3A%22%7C%7C%7C%22%7D%2C%7B%22cms_list_item%22%3A%22La%20Turquie%22%2C%22cms_list_link%22%3A%22%7C%7C%7C%22%7D%2C%7B%22cms_list_item%22%3A%22La%20Gr%C3%A8ce%22%2C%22cms_list_link%22%3A%22%7C%7C%7C%22%7D%2C%7B%22cms_list_item%22%3A%22L%C2%B4Albanie%22%7D%2C%7B%22cms_list_item%22%3A%22La%20Mac%C3%A9doine%22%7D%2C%7B%22cms_list_item%22%3A%22L%C2%B4Iran%22%7D%2C%7B%22cms_list_item%22%3A%22L%C2%B4Iraq%20du%20Nord%22%7D%2C%7B%22cms_list_item%22%3A%22Le%20Kazachstan%22%7D%2C%7B%22cms_list_item%22%3A%22L%C2%B4Uzb%C3%A9kistan%22%7D%5D&#8221; icon_list=&#8221;materialdesign&#8221; icon_material=&#8221;zmdi zmdi-pin&#8221;][/vc_column_inner][vc_column_inner width=&#8221;1/2&#8243;][cms_list cms_list=&#8221;%5B%7B%22cms_list_item%22%3A%22L%C2%B4Azarbaycan%22%2C%22cms_list_link%22%3A%22%7C%7C%7C%22%7D%2C%7B%22cms_list_item%22%3A%22Le%20Turcm%C3%A9nistan%22%2C%22cms_list_link%22%3A%22%7C%7C%7C%22%7D%2C%7B%22cms_list_item%22%3A%22La%20G%C3%A9orgie%20%22%2C%22cms_list_link%22%3A%22%7C%7C%7C%22%7D%2C%7B%22cms_list_item%22%3A%22La%20Moldavie%22%7D%2C%7B%22cms_list_item%22%3A%22Le%20Chypre%22%7D%2C%7B%22cms_list_item%22%3A%22L%C2%B4Arabie%20Saoudite%22%7D%2C%7B%22cms_list_item%22%3A%22Les%20%C3%89mirats%20%C3%A1rabes%20Unis%22%7D%5D&#8221; icon_list=&#8221;materialdesign&#8221; icon_material=&#8221;zmdi zmdi-pin&#8221;][/vc_column_inner][/vc_row_inner][/vc_column][/vc_row][vc_row][vc_column][vc_empty_space][/vc_column][/vc_row]</p>
</div>

<p>[vc_row][vc_column width=&#8221;1/2&#8243;][cms_heading subtitle_color=&#8221;#f2193c&#8221; text=&#8221;Inter-Iberica s´occupe de tous les envois actuels, des chargements partiels et complets vers l´Europe de L´Est.&#8221; cms_template=&#8221;cms_heading&#8211;layout3.php&#8221;][/vc_column][vc_column width=&#8221;1/2&#8243;][vc_column_text] Inter-Iberica s´occupe de tous les envois actuels, des chargements partiels et complets vers l´Europe de L´Est. Ce qui suit est possible: Transport des marchandises ADR, aussi en vrac et éventuellement réglé de température Transport frigorifique [&hellip;]</p>

<!-- This site is optimized with the Yoast SEO plugin v27.4 - https://yoast.com/product/yoast-seo-wordpress/ -->
<title>L&#039;Europe de l&#039;Est - Inter Iberica</title>
<meta name="robots" content="index, follow, max-snippet:-1, max-image-preview:large, max-video-preview:-1" />
<link rel="canonical" href="https://www.inter-iberica.com/fr/destinations/leurope-de-lest/" />
<meta property="og:locale" content="fr_FR" />
<meta property="og:type" content="article" />
<meta property="og:title" content="L&#039;Europe de l&#039;Est - Inter Iberica" />
<meta property="og:description" content="[vc_row][vc_column width=&#8221;1/2&#8243;][cms_heading subtitle_color=&#8221;#f2193c&#8221; text=&#8221;Inter-Iberica s´occupe de tous les envois actuels, des chargements partiels et complets vers l´Europe de L´Est.&#8221; cms_template=&#8221;cms_heading&#8211;layout3.php&#8221;][/vc_column][vc_column width=&#8221;1/2&#8243;][vc_column_text] Inter-Iberica s´occupe de tous les envois actuels, des chargements partiels et complets vers l´Europe de L´Est. Ce qui suit est possible: Transport des marchandises ADR, aussi en vrac et éventuellement réglé de température Transport frigorifique [&hellip;]" />
<meta property="og:url" content="https://www.inter-iberica.com/fr/destinations/leurope-de-lest/" />
<meta property="og:site_name" content="Inter Iberica" />
<meta property="article:modified_time" content="2020-09-08T05:31:29+00:00" />
<meta name="twitter:card" content="summary_large_image" />
<meta name="twitter:label1" content="Durée de lecture estimée" />
	<meta name="twitter:data1" content="2 minutes" />
<script type="application/ld+json" class="yoast-schema-graph">{"@context":"https:\/\/schema.org","@graph":[{"@type":"WebPage","@id":"https:\/\/www.inter-iberica.com\/fr\/destinations\/leurope-de-lest\/","url":"https:\/\/www.inter-iberica.com\/fr\/destinations\/leurope-de-lest\/","name":"L'Europe de l'Est - Inter Iberica","isPartOf":{"@id":"https:\/\/www.inter-iberica.com\/#website"},"datePublished":"2020-01-30T14:36:10+00:00","dateModified":"2020-09-08T05:31:29+00:00","breadcrumb":{"@id":"https:\/\/www.inter-iberica.com\/fr\/destinations\/leurope-de-lest\/#breadcrumb"},"inLanguage":"fr-FR","potentialAction":[{"@type":"ReadAction","target":["https:\/\/www.inter-iberica.com\/fr\/destinations\/leurope-de-lest\/"]}]},{"@type":"BreadcrumbList","@id":"https:\/\/www.inter-iberica.com\/fr\/destinations\/leurope-de-lest\/#breadcrumb","itemListElement":[{"@type":"ListItem","position":1,"name":"Home","item":"https:\/\/www.inter-iberica.com\/fr\/"},{"@type":"ListItem","position":2,"name":"Destinations","item":"https:\/\/www.inter-iberica.com\/fr\/destinations\/"},{"@type":"ListItem","position":3,"name":"L&#8217;Europe de l&#8217;Est"}]},{"@type":"WebSite","@id":"https:\/\/www.inter-iberica.com\/#website","url":"https:\/\/www.inter-iberica.com\/","name":"Inter Iberica","description":"","potentialAction":[{"@type":"SearchAction","target":{"@type":"EntryPoint","urlTemplate":"https:\/\/www.inter-iberica.com\/?s={search_term_string}"},"query-input":{"@type":"PropertyValueSpecification","valueRequired":true,"valueName":"search_term_string"}}],"inLanguage":"fr-FR"}]}</script>
<!-- / Yoast SEO plugin. -->

[vc_row][vc_column width=&#8221;1/2&#8243;][cms_heading subtitle_color=&#8221;#f2193c&#8221; text=&#8221;Inter-Iberica s´occupe de tous les envois actuels, des chargements partiels et complets vers l´Europe de L´Est.&#8221; cms_template=&#8221;cms_heading&#8211;layout3.php&#8221;][/vc_column][vc_column width=&#8221;1/2&#8243;][vc_column_text] Inter-Iberica s´occupe de tous les envois actuels, des chargements partiels et complets vers l´Europe de L´Est. Ce qui suit est possible: Transport des marchandises ADR, aussi en vrac et éventuellement réglé de température Transport frigorifique [&hellip;]
