{"id":2175,"date":"2020-04-30T11:06:35","date_gmt":"2020-04-30T11:06:35","guid":{"rendered":"https:\/\/www.inter-iberica.com\/services\/vervoer-gevaarlijke-stoffen-adr\/"},"modified":"2020-08-26T16:41:46","modified_gmt":"2020-08-26T16:41:46","slug":"transport-des-substances-dangereuses-adr","status":"publish","type":"page","link":"https:\/\/www.inter-iberica.com\/fr\/services\/transport-des-substances-dangereuses-adr\/","title":{"rendered":"Transport des substances dangereuses (ADR)"},"content":{"rendered":"<div class=\"wpb-content-wrapper\"><p>[vc_row][vc_column css=&#8221;.vc_custom_1552704895602{margin-top: -5px !important;}&#8221;][cms_heading text=&#8221;Transport des substances dangereuses (ADR)&#8221; tag=&#8221;h4&#8243; text_color=&#8221;#222222&#8243; cms_template=&#8221;cms_heading.php&#8221;][vc_column_text css=&#8221;.vc_custom_1594504630962{margin-bottom: 22px !important;}&#8221;]Inter-Iberica dispose de tous les certificats et moyens et de toute l\u00b4expertise pour le transport ADR. Ainsi nous pouvons vous \u00eatre \u00e9galement utiles pour le transport de vos substances chimiques et dangereuses. Tous les camions sont equip\u00e9s pour le transport ADR, de sorte que vous b\u00e9n\u00e9ficiez de notre polyvalence pour votre transport ADR. Nos chauffeurs et le personnel de soutien sont tout \u00e0 fait au courant des documents n\u00e9cessaires et des exigences de s\u00e9curit\u00e9 les plus r\u00e9centes.[\/vc_column_text][\/vc_column][\/vc_row]<\/p>\n<\/div>","protected":false},"excerpt":{"rendered":"<p>[vc_row][vc_column css=&#8221;.vc_custom_1552704895602{margin-top: -5px !important;}&#8221;][cms_heading text=&#8221;Transport des substances dangereuses (ADR)&#8221; tag=&#8221;h4&#8243; text_color=&#8221;#222222&#8243; cms_template=&#8221;cms_heading.php&#8221;][vc_column_text css=&#8221;.vc_custom_1594504630962{margin-bottom: 22px !important;}&#8221;]Inter-Iberica dispose de tous les certificats et moyens et de toute l\u00b4expertise pour le transport ADR. Ainsi nous pouvons vous \u00eatre \u00e9galement utiles pour le transport de vos substances chimiques et dangereuses. Tous les camions sont equip\u00e9s pour le transport ADR, [&hellip;]<\/p>\n","protected":false},"author":3,"featured_media":0,"parent":2113,"menu_order":0,"comment_status":"closed","ping_status":"closed","template":"","meta":{"footnotes":""},"class_list":["post-2175","page","type-page","status-publish","hentry"],"yoast_head":"<!-- This site is optimized with the Yoast SEO plugin v27.4 - https:\/\/yoast.com\/product\/yoast-seo-wordpress\/ -->\n<title>Transport des substances dangereuses (ADR) - Inter Iberica<\/title>\n<meta name=\"robots\" content=\"index, follow, max-snippet:-1, max-image-preview:large, max-video-preview:-1\" \/>\n<link rel=\"canonical\" href=\"https:\/\/www.inter-iberica.com\/fr\/services\/transport-des-substances-dangereuses-adr\/\" \/>\n<meta property=\"og:locale\" content=\"fr_FR\" \/>\n<meta property=\"og:type\" content=\"article\" \/>\n<meta property=\"og:title\" content=\"Transport des substances dangereuses (ADR) - Inter Iberica\" \/>\n<meta property=\"og:description\" content=\"[vc_row][vc_column css=&#8221;.vc_custom_1552704895602{margin-top: -5px !important;}&#8221;][cms_heading text=&#8221;Transport des substances dangereuses (ADR)&#8221; tag=&#8221;h4&#8243; text_color=&#8221;#222222&#8243; cms_template=&#8221;cms_heading.php&#8221;][vc_column_text css=&#8221;.vc_custom_1594504630962{margin-bottom: 22px !important;}&#8221;]Inter-Iberica dispose de tous les certificats et moyens et de toute l\u00b4expertise pour le transport ADR. Ainsi nous pouvons vous \u00eatre \u00e9galement utiles pour le transport de vos substances chimiques et dangereuses. Tous les camions sont equip\u00e9s pour le transport ADR, [&hellip;]\" \/>\n<meta property=\"og:url\" content=\"https:\/\/www.inter-iberica.com\/fr\/services\/transport-des-substances-dangereuses-adr\/\" \/>\n<meta property=\"og:site_name\" content=\"Inter Iberica\" \/>\n<meta property=\"article:modified_time\" content=\"2020-08-26T16:41:46+00:00\" \/>\n<meta name=\"twitter:card\" content=\"summary_large_image\" \/>\n<meta name=\"twitter:label1\" content=\"Dur\u00e9e de lecture estim\u00e9e\" \/>\n\t<meta name=\"twitter:data1\" content=\"1 minute\" \/>\n<script type=\"application\/ld+json\" class=\"yoast-schema-graph\">{\"@context\":\"https:\\\/\\\/schema.org\",\"@graph\":[{\"@type\":\"WebPage\",\"@id\":\"https:\\\/\\\/www.inter-iberica.com\\\/fr\\\/services\\\/transport-des-substances-dangereuses-adr\\\/\",\"url\":\"https:\\\/\\\/www.inter-iberica.com\\\/fr\\\/services\\\/transport-des-substances-dangereuses-adr\\\/\",\"name\":\"Transport des substances dangereuses (ADR) - Inter Iberica\",\"isPartOf\":{\"@id\":\"https:\\\/\\\/www.inter-iberica.com\\\/#website\"},\"datePublished\":\"2020-04-30T11:06:35+00:00\",\"dateModified\":\"2020-08-26T16:41:46+00:00\",\"breadcrumb\":{\"@id\":\"https:\\\/\\\/www.inter-iberica.com\\\/fr\\\/services\\\/transport-des-substances-dangereuses-adr\\\/#breadcrumb\"},\"inLanguage\":\"fr-FR\",\"potentialAction\":[{\"@type\":\"ReadAction\",\"target\":[\"https:\\\/\\\/www.inter-iberica.com\\\/fr\\\/services\\\/transport-des-substances-dangereuses-adr\\\/\"]}]},{\"@type\":\"BreadcrumbList\",\"@id\":\"https:\\\/\\\/www.inter-iberica.com\\\/fr\\\/services\\\/transport-des-substances-dangereuses-adr\\\/#breadcrumb\",\"itemListElement\":[{\"@type\":\"ListItem\",\"position\":1,\"name\":\"Home\",\"item\":\"https:\\\/\\\/www.inter-iberica.com\\\/fr\\\/\"},{\"@type\":\"ListItem\",\"position\":2,\"name\":\"Services\",\"item\":\"https:\\\/\\\/www.inter-iberica.com\\\/fr\\\/services\\\/\"},{\"@type\":\"ListItem\",\"position\":3,\"name\":\"Transport des substances dangereuses (ADR)\"}]},{\"@type\":\"WebSite\",\"@id\":\"https:\\\/\\\/www.inter-iberica.com\\\/#website\",\"url\":\"https:\\\/\\\/www.inter-iberica.com\\\/\",\"name\":\"Inter Iberica\",\"description\":\"\",\"potentialAction\":[{\"@type\":\"SearchAction\",\"target\":{\"@type\":\"EntryPoint\",\"urlTemplate\":\"https:\\\/\\\/www.inter-iberica.com\\\/?s={search_term_string}\"},\"query-input\":{\"@type\":\"PropertyValueSpecification\",\"valueRequired\":true,\"valueName\":\"search_term_string\"}}],\"inLanguage\":\"fr-FR\"}]}<\/script>\n<!-- \/ Yoast SEO plugin. -->","yoast_head_json":{"title":"Transport des substances dangereuses (ADR) - Inter Iberica","robots":{"index":"index","follow":"follow","max-snippet":"max-snippet:-1","max-image-preview":"max-image-preview:large","max-video-preview":"max-video-preview:-1"},"canonical":"https:\/\/www.inter-iberica.com\/fr\/services\/transport-des-substances-dangereuses-adr\/","og_locale":"fr_FR","og_type":"article","og_title":"Transport des substances dangereuses (ADR) - Inter Iberica","og_description":"[vc_row][vc_column css=&#8221;.vc_custom_1552704895602{margin-top: -5px !important;}&#8221;][cms_heading text=&#8221;Transport des substances dangereuses (ADR)&#8221; tag=&#8221;h4&#8243; text_color=&#8221;#222222&#8243; cms_template=&#8221;cms_heading.php&#8221;][vc_column_text css=&#8221;.vc_custom_1594504630962{margin-bottom: 22px !important;}&#8221;]Inter-Iberica dispose de tous les certificats et moyens et de toute l\u00b4expertise pour le transport ADR. Ainsi nous pouvons vous \u00eatre \u00e9galement utiles pour le transport de vos substances chimiques et dangereuses. Tous les camions sont equip\u00e9s pour le transport ADR, [&hellip;]","og_url":"https:\/\/www.inter-iberica.com\/fr\/services\/transport-des-substances-dangereuses-adr\/","og_site_name":"Inter Iberica","article_modified_time":"2020-08-26T16:41:46+00:00","twitter_card":"summary_large_image","twitter_misc":{"Dur\u00e9e de lecture estim\u00e9e":"1 minute"},"schema":{"@context":"https:\/\/schema.org","@graph":[{"@type":"WebPage","@id":"https:\/\/www.inter-iberica.com\/fr\/services\/transport-des-substances-dangereuses-adr\/","url":"https:\/\/www.inter-iberica.com\/fr\/services\/transport-des-substances-dangereuses-adr\/","name":"Transport des substances dangereuses (ADR) - Inter Iberica","isPartOf":{"@id":"https:\/\/www.inter-iberica.com\/#website"},"datePublished":"2020-04-30T11:06:35+00:00","dateModified":"2020-08-26T16:41:46+00:00","breadcrumb":{"@id":"https:\/\/www.inter-iberica.com\/fr\/services\/transport-des-substances-dangereuses-adr\/#breadcrumb"},"inLanguage":"fr-FR","potentialAction":[{"@type":"ReadAction","target":["https:\/\/www.inter-iberica.com\/fr\/services\/transport-des-substances-dangereuses-adr\/"]}]},{"@type":"BreadcrumbList","@id":"https:\/\/www.inter-iberica.com\/fr\/services\/transport-des-substances-dangereuses-adr\/#breadcrumb","itemListElement":[{"@type":"ListItem","position":1,"name":"Home","item":"https:\/\/www.inter-iberica.com\/fr\/"},{"@type":"ListItem","position":2,"name":"Services","item":"https:\/\/www.inter-iberica.com\/fr\/services\/"},{"@type":"ListItem","position":3,"name":"Transport des substances dangereuses (ADR)"}]},{"@type":"WebSite","@id":"https:\/\/www.inter-iberica.com\/#website","url":"https:\/\/www.inter-iberica.com\/","name":"Inter Iberica","description":"","potentialAction":[{"@type":"SearchAction","target":{"@type":"EntryPoint","urlTemplate":"https:\/\/www.inter-iberica.com\/?s={search_term_string}"},"query-input":{"@type":"PropertyValueSpecification","valueRequired":true,"valueName":"search_term_string"}}],"inLanguage":"fr-FR"}]}},"_links":{"self":[{"href":"https:\/\/www.inter-iberica.com\/fr\/wp-json\/wp\/v2\/pages\/2175","targetHints":{"allow":["GET"]}}],"collection":[{"href":"https:\/\/www.inter-iberica.com\/fr\/wp-json\/wp\/v2\/pages"}],"about":[{"href":"https:\/\/www.inter-iberica.com\/fr\/wp-json\/wp\/v2\/types\/page"}],"author":[{"embeddable":true,"href":"https:\/\/www.inter-iberica.com\/fr\/wp-json\/wp\/v2\/users\/3"}],"replies":[{"embeddable":true,"href":"https:\/\/www.inter-iberica.com\/fr\/wp-json\/wp\/v2\/comments?post=2175"}],"version-history":[{"count":3,"href":"https:\/\/www.inter-iberica.com\/fr\/wp-json\/wp\/v2\/pages\/2175\/revisions"}],"predecessor-version":[{"id":3311,"href":"https:\/\/www.inter-iberica.com\/fr\/wp-json\/wp\/v2\/pages\/2175\/revisions\/3311"}],"up":[{"embeddable":true,"href":"https:\/\/www.inter-iberica.com\/fr\/wp-json\/wp\/v2\/pages\/2113"}],"wp:attachment":[{"href":"https:\/\/www.inter-iberica.com\/fr\/wp-json\/wp\/v2\/media?parent=2175"}],"curies":[{"name":"wp","href":"https:\/\/api.w.org\/{rel}","templated":true}]}}

<div class="wpb-content-wrapper"><p>[vc_row][vc_column css=&#8221;.vc_custom_1552704895602{margin-top: -5px !important;}&#8221;][cms_heading text=&#8221;Transport des substances dangereuses (ADR)&#8221; tag=&#8221;h4&#8243; text_color=&#8221;#222222&#8243; cms_template=&#8221;cms_heading.php&#8221;][vc_column_text css=&#8221;.vc_custom_1594504630962{margin-bottom: 22px !important;}&#8221;]Inter-Iberica dispose de tous les certificats et moyens et de toute l´expertise pour le transport ADR. Ainsi nous pouvons vous être également utiles pour le transport de vos substances chimiques et dangereuses. Tous les camions sont equipés pour le transport ADR, de sorte que vous bénéficiez de notre polyvalence pour votre transport ADR. Nos chauffeurs et le personnel de soutien sont tout à fait au courant des documents nécessaires et des exigences de sécurité les plus récentes.[/vc_column_text][/vc_column][/vc_row]</p>
</div>

<p>[vc_row][vc_column css=&#8221;.vc_custom_1552704895602{margin-top: -5px !important;}&#8221;][cms_heading text=&#8221;Transport des substances dangereuses (ADR)&#8221; tag=&#8221;h4&#8243; text_color=&#8221;#222222&#8243; cms_template=&#8221;cms_heading.php&#8221;][vc_column_text css=&#8221;.vc_custom_1594504630962{margin-bottom: 22px !important;}&#8221;]Inter-Iberica dispose de tous les certificats et moyens et de toute l´expertise pour le transport ADR. Ainsi nous pouvons vous être également utiles pour le transport de vos substances chimiques et dangereuses. Tous les camions sont equipés pour le transport ADR, [&hellip;]</p>

<!-- This site is optimized with the Yoast SEO plugin v27.4 - https://yoast.com/product/yoast-seo-wordpress/ -->
<title>Transport des substances dangereuses (ADR) - Inter Iberica</title>
<meta name="robots" content="index, follow, max-snippet:-1, max-image-preview:large, max-video-preview:-1" />
<link rel="canonical" href="https://www.inter-iberica.com/fr/services/transport-des-substances-dangereuses-adr/" />
<meta property="og:locale" content="fr_FR" />
<meta property="og:type" content="article" />
<meta property="og:title" content="Transport des substances dangereuses (ADR) - Inter Iberica" />
<meta property="og:description" content="[vc_row][vc_column css=&#8221;.vc_custom_1552704895602{margin-top: -5px !important;}&#8221;][cms_heading text=&#8221;Transport des substances dangereuses (ADR)&#8221; tag=&#8221;h4&#8243; text_color=&#8221;#222222&#8243; cms_template=&#8221;cms_heading.php&#8221;][vc_column_text css=&#8221;.vc_custom_1594504630962{margin-bottom: 22px !important;}&#8221;]Inter-Iberica dispose de tous les certificats et moyens et de toute l´expertise pour le transport ADR. Ainsi nous pouvons vous être également utiles pour le transport de vos substances chimiques et dangereuses. Tous les camions sont equipés pour le transport ADR, [&hellip;]" />
<meta property="og:url" content="https://www.inter-iberica.com/fr/services/transport-des-substances-dangereuses-adr/" />
<meta property="og:site_name" content="Inter Iberica" />
<meta property="article:modified_time" content="2020-08-26T16:41:46+00:00" />
<meta name="twitter:card" content="summary_large_image" />
<meta name="twitter:label1" content="Durée de lecture estimée" />
	<meta name="twitter:data1" content="1 minute" />
<script type="application/ld+json" class="yoast-schema-graph">{"@context":"https:\/\/schema.org","@graph":[{"@type":"WebPage","@id":"https:\/\/www.inter-iberica.com\/fr\/services\/transport-des-substances-dangereuses-adr\/","url":"https:\/\/www.inter-iberica.com\/fr\/services\/transport-des-substances-dangereuses-adr\/","name":"Transport des substances dangereuses (ADR) - Inter Iberica","isPartOf":{"@id":"https:\/\/www.inter-iberica.com\/#website"},"datePublished":"2020-04-30T11:06:35+00:00","dateModified":"2020-08-26T16:41:46+00:00","breadcrumb":{"@id":"https:\/\/www.inter-iberica.com\/fr\/services\/transport-des-substances-dangereuses-adr\/#breadcrumb"},"inLanguage":"fr-FR","potentialAction":[{"@type":"ReadAction","target":["https:\/\/www.inter-iberica.com\/fr\/services\/transport-des-substances-dangereuses-adr\/"]}]},{"@type":"BreadcrumbList","@id":"https:\/\/www.inter-iberica.com\/fr\/services\/transport-des-substances-dangereuses-adr\/#breadcrumb","itemListElement":[{"@type":"ListItem","position":1,"name":"Home","item":"https:\/\/www.inter-iberica.com\/fr\/"},{"@type":"ListItem","position":2,"name":"Services","item":"https:\/\/www.inter-iberica.com\/fr\/services\/"},{"@type":"ListItem","position":3,"name":"Transport des substances dangereuses (ADR)"}]},{"@type":"WebSite","@id":"https:\/\/www.inter-iberica.com\/#website","url":"https:\/\/www.inter-iberica.com\/","name":"Inter Iberica","description":"","potentialAction":[{"@type":"SearchAction","target":{"@type":"EntryPoint","urlTemplate":"https:\/\/www.inter-iberica.com\/?s={search_term_string}"},"query-input":{"@type":"PropertyValueSpecification","valueRequired":true,"valueName":"search_term_string"}}],"inLanguage":"fr-FR"}]}</script>
<!-- / Yoast SEO plugin. -->

[vc_row][vc_column css=&#8221;.vc_custom_1552704895602{margin-top: -5px !important;}&#8221;][cms_heading text=&#8221;Transport des substances dangereuses (ADR)&#8221; tag=&#8221;h4&#8243; text_color=&#8221;#222222&#8243; cms_template=&#8221;cms_heading.php&#8221;][vc_column_text css=&#8221;.vc_custom_1594504630962{margin-bottom: 22px !important;}&#8221;]Inter-Iberica dispose de tous les certificats et moyens et de toute l´expertise pour le transport ADR. Ainsi nous pouvons vous être également utiles pour le transport de vos substances chimiques et dangereuses. Tous les camions sont equipés pour le transport ADR, [&hellip;]
