{"id":2149,"date":"2020-04-30T09:46:06","date_gmt":"2020-04-30T09:46:06","guid":{"rendered":"https:\/\/www.inter-iberica.com\/services\/machinetransport\/"},"modified":"2020-09-08T10:35:15","modified_gmt":"2020-09-08T10:35:15","slug":"transport-de-machines","status":"publish","type":"page","link":"https:\/\/www.inter-iberica.com\/fr\/services\/transport-de-machines\/","title":{"rendered":"Transport de machines"},"content":{"rendered":"<div class=\"wpb-content-wrapper\"><p>[vc_row][vc_column css=&#8221;.vc_custom_1552704895602{margin-top: -5px !important;}&#8221;][cms_heading text=&#8221;Transport de machines&#8221; tag=&#8221;h4&#8243; text_color=&#8221;#222222&#8243; cms_template=&#8221;cms_heading.php&#8221;][vc_column_text css=&#8221;.vc_custom_1594503309778{margin-bottom: 22px !important;}&#8221;]Transport y compris le chargement, le d\u00e9chargement et le positionnement d\u00b4une ou plusieurs machines et\/ou un parc complet de machines sera effectu\u00e9 par nos soins \u00e0 l\u00b4aide de nos v\u00e9hicules sp\u00e9ciaux.\u00a0Nous vous garantissons des solutions logistiques compl\u00e8tes ce qui aboutissent au transport s\u00e9curitaire et efficace de vos pr\u00e9cieuses machines sans perte de qualit\u00e9.[\/vc_column_text][\/vc_column][\/vc_row]<\/p>\n<\/div>","protected":false},"excerpt":{"rendered":"<p>[vc_row][vc_column css=&#8221;.vc_custom_1552704895602{margin-top: -5px !important;}&#8221;][cms_heading text=&#8221;Transport de machines&#8221; tag=&#8221;h4&#8243; text_color=&#8221;#222222&#8243; cms_template=&#8221;cms_heading.php&#8221;][vc_column_text css=&#8221;.vc_custom_1594503309778{margin-bottom: 22px !important;}&#8221;]Transport y compris le chargement, le d\u00e9chargement et le positionnement d\u00b4une ou plusieurs machines et\/ou un parc complet de machines sera effectu\u00e9 par nos soins \u00e0 l\u00b4aide de nos v\u00e9hicules sp\u00e9ciaux.\u00a0Nous vous garantissons des solutions logistiques compl\u00e8tes ce qui aboutissent au transport s\u00e9curitaire [&hellip;]<\/p>\n","protected":false},"author":3,"featured_media":0,"parent":2113,"menu_order":0,"comment_status":"closed","ping_status":"closed","template":"","meta":{"footnotes":""},"class_list":["post-2149","page","type-page","status-publish","hentry"],"yoast_head":"<!-- This site is optimized with the Yoast SEO plugin v27.4 - https:\/\/yoast.com\/product\/yoast-seo-wordpress\/ -->\n<title>Transport de machines - Inter Iberica<\/title>\n<meta name=\"robots\" content=\"index, follow, max-snippet:-1, max-image-preview:large, max-video-preview:-1\" \/>\n<link rel=\"canonical\" href=\"https:\/\/www.inter-iberica.com\/fr\/services\/transport-de-machines\/\" \/>\n<meta property=\"og:locale\" content=\"fr_FR\" \/>\n<meta property=\"og:type\" content=\"article\" \/>\n<meta property=\"og:title\" content=\"Transport de machines - Inter Iberica\" \/>\n<meta property=\"og:description\" content=\"[vc_row][vc_column css=&#8221;.vc_custom_1552704895602{margin-top: -5px !important;}&#8221;][cms_heading text=&#8221;Transport de machines&#8221; tag=&#8221;h4&#8243; text_color=&#8221;#222222&#8243; cms_template=&#8221;cms_heading.php&#8221;][vc_column_text css=&#8221;.vc_custom_1594503309778{margin-bottom: 22px !important;}&#8221;]Transport y compris le chargement, le d\u00e9chargement et le positionnement d\u00b4une ou plusieurs machines et\/ou un parc complet de machines sera effectu\u00e9 par nos soins \u00e0 l\u00b4aide de nos v\u00e9hicules sp\u00e9ciaux.\u00a0Nous vous garantissons des solutions logistiques compl\u00e8tes ce qui aboutissent au transport s\u00e9curitaire [&hellip;]\" \/>\n<meta property=\"og:url\" content=\"https:\/\/www.inter-iberica.com\/fr\/services\/transport-de-machines\/\" \/>\n<meta property=\"og:site_name\" content=\"Inter Iberica\" \/>\n<meta property=\"article:modified_time\" content=\"2020-09-08T10:35:15+00:00\" \/>\n<meta name=\"twitter:card\" content=\"summary_large_image\" \/>\n<meta name=\"twitter:label1\" content=\"Dur\u00e9e de lecture estim\u00e9e\" \/>\n\t<meta name=\"twitter:data1\" content=\"1 minute\" \/>\n<script type=\"application\/ld+json\" class=\"yoast-schema-graph\">{\"@context\":\"https:\\\/\\\/schema.org\",\"@graph\":[{\"@type\":\"WebPage\",\"@id\":\"https:\\\/\\\/www.inter-iberica.com\\\/fr\\\/services\\\/transport-de-machines\\\/\",\"url\":\"https:\\\/\\\/www.inter-iberica.com\\\/fr\\\/services\\\/transport-de-machines\\\/\",\"name\":\"Transport de machines - Inter Iberica\",\"isPartOf\":{\"@id\":\"https:\\\/\\\/www.inter-iberica.com\\\/#website\"},\"datePublished\":\"2020-04-30T09:46:06+00:00\",\"dateModified\":\"2020-09-08T10:35:15+00:00\",\"breadcrumb\":{\"@id\":\"https:\\\/\\\/www.inter-iberica.com\\\/fr\\\/services\\\/transport-de-machines\\\/#breadcrumb\"},\"inLanguage\":\"fr-FR\",\"potentialAction\":[{\"@type\":\"ReadAction\",\"target\":[\"https:\\\/\\\/www.inter-iberica.com\\\/fr\\\/services\\\/transport-de-machines\\\/\"]}]},{\"@type\":\"BreadcrumbList\",\"@id\":\"https:\\\/\\\/www.inter-iberica.com\\\/fr\\\/services\\\/transport-de-machines\\\/#breadcrumb\",\"itemListElement\":[{\"@type\":\"ListItem\",\"position\":1,\"name\":\"Home\",\"item\":\"https:\\\/\\\/www.inter-iberica.com\\\/fr\\\/\"},{\"@type\":\"ListItem\",\"position\":2,\"name\":\"Services\",\"item\":\"https:\\\/\\\/www.inter-iberica.com\\\/fr\\\/services\\\/\"},{\"@type\":\"ListItem\",\"position\":3,\"name\":\"Transport de machines\"}]},{\"@type\":\"WebSite\",\"@id\":\"https:\\\/\\\/www.inter-iberica.com\\\/#website\",\"url\":\"https:\\\/\\\/www.inter-iberica.com\\\/\",\"name\":\"Inter Iberica\",\"description\":\"\",\"potentialAction\":[{\"@type\":\"SearchAction\",\"target\":{\"@type\":\"EntryPoint\",\"urlTemplate\":\"https:\\\/\\\/www.inter-iberica.com\\\/?s={search_term_string}\"},\"query-input\":{\"@type\":\"PropertyValueSpecification\",\"valueRequired\":true,\"valueName\":\"search_term_string\"}}],\"inLanguage\":\"fr-FR\"}]}<\/script>\n<!-- \/ Yoast SEO plugin. -->","yoast_head_json":{"title":"Transport de machines - Inter Iberica","robots":{"index":"index","follow":"follow","max-snippet":"max-snippet:-1","max-image-preview":"max-image-preview:large","max-video-preview":"max-video-preview:-1"},"canonical":"https:\/\/www.inter-iberica.com\/fr\/services\/transport-de-machines\/","og_locale":"fr_FR","og_type":"article","og_title":"Transport de machines - Inter Iberica","og_description":"[vc_row][vc_column css=&#8221;.vc_custom_1552704895602{margin-top: -5px !important;}&#8221;][cms_heading text=&#8221;Transport de machines&#8221; tag=&#8221;h4&#8243; text_color=&#8221;#222222&#8243; cms_template=&#8221;cms_heading.php&#8221;][vc_column_text css=&#8221;.vc_custom_1594503309778{margin-bottom: 22px !important;}&#8221;]Transport y compris le chargement, le d\u00e9chargement et le positionnement d\u00b4une ou plusieurs machines et\/ou un parc complet de machines sera effectu\u00e9 par nos soins \u00e0 l\u00b4aide de nos v\u00e9hicules sp\u00e9ciaux.\u00a0Nous vous garantissons des solutions logistiques compl\u00e8tes ce qui aboutissent au transport s\u00e9curitaire [&hellip;]","og_url":"https:\/\/www.inter-iberica.com\/fr\/services\/transport-de-machines\/","og_site_name":"Inter Iberica","article_modified_time":"2020-09-08T10:35:15+00:00","twitter_card":"summary_large_image","twitter_misc":{"Dur\u00e9e de lecture estim\u00e9e":"1 minute"},"schema":{"@context":"https:\/\/schema.org","@graph":[{"@type":"WebPage","@id":"https:\/\/www.inter-iberica.com\/fr\/services\/transport-de-machines\/","url":"https:\/\/www.inter-iberica.com\/fr\/services\/transport-de-machines\/","name":"Transport de machines - Inter Iberica","isPartOf":{"@id":"https:\/\/www.inter-iberica.com\/#website"},"datePublished":"2020-04-30T09:46:06+00:00","dateModified":"2020-09-08T10:35:15+00:00","breadcrumb":{"@id":"https:\/\/www.inter-iberica.com\/fr\/services\/transport-de-machines\/#breadcrumb"},"inLanguage":"fr-FR","potentialAction":[{"@type":"ReadAction","target":["https:\/\/www.inter-iberica.com\/fr\/services\/transport-de-machines\/"]}]},{"@type":"BreadcrumbList","@id":"https:\/\/www.inter-iberica.com\/fr\/services\/transport-de-machines\/#breadcrumb","itemListElement":[{"@type":"ListItem","position":1,"name":"Home","item":"https:\/\/www.inter-iberica.com\/fr\/"},{"@type":"ListItem","position":2,"name":"Services","item":"https:\/\/www.inter-iberica.com\/fr\/services\/"},{"@type":"ListItem","position":3,"name":"Transport de machines"}]},{"@type":"WebSite","@id":"https:\/\/www.inter-iberica.com\/#website","url":"https:\/\/www.inter-iberica.com\/","name":"Inter Iberica","description":"","potentialAction":[{"@type":"SearchAction","target":{"@type":"EntryPoint","urlTemplate":"https:\/\/www.inter-iberica.com\/?s={search_term_string}"},"query-input":{"@type":"PropertyValueSpecification","valueRequired":true,"valueName":"search_term_string"}}],"inLanguage":"fr-FR"}]}},"_links":{"self":[{"href":"https:\/\/www.inter-iberica.com\/fr\/wp-json\/wp\/v2\/pages\/2149","targetHints":{"allow":["GET"]}}],"collection":[{"href":"https:\/\/www.inter-iberica.com\/fr\/wp-json\/wp\/v2\/pages"}],"about":[{"href":"https:\/\/www.inter-iberica.com\/fr\/wp-json\/wp\/v2\/types\/page"}],"author":[{"embeddable":true,"href":"https:\/\/www.inter-iberica.com\/fr\/wp-json\/wp\/v2\/users\/3"}],"replies":[{"embeddable":true,"href":"https:\/\/www.inter-iberica.com\/fr\/wp-json\/wp\/v2\/comments?post=2149"}],"version-history":[{"count":3,"href":"https:\/\/www.inter-iberica.com\/fr\/wp-json\/wp\/v2\/pages\/2149\/revisions"}],"predecessor-version":[{"id":3321,"href":"https:\/\/www.inter-iberica.com\/fr\/wp-json\/wp\/v2\/pages\/2149\/revisions\/3321"}],"up":[{"embeddable":true,"href":"https:\/\/www.inter-iberica.com\/fr\/wp-json\/wp\/v2\/pages\/2113"}],"wp:attachment":[{"href":"https:\/\/www.inter-iberica.com\/fr\/wp-json\/wp\/v2\/media?parent=2149"}],"curies":[{"name":"wp","href":"https:\/\/api.w.org\/{rel}","templated":true}]}}

<div class="wpb-content-wrapper"><p>[vc_row][vc_column css=&#8221;.vc_custom_1552704895602{margin-top: -5px !important;}&#8221;][cms_heading text=&#8221;Transport de machines&#8221; tag=&#8221;h4&#8243; text_color=&#8221;#222222&#8243; cms_template=&#8221;cms_heading.php&#8221;][vc_column_text css=&#8221;.vc_custom_1594503309778{margin-bottom: 22px !important;}&#8221;]Transport y compris le chargement, le déchargement et le positionnement d´une ou plusieurs machines et/ou un parc complet de machines sera effectué par nos soins à l´aide de nos véhicules spéciaux. Nous vous garantissons des solutions logistiques complètes ce qui aboutissent au transport sécuritaire et efficace de vos précieuses machines sans perte de qualité.[/vc_column_text][/vc_column][/vc_row]</p>
</div>

<p>[vc_row][vc_column css=&#8221;.vc_custom_1552704895602{margin-top: -5px !important;}&#8221;][cms_heading text=&#8221;Transport de machines&#8221; tag=&#8221;h4&#8243; text_color=&#8221;#222222&#8243; cms_template=&#8221;cms_heading.php&#8221;][vc_column_text css=&#8221;.vc_custom_1594503309778{margin-bottom: 22px !important;}&#8221;]Transport y compris le chargement, le déchargement et le positionnement d´une ou plusieurs machines et/ou un parc complet de machines sera effectué par nos soins à l´aide de nos véhicules spéciaux. Nous vous garantissons des solutions logistiques complètes ce qui aboutissent au transport sécuritaire [&hellip;]</p>

<!-- This site is optimized with the Yoast SEO plugin v27.4 - https://yoast.com/product/yoast-seo-wordpress/ -->
<title>Transport de machines - Inter Iberica</title>
<meta name="robots" content="index, follow, max-snippet:-1, max-image-preview:large, max-video-preview:-1" />
<link rel="canonical" href="https://www.inter-iberica.com/fr/services/transport-de-machines/" />
<meta property="og:locale" content="fr_FR" />
<meta property="og:type" content="article" />
<meta property="og:title" content="Transport de machines - Inter Iberica" />
<meta property="og:description" content="[vc_row][vc_column css=&#8221;.vc_custom_1552704895602{margin-top: -5px !important;}&#8221;][cms_heading text=&#8221;Transport de machines&#8221; tag=&#8221;h4&#8243; text_color=&#8221;#222222&#8243; cms_template=&#8221;cms_heading.php&#8221;][vc_column_text css=&#8221;.vc_custom_1594503309778{margin-bottom: 22px !important;}&#8221;]Transport y compris le chargement, le déchargement et le positionnement d´une ou plusieurs machines et/ou un parc complet de machines sera effectué par nos soins à l´aide de nos véhicules spéciaux. Nous vous garantissons des solutions logistiques complètes ce qui aboutissent au transport sécuritaire [&hellip;]" />
<meta property="og:url" content="https://www.inter-iberica.com/fr/services/transport-de-machines/" />
<meta property="og:site_name" content="Inter Iberica" />
<meta property="article:modified_time" content="2020-09-08T10:35:15+00:00" />
<meta name="twitter:card" content="summary_large_image" />
<meta name="twitter:label1" content="Durée de lecture estimée" />
	<meta name="twitter:data1" content="1 minute" />
<script type="application/ld+json" class="yoast-schema-graph">{"@context":"https:\/\/schema.org","@graph":[{"@type":"WebPage","@id":"https:\/\/www.inter-iberica.com\/fr\/services\/transport-de-machines\/","url":"https:\/\/www.inter-iberica.com\/fr\/services\/transport-de-machines\/","name":"Transport de machines - Inter Iberica","isPartOf":{"@id":"https:\/\/www.inter-iberica.com\/#website"},"datePublished":"2020-04-30T09:46:06+00:00","dateModified":"2020-09-08T10:35:15+00:00","breadcrumb":{"@id":"https:\/\/www.inter-iberica.com\/fr\/services\/transport-de-machines\/#breadcrumb"},"inLanguage":"fr-FR","potentialAction":[{"@type":"ReadAction","target":["https:\/\/www.inter-iberica.com\/fr\/services\/transport-de-machines\/"]}]},{"@type":"BreadcrumbList","@id":"https:\/\/www.inter-iberica.com\/fr\/services\/transport-de-machines\/#breadcrumb","itemListElement":[{"@type":"ListItem","position":1,"name":"Home","item":"https:\/\/www.inter-iberica.com\/fr\/"},{"@type":"ListItem","position":2,"name":"Services","item":"https:\/\/www.inter-iberica.com\/fr\/services\/"},{"@type":"ListItem","position":3,"name":"Transport de machines"}]},{"@type":"WebSite","@id":"https:\/\/www.inter-iberica.com\/#website","url":"https:\/\/www.inter-iberica.com\/","name":"Inter Iberica","description":"","potentialAction":[{"@type":"SearchAction","target":{"@type":"EntryPoint","urlTemplate":"https:\/\/www.inter-iberica.com\/?s={search_term_string}"},"query-input":{"@type":"PropertyValueSpecification","valueRequired":true,"valueName":"search_term_string"}}],"inLanguage":"fr-FR"}]}</script>
<!-- / Yoast SEO plugin. -->

[vc_row][vc_column css=&#8221;.vc_custom_1552704895602{margin-top: -5px !important;}&#8221;][cms_heading text=&#8221;Transport de machines&#8221; tag=&#8221;h4&#8243; text_color=&#8221;#222222&#8243; cms_template=&#8221;cms_heading.php&#8221;][vc_column_text css=&#8221;.vc_custom_1594503309778{margin-bottom: 22px !important;}&#8221;]Transport y compris le chargement, le déchargement et le positionnement d´une ou plusieurs machines et/ou un parc complet de machines sera effectué par nos soins à l´aide de nos véhicules spéciaux. Nous vous garantissons des solutions logistiques complètes ce qui aboutissent au transport sécuritaire [&hellip;]
