{"id":2142,"date":"2020-04-30T09:37:42","date_gmt":"2020-04-30T09:37:42","guid":{"rendered":"https:\/\/www.inter-iberica.com\/services\/geconditioneerd\/"},"modified":"2025-03-07T04:42:36","modified_gmt":"2025-03-07T04:42:36","slug":"conditionne","status":"publish","type":"page","link":"https:\/\/www.inter-iberica.com\/fr\/services\/conditionne\/","title":{"rendered":"Conditionn\u00e9"},"content":{"rendered":"<div class=\"wpb-content-wrapper\"><p>[vc_row][vc_column css=&#8221;.vc_custom_1552704895602{margin-top: -5px !important;}&#8221;][cms_heading text=&#8221;Conditionn\u00e9&#8221; tag=&#8221;h4&#8243; text_color=&#8221;#222222&#8243; cms_template=&#8221;cms_heading.php&#8221;][vc_column_text css=&#8221;.vc_custom_1594503116367{margin-bottom: 22px !important;}&#8221;]Le transport des marchandises p\u00e9rissables impose des exigences particuli\u00e8res au mat\u00e9riel et au chauffeur, \u00e9galement pendant le chargement et le d\u00e9chargement. Inter-Iberica a des camions r\u00e9frig\u00e9r\u00e9s contenant une installation de refroidissement et de chauffage.<\/p>\n<p>Tous les camions r\u00e9frig\u00e9r\u00e9s sont \u00e9quip\u00e9s d\u00b4un ordinateur de bord et d\u2019un enregistrement de temp\u00e9rature, pour un contr\u00f4le optimal des conditions de temp\u00e9rature pendant le transport. Les camions r\u00e9frig\u00e9r\u00e9s sp\u00e9ciaux d\u00b4Inter-Ib\u00e9rica sont divis\u00e9s en plusieurs compartiments o\u00f9 la temp\u00e9rature peut \u00eatre r\u00e9gl\u00e9e s\u00e9par\u00e9ment.[\/vc_column_text][\/vc_column][\/vc_row]<\/p>\n<\/div>","protected":false},"excerpt":{"rendered":"<p>[vc_row][vc_column css=&#8221;.vc_custom_1552704895602{margin-top: -5px !important;}&#8221;][cms_heading text=&#8221;Conditionn\u00e9&#8221; tag=&#8221;h4&#8243; text_color=&#8221;#222222&#8243; cms_template=&#8221;cms_heading.php&#8221;][vc_column_text css=&#8221;.vc_custom_1594503116367{margin-bottom: 22px !important;}&#8221;]Le transport des marchandises p\u00e9rissables impose des exigences particuli\u00e8res au mat\u00e9riel et au chauffeur, \u00e9galement pendant le chargement et le d\u00e9chargement. Inter-Iberica a des camions r\u00e9frig\u00e9r\u00e9s contenant une installation de refroidissement et de chauffage. Tous les camions r\u00e9frig\u00e9r\u00e9s sont \u00e9quip\u00e9s d\u00b4un ordinateur de bord et [&hellip;]<\/p>\n","protected":false},"author":3,"featured_media":0,"parent":2113,"menu_order":0,"comment_status":"closed","ping_status":"closed","template":"","meta":{"footnotes":""},"class_list":["post-2142","page","type-page","status-publish","hentry"],"yoast_head":"<!-- This site is optimized with the Yoast SEO plugin v27.4 - https:\/\/yoast.com\/product\/yoast-seo-wordpress\/ -->\n<title>Conditionn\u00e9 - Inter Iberica<\/title>\n<meta name=\"robots\" content=\"index, follow, max-snippet:-1, max-image-preview:large, max-video-preview:-1\" \/>\n<link rel=\"canonical\" href=\"https:\/\/www.inter-iberica.com\/fr\/services\/conditionne\/\" \/>\n<meta property=\"og:locale\" content=\"fr_FR\" \/>\n<meta property=\"og:type\" content=\"article\" \/>\n<meta property=\"og:title\" content=\"Conditionn\u00e9 - Inter Iberica\" \/>\n<meta property=\"og:description\" content=\"[vc_row][vc_column css=&#8221;.vc_custom_1552704895602{margin-top: -5px !important;}&#8221;][cms_heading text=&#8221;Conditionn\u00e9&#8221; tag=&#8221;h4&#8243; text_color=&#8221;#222222&#8243; cms_template=&#8221;cms_heading.php&#8221;][vc_column_text css=&#8221;.vc_custom_1594503116367{margin-bottom: 22px !important;}&#8221;]Le transport des marchandises p\u00e9rissables impose des exigences particuli\u00e8res au mat\u00e9riel et au chauffeur, \u00e9galement pendant le chargement et le d\u00e9chargement. Inter-Iberica a des camions r\u00e9frig\u00e9r\u00e9s contenant une installation de refroidissement et de chauffage. Tous les camions r\u00e9frig\u00e9r\u00e9s sont \u00e9quip\u00e9s d\u00b4un ordinateur de bord et [&hellip;]\" \/>\n<meta property=\"og:url\" content=\"https:\/\/www.inter-iberica.com\/fr\/services\/conditionne\/\" \/>\n<meta property=\"og:site_name\" content=\"Inter Iberica\" \/>\n<meta property=\"article:modified_time\" content=\"2025-03-07T04:42:36+00:00\" \/>\n<meta name=\"twitter:card\" content=\"summary_large_image\" \/>\n<meta name=\"twitter:label1\" content=\"Dur\u00e9e de lecture estim\u00e9e\" \/>\n\t<meta name=\"twitter:data1\" content=\"1 minute\" \/>\n<script type=\"application\/ld+json\" class=\"yoast-schema-graph\">{\"@context\":\"https:\\\/\\\/schema.org\",\"@graph\":[{\"@type\":\"WebPage\",\"@id\":\"https:\\\/\\\/www.inter-iberica.com\\\/fr\\\/services\\\/conditionne\\\/\",\"url\":\"https:\\\/\\\/www.inter-iberica.com\\\/fr\\\/services\\\/conditionne\\\/\",\"name\":\"Conditionn\u00e9 - Inter Iberica\",\"isPartOf\":{\"@id\":\"https:\\\/\\\/www.inter-iberica.com\\\/#website\"},\"datePublished\":\"2020-04-30T09:37:42+00:00\",\"dateModified\":\"2025-03-07T04:42:36+00:00\",\"breadcrumb\":{\"@id\":\"https:\\\/\\\/www.inter-iberica.com\\\/fr\\\/services\\\/conditionne\\\/#breadcrumb\"},\"inLanguage\":\"fr-FR\",\"potentialAction\":[{\"@type\":\"ReadAction\",\"target\":[\"https:\\\/\\\/www.inter-iberica.com\\\/fr\\\/services\\\/conditionne\\\/\"]}]},{\"@type\":\"BreadcrumbList\",\"@id\":\"https:\\\/\\\/www.inter-iberica.com\\\/fr\\\/services\\\/conditionne\\\/#breadcrumb\",\"itemListElement\":[{\"@type\":\"ListItem\",\"position\":1,\"name\":\"Home\",\"item\":\"https:\\\/\\\/www.inter-iberica.com\\\/fr\\\/\"},{\"@type\":\"ListItem\",\"position\":2,\"name\":\"Services\",\"item\":\"https:\\\/\\\/www.inter-iberica.com\\\/fr\\\/services\\\/\"},{\"@type\":\"ListItem\",\"position\":3,\"name\":\"Conditionn\u00e9\"}]},{\"@type\":\"WebSite\",\"@id\":\"https:\\\/\\\/www.inter-iberica.com\\\/#website\",\"url\":\"https:\\\/\\\/www.inter-iberica.com\\\/\",\"name\":\"Inter Iberica\",\"description\":\"\",\"potentialAction\":[{\"@type\":\"SearchAction\",\"target\":{\"@type\":\"EntryPoint\",\"urlTemplate\":\"https:\\\/\\\/www.inter-iberica.com\\\/?s={search_term_string}\"},\"query-input\":{\"@type\":\"PropertyValueSpecification\",\"valueRequired\":true,\"valueName\":\"search_term_string\"}}],\"inLanguage\":\"fr-FR\"}]}<\/script>\n<!-- \/ Yoast SEO plugin. -->","yoast_head_json":{"title":"Conditionn\u00e9 - Inter Iberica","robots":{"index":"index","follow":"follow","max-snippet":"max-snippet:-1","max-image-preview":"max-image-preview:large","max-video-preview":"max-video-preview:-1"},"canonical":"https:\/\/www.inter-iberica.com\/fr\/services\/conditionne\/","og_locale":"fr_FR","og_type":"article","og_title":"Conditionn\u00e9 - Inter Iberica","og_description":"[vc_row][vc_column css=&#8221;.vc_custom_1552704895602{margin-top: -5px !important;}&#8221;][cms_heading text=&#8221;Conditionn\u00e9&#8221; tag=&#8221;h4&#8243; text_color=&#8221;#222222&#8243; cms_template=&#8221;cms_heading.php&#8221;][vc_column_text css=&#8221;.vc_custom_1594503116367{margin-bottom: 22px !important;}&#8221;]Le transport des marchandises p\u00e9rissables impose des exigences particuli\u00e8res au mat\u00e9riel et au chauffeur, \u00e9galement pendant le chargement et le d\u00e9chargement. Inter-Iberica a des camions r\u00e9frig\u00e9r\u00e9s contenant une installation de refroidissement et de chauffage. Tous les camions r\u00e9frig\u00e9r\u00e9s sont \u00e9quip\u00e9s d\u00b4un ordinateur de bord et [&hellip;]","og_url":"https:\/\/www.inter-iberica.com\/fr\/services\/conditionne\/","og_site_name":"Inter Iberica","article_modified_time":"2025-03-07T04:42:36+00:00","twitter_card":"summary_large_image","twitter_misc":{"Dur\u00e9e de lecture estim\u00e9e":"1 minute"},"schema":{"@context":"https:\/\/schema.org","@graph":[{"@type":"WebPage","@id":"https:\/\/www.inter-iberica.com\/fr\/services\/conditionne\/","url":"https:\/\/www.inter-iberica.com\/fr\/services\/conditionne\/","name":"Conditionn\u00e9 - Inter Iberica","isPartOf":{"@id":"https:\/\/www.inter-iberica.com\/#website"},"datePublished":"2020-04-30T09:37:42+00:00","dateModified":"2025-03-07T04:42:36+00:00","breadcrumb":{"@id":"https:\/\/www.inter-iberica.com\/fr\/services\/conditionne\/#breadcrumb"},"inLanguage":"fr-FR","potentialAction":[{"@type":"ReadAction","target":["https:\/\/www.inter-iberica.com\/fr\/services\/conditionne\/"]}]},{"@type":"BreadcrumbList","@id":"https:\/\/www.inter-iberica.com\/fr\/services\/conditionne\/#breadcrumb","itemListElement":[{"@type":"ListItem","position":1,"name":"Home","item":"https:\/\/www.inter-iberica.com\/fr\/"},{"@type":"ListItem","position":2,"name":"Services","item":"https:\/\/www.inter-iberica.com\/fr\/services\/"},{"@type":"ListItem","position":3,"name":"Conditionn\u00e9"}]},{"@type":"WebSite","@id":"https:\/\/www.inter-iberica.com\/#website","url":"https:\/\/www.inter-iberica.com\/","name":"Inter Iberica","description":"","potentialAction":[{"@type":"SearchAction","target":{"@type":"EntryPoint","urlTemplate":"https:\/\/www.inter-iberica.com\/?s={search_term_string}"},"query-input":{"@type":"PropertyValueSpecification","valueRequired":true,"valueName":"search_term_string"}}],"inLanguage":"fr-FR"}]}},"_links":{"self":[{"href":"https:\/\/www.inter-iberica.com\/fr\/wp-json\/wp\/v2\/pages\/2142","targetHints":{"allow":["GET"]}}],"collection":[{"href":"https:\/\/www.inter-iberica.com\/fr\/wp-json\/wp\/v2\/pages"}],"about":[{"href":"https:\/\/www.inter-iberica.com\/fr\/wp-json\/wp\/v2\/types\/page"}],"author":[{"embeddable":true,"href":"https:\/\/www.inter-iberica.com\/fr\/wp-json\/wp\/v2\/users\/3"}],"replies":[{"embeddable":true,"href":"https:\/\/www.inter-iberica.com\/fr\/wp-json\/wp\/v2\/comments?post=2142"}],"version-history":[{"count":4,"href":"https:\/\/www.inter-iberica.com\/fr\/wp-json\/wp\/v2\/pages\/2142\/revisions"}],"predecessor-version":[{"id":3306,"href":"https:\/\/www.inter-iberica.com\/fr\/wp-json\/wp\/v2\/pages\/2142\/revisions\/3306"}],"up":[{"embeddable":true,"href":"https:\/\/www.inter-iberica.com\/fr\/wp-json\/wp\/v2\/pages\/2113"}],"wp:attachment":[{"href":"https:\/\/www.inter-iberica.com\/fr\/wp-json\/wp\/v2\/media?parent=2142"}],"curies":[{"name":"wp","href":"https:\/\/api.w.org\/{rel}","templated":true}]}}

Conditionné

<div class="wpb-content-wrapper"><p>[vc_row][vc_column css=&#8221;.vc_custom_1552704895602{margin-top: -5px !important;}&#8221;][cms_heading text=&#8221;Conditionné&#8221; tag=&#8221;h4&#8243; text_color=&#8221;#222222&#8243; cms_template=&#8221;cms_heading.php&#8221;][vc_column_text css=&#8221;.vc_custom_1594503116367{margin-bottom: 22px !important;}&#8221;]Le transport des marchandises périssables impose des exigences particulières au matériel et au chauffeur, également pendant le chargement et le déchargement. Inter-Iberica a des camions réfrigérés contenant une installation de refroidissement et de chauffage.</p>
<p>Tous les camions réfrigérés sont équipés d´un ordinateur de bord et d’un enregistrement de température, pour un contrôle optimal des conditions de température pendant le transport. Les camions réfrigérés spéciaux d´Inter-Ibérica sont divisés en plusieurs compartiments où la température peut être réglée séparément.[/vc_column_text][/vc_column][/vc_row]</p>
</div>

<p>[vc_row][vc_column css=&#8221;.vc_custom_1552704895602{margin-top: -5px !important;}&#8221;][cms_heading text=&#8221;Conditionné&#8221; tag=&#8221;h4&#8243; text_color=&#8221;#222222&#8243; cms_template=&#8221;cms_heading.php&#8221;][vc_column_text css=&#8221;.vc_custom_1594503116367{margin-bottom: 22px !important;}&#8221;]Le transport des marchandises périssables impose des exigences particulières au matériel et au chauffeur, également pendant le chargement et le déchargement. Inter-Iberica a des camions réfrigérés contenant une installation de refroidissement et de chauffage. Tous les camions réfrigérés sont équipés d´un ordinateur de bord et [&hellip;]</p>

<!-- This site is optimized with the Yoast SEO plugin v27.4 - https://yoast.com/product/yoast-seo-wordpress/ -->
<title>Conditionné - Inter Iberica</title>
<meta name="robots" content="index, follow, max-snippet:-1, max-image-preview:large, max-video-preview:-1" />
<link rel="canonical" href="https://www.inter-iberica.com/fr/services/conditionne/" />
<meta property="og:locale" content="fr_FR" />
<meta property="og:type" content="article" />
<meta property="og:title" content="Conditionné - Inter Iberica" />
<meta property="og:description" content="[vc_row][vc_column css=&#8221;.vc_custom_1552704895602{margin-top: -5px !important;}&#8221;][cms_heading text=&#8221;Conditionné&#8221; tag=&#8221;h4&#8243; text_color=&#8221;#222222&#8243; cms_template=&#8221;cms_heading.php&#8221;][vc_column_text css=&#8221;.vc_custom_1594503116367{margin-bottom: 22px !important;}&#8221;]Le transport des marchandises périssables impose des exigences particulières au matériel et au chauffeur, également pendant le chargement et le déchargement. Inter-Iberica a des camions réfrigérés contenant une installation de refroidissement et de chauffage. Tous les camions réfrigérés sont équipés d´un ordinateur de bord et [&hellip;]" />
<meta property="og:url" content="https://www.inter-iberica.com/fr/services/conditionne/" />
<meta property="og:site_name" content="Inter Iberica" />
<meta property="article:modified_time" content="2025-03-07T04:42:36+00:00" />
<meta name="twitter:card" content="summary_large_image" />
<meta name="twitter:label1" content="Durée de lecture estimée" />
	<meta name="twitter:data1" content="1 minute" />
<script type="application/ld+json" class="yoast-schema-graph">{"@context":"https:\/\/schema.org","@graph":[{"@type":"WebPage","@id":"https:\/\/www.inter-iberica.com\/fr\/services\/conditionne\/","url":"https:\/\/www.inter-iberica.com\/fr\/services\/conditionne\/","name":"Conditionné - Inter Iberica","isPartOf":{"@id":"https:\/\/www.inter-iberica.com\/#website"},"datePublished":"2020-04-30T09:37:42+00:00","dateModified":"2025-03-07T04:42:36+00:00","breadcrumb":{"@id":"https:\/\/www.inter-iberica.com\/fr\/services\/conditionne\/#breadcrumb"},"inLanguage":"fr-FR","potentialAction":[{"@type":"ReadAction","target":["https:\/\/www.inter-iberica.com\/fr\/services\/conditionne\/"]}]},{"@type":"BreadcrumbList","@id":"https:\/\/www.inter-iberica.com\/fr\/services\/conditionne\/#breadcrumb","itemListElement":[{"@type":"ListItem","position":1,"name":"Home","item":"https:\/\/www.inter-iberica.com\/fr\/"},{"@type":"ListItem","position":2,"name":"Services","item":"https:\/\/www.inter-iberica.com\/fr\/services\/"},{"@type":"ListItem","position":3,"name":"Conditionné"}]},{"@type":"WebSite","@id":"https:\/\/www.inter-iberica.com\/#website","url":"https:\/\/www.inter-iberica.com\/","name":"Inter Iberica","description":"","potentialAction":[{"@type":"SearchAction","target":{"@type":"EntryPoint","urlTemplate":"https:\/\/www.inter-iberica.com\/?s={search_term_string}"},"query-input":{"@type":"PropertyValueSpecification","valueRequired":true,"valueName":"search_term_string"}}],"inLanguage":"fr-FR"}]}</script>
<!-- / Yoast SEO plugin. -->

Conditionné - Inter Iberica

[vc_row][vc_column css=&#8221;.vc_custom_1552704895602{margin-top: -5px !important;}&#8221;][cms_heading text=&#8221;Conditionné&#8221; tag=&#8221;h4&#8243; text_color=&#8221;#222222&#8243; cms_template=&#8221;cms_heading.php&#8221;][vc_column_text css=&#8221;.vc_custom_1594503116367{margin-bottom: 22px !important;}&#8221;]Le transport des marchandises périssables impose des exigences particulières au matériel et au chauffeur, également pendant le chargement et le déchargement. Inter-Iberica a des camions réfrigérés contenant une installation de refroidissement et de chauffage. Tous les camions réfrigérés sont équipés d´un ordinateur de bord et [&hellip;]
