{"id":2123,"date":"2020-04-30T09:33:53","date_gmt":"2020-04-30T09:33:53","guid":{"rendered":"https:\/\/www.inter-iberica.com\/services\/distributie-van-goederen\/"},"modified":"2020-08-26T16:42:33","modified_gmt":"2020-08-26T16:42:33","slug":"distribution-des-marchandises","status":"publish","type":"page","link":"https:\/\/www.inter-iberica.com\/fr\/services\/distribution-des-marchandises\/","title":{"rendered":"Distribution des marchandises"},"content":{"rendered":"<div class=\"wpb-content-wrapper\"><p>[vc_row][vc_column css=&#8221;.vc_custom_1552704895602{margin-top: -5px !important;}&#8221;][cms_heading text=&#8221;Distribution des marchandises&#8221; tag=&#8221;h4&#8243; text_color=&#8221;#222222&#8243; cms_template=&#8221;cms_heading.php&#8221;][vc_column_text css=&#8221;.vc_custom_1594502388246{margin-bottom: 22px !important;}&#8221;]Inter-Iberica\u00a0sert\u00a0tout le Benelux dans les 24 heures.\u00a0Inter-Iberica peut livrer des envois\u00a0de 1 kg jusqu\u00b4\u00e0 24 tonnes \u00e0 l\u00b4aide du parc de v\u00e9hicules vari\u00e9. L\u00b4\u00e9tablissement susmentionn\u00e9 travaille \u00e0 l\u2019aide d\u2019 une planification d\u00b4itin\u00e9raire automatis\u00e9e, permettant que le d\u00e9lai de livraison pr\u00e9vu\u00a0est connu d\u00b4avance. Les chauffeurs disposent des moyens pour le chargement et le d\u00e9chargement (camion-pompe \u00e9lectrique, trappe de chargement et\/ou chariot \u00e9l\u00e9vateur portable ), par lesquels\u00a0il est possible de livrer\u00a0des marchandises aussi bien palettis\u00e9es que non-palettis\u00e9es rapidement et sans[\/vc_column_text][\/vc_column][\/vc_row]<\/p>\n<\/div>","protected":false},"excerpt":{"rendered":"<p>[vc_row][vc_column css=&#8221;.vc_custom_1552704895602{margin-top: -5px !important;}&#8221;][cms_heading text=&#8221;Distribution des marchandises&#8221; tag=&#8221;h4&#8243; text_color=&#8221;#222222&#8243; cms_template=&#8221;cms_heading.php&#8221;][vc_column_text css=&#8221;.vc_custom_1594502388246{margin-bottom: 22px !important;}&#8221;]Inter-Iberica\u00a0sert\u00a0tout le Benelux dans les 24 heures.\u00a0Inter-Iberica peut livrer des envois\u00a0de 1 kg jusqu\u00b4\u00e0 24 tonnes \u00e0 l\u00b4aide du parc de v\u00e9hicules vari\u00e9. L\u00b4\u00e9tablissement susmentionn\u00e9 travaille \u00e0 l\u2019aide d\u2019 une planification d\u00b4itin\u00e9raire automatis\u00e9e, permettant que le d\u00e9lai de livraison pr\u00e9vu\u00a0est connu d\u00b4avance. Les [&hellip;]<\/p>\n","protected":false},"author":3,"featured_media":0,"parent":2113,"menu_order":0,"comment_status":"closed","ping_status":"closed","template":"","meta":{"footnotes":""},"class_list":["post-2123","page","type-page","status-publish","hentry"],"yoast_head":"<!-- This site is optimized with the Yoast SEO plugin v27.4 - https:\/\/yoast.com\/product\/yoast-seo-wordpress\/ -->\n<title>Distribution des marchandises - Inter Iberica<\/title>\n<meta name=\"robots\" content=\"index, follow, max-snippet:-1, max-image-preview:large, max-video-preview:-1\" \/>\n<link rel=\"canonical\" href=\"https:\/\/www.inter-iberica.com\/fr\/services\/distribution-des-marchandises\/\" \/>\n<meta property=\"og:locale\" content=\"fr_FR\" \/>\n<meta property=\"og:type\" content=\"article\" \/>\n<meta property=\"og:title\" content=\"Distribution des marchandises - Inter Iberica\" \/>\n<meta property=\"og:description\" content=\"[vc_row][vc_column css=&#8221;.vc_custom_1552704895602{margin-top: -5px !important;}&#8221;][cms_heading text=&#8221;Distribution des marchandises&#8221; tag=&#8221;h4&#8243; text_color=&#8221;#222222&#8243; cms_template=&#8221;cms_heading.php&#8221;][vc_column_text css=&#8221;.vc_custom_1594502388246{margin-bottom: 22px !important;}&#8221;]Inter-Iberica\u00a0sert\u00a0tout le Benelux dans les 24 heures.\u00a0Inter-Iberica peut livrer des envois\u00a0de 1 kg jusqu\u00b4\u00e0 24 tonnes \u00e0 l\u00b4aide du parc de v\u00e9hicules vari\u00e9. L\u00b4\u00e9tablissement susmentionn\u00e9 travaille \u00e0 l\u2019aide d\u2019 une planification d\u00b4itin\u00e9raire automatis\u00e9e, permettant que le d\u00e9lai de livraison pr\u00e9vu\u00a0est connu d\u00b4avance. Les [&hellip;]\" \/>\n<meta property=\"og:url\" content=\"https:\/\/www.inter-iberica.com\/fr\/services\/distribution-des-marchandises\/\" \/>\n<meta property=\"og:site_name\" content=\"Inter Iberica\" \/>\n<meta property=\"article:modified_time\" content=\"2020-08-26T16:42:33+00:00\" \/>\n<meta name=\"twitter:card\" content=\"summary_large_image\" \/>\n<meta name=\"twitter:label1\" content=\"Dur\u00e9e de lecture estim\u00e9e\" \/>\n\t<meta name=\"twitter:data1\" content=\"1 minute\" \/>\n<script type=\"application\/ld+json\" class=\"yoast-schema-graph\">{\"@context\":\"https:\\\/\\\/schema.org\",\"@graph\":[{\"@type\":\"WebPage\",\"@id\":\"https:\\\/\\\/www.inter-iberica.com\\\/fr\\\/services\\\/distribution-des-marchandises\\\/\",\"url\":\"https:\\\/\\\/www.inter-iberica.com\\\/fr\\\/services\\\/distribution-des-marchandises\\\/\",\"name\":\"Distribution des marchandises - Inter Iberica\",\"isPartOf\":{\"@id\":\"https:\\\/\\\/www.inter-iberica.com\\\/#website\"},\"datePublished\":\"2020-04-30T09:33:53+00:00\",\"dateModified\":\"2020-08-26T16:42:33+00:00\",\"breadcrumb\":{\"@id\":\"https:\\\/\\\/www.inter-iberica.com\\\/fr\\\/services\\\/distribution-des-marchandises\\\/#breadcrumb\"},\"inLanguage\":\"fr-FR\",\"potentialAction\":[{\"@type\":\"ReadAction\",\"target\":[\"https:\\\/\\\/www.inter-iberica.com\\\/fr\\\/services\\\/distribution-des-marchandises\\\/\"]}]},{\"@type\":\"BreadcrumbList\",\"@id\":\"https:\\\/\\\/www.inter-iberica.com\\\/fr\\\/services\\\/distribution-des-marchandises\\\/#breadcrumb\",\"itemListElement\":[{\"@type\":\"ListItem\",\"position\":1,\"name\":\"Home\",\"item\":\"https:\\\/\\\/www.inter-iberica.com\\\/fr\\\/\"},{\"@type\":\"ListItem\",\"position\":2,\"name\":\"Services\",\"item\":\"https:\\\/\\\/www.inter-iberica.com\\\/fr\\\/services\\\/\"},{\"@type\":\"ListItem\",\"position\":3,\"name\":\"Distribution des marchandises\"}]},{\"@type\":\"WebSite\",\"@id\":\"https:\\\/\\\/www.inter-iberica.com\\\/#website\",\"url\":\"https:\\\/\\\/www.inter-iberica.com\\\/\",\"name\":\"Inter Iberica\",\"description\":\"\",\"potentialAction\":[{\"@type\":\"SearchAction\",\"target\":{\"@type\":\"EntryPoint\",\"urlTemplate\":\"https:\\\/\\\/www.inter-iberica.com\\\/?s={search_term_string}\"},\"query-input\":{\"@type\":\"PropertyValueSpecification\",\"valueRequired\":true,\"valueName\":\"search_term_string\"}}],\"inLanguage\":\"fr-FR\"}]}<\/script>\n<!-- \/ Yoast SEO plugin. -->","yoast_head_json":{"title":"Distribution des marchandises - Inter Iberica","robots":{"index":"index","follow":"follow","max-snippet":"max-snippet:-1","max-image-preview":"max-image-preview:large","max-video-preview":"max-video-preview:-1"},"canonical":"https:\/\/www.inter-iberica.com\/fr\/services\/distribution-des-marchandises\/","og_locale":"fr_FR","og_type":"article","og_title":"Distribution des marchandises - Inter Iberica","og_description":"[vc_row][vc_column css=&#8221;.vc_custom_1552704895602{margin-top: -5px !important;}&#8221;][cms_heading text=&#8221;Distribution des marchandises&#8221; tag=&#8221;h4&#8243; text_color=&#8221;#222222&#8243; cms_template=&#8221;cms_heading.php&#8221;][vc_column_text css=&#8221;.vc_custom_1594502388246{margin-bottom: 22px !important;}&#8221;]Inter-Iberica\u00a0sert\u00a0tout le Benelux dans les 24 heures.\u00a0Inter-Iberica peut livrer des envois\u00a0de 1 kg jusqu\u00b4\u00e0 24 tonnes \u00e0 l\u00b4aide du parc de v\u00e9hicules vari\u00e9. L\u00b4\u00e9tablissement susmentionn\u00e9 travaille \u00e0 l\u2019aide d\u2019 une planification d\u00b4itin\u00e9raire automatis\u00e9e, permettant que le d\u00e9lai de livraison pr\u00e9vu\u00a0est connu d\u00b4avance. Les [&hellip;]","og_url":"https:\/\/www.inter-iberica.com\/fr\/services\/distribution-des-marchandises\/","og_site_name":"Inter Iberica","article_modified_time":"2020-08-26T16:42:33+00:00","twitter_card":"summary_large_image","twitter_misc":{"Dur\u00e9e de lecture estim\u00e9e":"1 minute"},"schema":{"@context":"https:\/\/schema.org","@graph":[{"@type":"WebPage","@id":"https:\/\/www.inter-iberica.com\/fr\/services\/distribution-des-marchandises\/","url":"https:\/\/www.inter-iberica.com\/fr\/services\/distribution-des-marchandises\/","name":"Distribution des marchandises - Inter Iberica","isPartOf":{"@id":"https:\/\/www.inter-iberica.com\/#website"},"datePublished":"2020-04-30T09:33:53+00:00","dateModified":"2020-08-26T16:42:33+00:00","breadcrumb":{"@id":"https:\/\/www.inter-iberica.com\/fr\/services\/distribution-des-marchandises\/#breadcrumb"},"inLanguage":"fr-FR","potentialAction":[{"@type":"ReadAction","target":["https:\/\/www.inter-iberica.com\/fr\/services\/distribution-des-marchandises\/"]}]},{"@type":"BreadcrumbList","@id":"https:\/\/www.inter-iberica.com\/fr\/services\/distribution-des-marchandises\/#breadcrumb","itemListElement":[{"@type":"ListItem","position":1,"name":"Home","item":"https:\/\/www.inter-iberica.com\/fr\/"},{"@type":"ListItem","position":2,"name":"Services","item":"https:\/\/www.inter-iberica.com\/fr\/services\/"},{"@type":"ListItem","position":3,"name":"Distribution des marchandises"}]},{"@type":"WebSite","@id":"https:\/\/www.inter-iberica.com\/#website","url":"https:\/\/www.inter-iberica.com\/","name":"Inter Iberica","description":"","potentialAction":[{"@type":"SearchAction","target":{"@type":"EntryPoint","urlTemplate":"https:\/\/www.inter-iberica.com\/?s={search_term_string}"},"query-input":{"@type":"PropertyValueSpecification","valueRequired":true,"valueName":"search_term_string"}}],"inLanguage":"fr-FR"}]}},"_links":{"self":[{"href":"https:\/\/www.inter-iberica.com\/fr\/wp-json\/wp\/v2\/pages\/2123","targetHints":{"allow":["GET"]}}],"collection":[{"href":"https:\/\/www.inter-iberica.com\/fr\/wp-json\/wp\/v2\/pages"}],"about":[{"href":"https:\/\/www.inter-iberica.com\/fr\/wp-json\/wp\/v2\/types\/page"}],"author":[{"embeddable":true,"href":"https:\/\/www.inter-iberica.com\/fr\/wp-json\/wp\/v2\/users\/3"}],"replies":[{"embeddable":true,"href":"https:\/\/www.inter-iberica.com\/fr\/wp-json\/wp\/v2\/comments?post=2123"}],"version-history":[{"count":3,"href":"https:\/\/www.inter-iberica.com\/fr\/wp-json\/wp\/v2\/pages\/2123\/revisions"}],"predecessor-version":[{"id":3316,"href":"https:\/\/www.inter-iberica.com\/fr\/wp-json\/wp\/v2\/pages\/2123\/revisions\/3316"}],"up":[{"embeddable":true,"href":"https:\/\/www.inter-iberica.com\/fr\/wp-json\/wp\/v2\/pages\/2113"}],"wp:attachment":[{"href":"https:\/\/www.inter-iberica.com\/fr\/wp-json\/wp\/v2\/media?parent=2123"}],"curies":[{"name":"wp","href":"https:\/\/api.w.org\/{rel}","templated":true}]}}

<div class="wpb-content-wrapper"><p>[vc_row][vc_column css=&#8221;.vc_custom_1552704895602{margin-top: -5px !important;}&#8221;][cms_heading text=&#8221;Distribution des marchandises&#8221; tag=&#8221;h4&#8243; text_color=&#8221;#222222&#8243; cms_template=&#8221;cms_heading.php&#8221;][vc_column_text css=&#8221;.vc_custom_1594502388246{margin-bottom: 22px !important;}&#8221;]Inter-Iberica sert tout le Benelux dans les 24 heures. Inter-Iberica peut livrer des envois de 1 kg jusqu´à 24 tonnes à l´aide du parc de véhicules varié. L´établissement susmentionné travaille à l’aide d’ une planification d´itinéraire automatisée, permettant que le délai de livraison prévu est connu d´avance. Les chauffeurs disposent des moyens pour le chargement et le déchargement (camion-pompe électrique, trappe de chargement et/ou chariot élévateur portable ), par lesquels il est possible de livrer des marchandises aussi bien palettisées que non-palettisées rapidement et sans[/vc_column_text][/vc_column][/vc_row]</p>
</div>

<p>[vc_row][vc_column css=&#8221;.vc_custom_1552704895602{margin-top: -5px !important;}&#8221;][cms_heading text=&#8221;Distribution des marchandises&#8221; tag=&#8221;h4&#8243; text_color=&#8221;#222222&#8243; cms_template=&#8221;cms_heading.php&#8221;][vc_column_text css=&#8221;.vc_custom_1594502388246{margin-bottom: 22px !important;}&#8221;]Inter-Iberica sert tout le Benelux dans les 24 heures. Inter-Iberica peut livrer des envois de 1 kg jusqu´à 24 tonnes à l´aide du parc de véhicules varié. L´établissement susmentionné travaille à l’aide d’ une planification d´itinéraire automatisée, permettant que le délai de livraison prévu est connu d´avance. Les [&hellip;]</p>

<!-- This site is optimized with the Yoast SEO plugin v27.4 - https://yoast.com/product/yoast-seo-wordpress/ -->
<title>Distribution des marchandises - Inter Iberica</title>
<meta name="robots" content="index, follow, max-snippet:-1, max-image-preview:large, max-video-preview:-1" />
<link rel="canonical" href="https://www.inter-iberica.com/fr/services/distribution-des-marchandises/" />
<meta property="og:locale" content="fr_FR" />
<meta property="og:type" content="article" />
<meta property="og:title" content="Distribution des marchandises - Inter Iberica" />
<meta property="og:description" content="[vc_row][vc_column css=&#8221;.vc_custom_1552704895602{margin-top: -5px !important;}&#8221;][cms_heading text=&#8221;Distribution des marchandises&#8221; tag=&#8221;h4&#8243; text_color=&#8221;#222222&#8243; cms_template=&#8221;cms_heading.php&#8221;][vc_column_text css=&#8221;.vc_custom_1594502388246{margin-bottom: 22px !important;}&#8221;]Inter-Iberica sert tout le Benelux dans les 24 heures. Inter-Iberica peut livrer des envois de 1 kg jusqu´à 24 tonnes à l´aide du parc de véhicules varié. L´établissement susmentionné travaille à l’aide d’ une planification d´itinéraire automatisée, permettant que le délai de livraison prévu est connu d´avance. Les [&hellip;]" />
<meta property="og:url" content="https://www.inter-iberica.com/fr/services/distribution-des-marchandises/" />
<meta property="og:site_name" content="Inter Iberica" />
<meta property="article:modified_time" content="2020-08-26T16:42:33+00:00" />
<meta name="twitter:card" content="summary_large_image" />
<meta name="twitter:label1" content="Durée de lecture estimée" />
	<meta name="twitter:data1" content="1 minute" />
<script type="application/ld+json" class="yoast-schema-graph">{"@context":"https:\/\/schema.org","@graph":[{"@type":"WebPage","@id":"https:\/\/www.inter-iberica.com\/fr\/services\/distribution-des-marchandises\/","url":"https:\/\/www.inter-iberica.com\/fr\/services\/distribution-des-marchandises\/","name":"Distribution des marchandises - Inter Iberica","isPartOf":{"@id":"https:\/\/www.inter-iberica.com\/#website"},"datePublished":"2020-04-30T09:33:53+00:00","dateModified":"2020-08-26T16:42:33+00:00","breadcrumb":{"@id":"https:\/\/www.inter-iberica.com\/fr\/services\/distribution-des-marchandises\/#breadcrumb"},"inLanguage":"fr-FR","potentialAction":[{"@type":"ReadAction","target":["https:\/\/www.inter-iberica.com\/fr\/services\/distribution-des-marchandises\/"]}]},{"@type":"BreadcrumbList","@id":"https:\/\/www.inter-iberica.com\/fr\/services\/distribution-des-marchandises\/#breadcrumb","itemListElement":[{"@type":"ListItem","position":1,"name":"Home","item":"https:\/\/www.inter-iberica.com\/fr\/"},{"@type":"ListItem","position":2,"name":"Services","item":"https:\/\/www.inter-iberica.com\/fr\/services\/"},{"@type":"ListItem","position":3,"name":"Distribution des marchandises"}]},{"@type":"WebSite","@id":"https:\/\/www.inter-iberica.com\/#website","url":"https:\/\/www.inter-iberica.com\/","name":"Inter Iberica","description":"","potentialAction":[{"@type":"SearchAction","target":{"@type":"EntryPoint","urlTemplate":"https:\/\/www.inter-iberica.com\/?s={search_term_string}"},"query-input":{"@type":"PropertyValueSpecification","valueRequired":true,"valueName":"search_term_string"}}],"inLanguage":"fr-FR"}]}</script>
<!-- / Yoast SEO plugin. -->

[vc_row][vc_column css=&#8221;.vc_custom_1552704895602{margin-top: -5px !important;}&#8221;][cms_heading text=&#8221;Distribution des marchandises&#8221; tag=&#8221;h4&#8243; text_color=&#8221;#222222&#8243; cms_template=&#8221;cms_heading.php&#8221;][vc_column_text css=&#8221;.vc_custom_1594502388246{margin-bottom: 22px !important;}&#8221;]Inter-Iberica sert tout le Benelux dans les 24 heures. Inter-Iberica peut livrer des envois de 1 kg jusqu´à 24 tonnes à l´aide du parc de véhicules varié. L´établissement susmentionné travaille à l’aide d’ une planification d´itinéraire automatisée, permettant que le délai de livraison prévu est connu d´avance. Les [&hellip;]
