{"id":2323,"date":"2020-02-17T13:57:30","date_gmt":"2020-02-17T13:57:30","guid":{"rendered":"https:\/\/www.inter-iberica.com\/calidad\/missie-visie\/"},"modified":"2020-09-08T10:52:39","modified_gmt":"2020-09-08T10:52:39","slug":"mision-vision","status":"publish","type":"page","link":"https:\/\/www.inter-iberica.com\/es\/calidad\/mision-vision\/","title":{"rendered":"Misi\u00f3n &#038; visi\u00f3n"},"content":{"rendered":"<div class=\"wpb-content-wrapper\"><p>[vc_row][vc_column][cms_space space_lg=&#8221;66&#8243; space_md=&#8221;66&#8243; space_sm=&#8221;66&#8243; space_xs=&#8221;66&#8243;][cms_heading text=&#8221;Misi\u00f3n &amp; visi\u00f3n&#8221; title_font_size=&#8221;40px&#8221; title_line_height=&#8221;54px&#8221; cms_template=&#8221;cms_heading.php&#8221; el_class=&#8221;close-spacing&#8221; animation=&#8221;fadeInUp&#8221;][vc_column_text css_animation=&#8221;fadeInUp&#8221; css=&#8221;.vc_custom_1599224534580{margin-top: 20px !important;margin-bottom: 55px !important;}&#8221;]<span style=\"color: #000000;\"><strong>Creemos que el cliente verdaderamente es el centro de nuestra atenci\u00f3n.<\/strong>\u00a0En todas las decisiones que tomamos, el inter\u00e9s del cliente es\u00a0lo primero\u00a0para nosotros. Este enfoque combinado con nuestra experiencia nos hace por excelencia el socio de cooperaci\u00f3n fiable.<\/span><\/p>\n<p><span style=\"color: #000000;\">Debido a la pasi\u00f3n que ponemos en nuestro trabajo as\u00ed como a la b\u00fasqueda continua de la perfecci\u00f3n y alto rendimiento, la calidad de nuestros servicios sigue augmentando. Nos damos cuenta de los problemas log\u00edsticos, posibilidades y retos y por consiguiente no eludimos nada.<\/span><\/p>\n<p><span style=\"color: #000000;\">Nos interesamos no s\u00f3lo por nuestro proprio sector, sino tambien estudiamos detenidamente el ramo de nuestro cliente. Ello nos permite adaptar nuestros servicios de manera \u00f3ptima a los deseos del cliente.<\/span><\/p>\n<p><span style=\"color: #000000;\">Por eso la cooperaci\u00f3n es un concepto importante para nosotros. No s\u00f3lo con nuestros clientes, sino tambi\u00e9n con todas las partes interesadas en nuestros procesos. Con nosotros el contacto personal es de una importancia primordial.<\/span><\/p>\n<p><span style=\"color: #000000;\"><strong>Todo eso nos permite descargar el cliente de todos los problemas log\u00edsticos, puesto que podemos hacer funci\u00f3n de ser\u00a0una sola direcci\u00f3n para todas las actividades log\u00edsticas.<\/strong><\/span>[\/vc_column_text][cms_button button_text=&#8221;Contacto&#8221; button_icon=&#8221;true&#8221; button_link=&#8221;url:%2Fcontacto%2F%3Flang%3Des|title:Contacto||&#8221; padding_right=&#8221;26px&#8221; padding_left=&#8221;26px&#8221; margin_top=&#8221;42px&#8221; animation=&#8221;fadeInUp&#8221;][vc_empty_space][\/vc_column][\/vc_row]<\/p>\n<\/div>","protected":false},"excerpt":{"rendered":"<p>[vc_row][vc_column][cms_space space_lg=&#8221;66&#8243; space_md=&#8221;66&#8243; space_sm=&#8221;66&#8243; space_xs=&#8221;66&#8243;][cms_heading text=&#8221;Misi\u00f3n &amp; visi\u00f3n&#8221; title_font_size=&#8221;40px&#8221; title_line_height=&#8221;54px&#8221; cms_template=&#8221;cms_heading.php&#8221; el_class=&#8221;close-spacing&#8221; animation=&#8221;fadeInUp&#8221;][vc_column_text css_animation=&#8221;fadeInUp&#8221; css=&#8221;.vc_custom_1599224534580{margin-top: 20px !important;margin-bottom: 55px !important;}&#8221;]Creemos que el cliente verdaderamente es el centro de nuestra atenci\u00f3n.\u00a0En todas las decisiones que tomamos, el inter\u00e9s del cliente es\u00a0lo primero\u00a0para nosotros. Este enfoque combinado con nuestra experiencia nos hace por excelencia el socio de cooperaci\u00f3n [&hellip;]<\/p>\n","protected":false},"author":3,"featured_media":0,"parent":2295,"menu_order":0,"comment_status":"closed","ping_status":"closed","template":"","meta":{"footnotes":""},"class_list":["post-2323","page","type-page","status-publish","hentry"],"yoast_head":"<!-- This site is optimized with the Yoast SEO plugin v27.4 - https:\/\/yoast.com\/product\/yoast-seo-wordpress\/ -->\n<title>Misi\u00f3n &amp; visi\u00f3n - Inter Iberica<\/title>\n<meta name=\"robots\" content=\"index, follow, max-snippet:-1, max-image-preview:large, max-video-preview:-1\" \/>\n<link rel=\"canonical\" href=\"https:\/\/www.inter-iberica.com\/es\/calidad\/mision-vision\/\" \/>\n<meta property=\"og:locale\" content=\"es_ES\" \/>\n<meta property=\"og:type\" content=\"article\" \/>\n<meta property=\"og:title\" content=\"Misi\u00f3n &amp; visi\u00f3n - Inter Iberica\" \/>\n<meta property=\"og:description\" content=\"[vc_row][vc_column][cms_space space_lg=&#8221;66&#8243; space_md=&#8221;66&#8243; space_sm=&#8221;66&#8243; space_xs=&#8221;66&#8243;][cms_heading text=&#8221;Misi\u00f3n &amp; visi\u00f3n&#8221; title_font_size=&#8221;40px&#8221; title_line_height=&#8221;54px&#8221; cms_template=&#8221;cms_heading.php&#8221; el_class=&#8221;close-spacing&#8221; animation=&#8221;fadeInUp&#8221;][vc_column_text css_animation=&#8221;fadeInUp&#8221; css=&#8221;.vc_custom_1599224534580{margin-top: 20px !important;margin-bottom: 55px !important;}&#8221;]Creemos que el cliente verdaderamente es el centro de nuestra atenci\u00f3n.\u00a0En todas las decisiones que tomamos, el inter\u00e9s del cliente es\u00a0lo primero\u00a0para nosotros. Este enfoque combinado con nuestra experiencia nos hace por excelencia el socio de cooperaci\u00f3n [&hellip;]\" \/>\n<meta property=\"og:url\" content=\"https:\/\/www.inter-iberica.com\/es\/calidad\/mision-vision\/\" \/>\n<meta property=\"og:site_name\" content=\"Inter Iberica\" \/>\n<meta property=\"article:modified_time\" content=\"2020-09-08T10:52:39+00:00\" \/>\n<meta name=\"twitter:card\" content=\"summary_large_image\" \/>\n<meta name=\"twitter:label1\" content=\"Tiempo de lectura\" \/>\n\t<meta name=\"twitter:data1\" content=\"1 minuto\" \/>\n<script type=\"application\/ld+json\" class=\"yoast-schema-graph\">{\"@context\":\"https:\\\/\\\/schema.org\",\"@graph\":[{\"@type\":\"WebPage\",\"@id\":\"https:\\\/\\\/www.inter-iberica.com\\\/es\\\/calidad\\\/mision-vision\\\/\",\"url\":\"https:\\\/\\\/www.inter-iberica.com\\\/es\\\/calidad\\\/mision-vision\\\/\",\"name\":\"Misi\u00f3n & visi\u00f3n - Inter Iberica\",\"isPartOf\":{\"@id\":\"https:\\\/\\\/www.inter-iberica.com\\\/#website\"},\"datePublished\":\"2020-02-17T13:57:30+00:00\",\"dateModified\":\"2020-09-08T10:52:39+00:00\",\"breadcrumb\":{\"@id\":\"https:\\\/\\\/www.inter-iberica.com\\\/es\\\/calidad\\\/mision-vision\\\/#breadcrumb\"},\"inLanguage\":\"es\",\"potentialAction\":[{\"@type\":\"ReadAction\",\"target\":[\"https:\\\/\\\/www.inter-iberica.com\\\/es\\\/calidad\\\/mision-vision\\\/\"]}]},{\"@type\":\"BreadcrumbList\",\"@id\":\"https:\\\/\\\/www.inter-iberica.com\\\/es\\\/calidad\\\/mision-vision\\\/#breadcrumb\",\"itemListElement\":[{\"@type\":\"ListItem\",\"position\":1,\"name\":\"Home\",\"item\":\"https:\\\/\\\/www.inter-iberica.com\\\/es\\\/\"},{\"@type\":\"ListItem\",\"position\":2,\"name\":\"Calidad\",\"item\":\"https:\\\/\\\/www.inter-iberica.com\\\/es\\\/calidad\\\/\"},{\"@type\":\"ListItem\",\"position\":3,\"name\":\"Misi\u00f3n &#038; visi\u00f3n\"}]},{\"@type\":\"WebSite\",\"@id\":\"https:\\\/\\\/www.inter-iberica.com\\\/#website\",\"url\":\"https:\\\/\\\/www.inter-iberica.com\\\/\",\"name\":\"Inter Iberica\",\"description\":\"\",\"potentialAction\":[{\"@type\":\"SearchAction\",\"target\":{\"@type\":\"EntryPoint\",\"urlTemplate\":\"https:\\\/\\\/www.inter-iberica.com\\\/?s={search_term_string}\"},\"query-input\":{\"@type\":\"PropertyValueSpecification\",\"valueRequired\":true,\"valueName\":\"search_term_string\"}}],\"inLanguage\":\"es\"}]}<\/script>\n<!-- \/ Yoast SEO plugin. -->","yoast_head_json":{"title":"Misi\u00f3n & visi\u00f3n - Inter Iberica","robots":{"index":"index","follow":"follow","max-snippet":"max-snippet:-1","max-image-preview":"max-image-preview:large","max-video-preview":"max-video-preview:-1"},"canonical":"https:\/\/www.inter-iberica.com\/es\/calidad\/mision-vision\/","og_locale":"es_ES","og_type":"article","og_title":"Misi\u00f3n & visi\u00f3n - Inter Iberica","og_description":"[vc_row][vc_column][cms_space space_lg=&#8221;66&#8243; space_md=&#8221;66&#8243; space_sm=&#8221;66&#8243; space_xs=&#8221;66&#8243;][cms_heading text=&#8221;Misi\u00f3n &amp; visi\u00f3n&#8221; title_font_size=&#8221;40px&#8221; title_line_height=&#8221;54px&#8221; cms_template=&#8221;cms_heading.php&#8221; el_class=&#8221;close-spacing&#8221; animation=&#8221;fadeInUp&#8221;][vc_column_text css_animation=&#8221;fadeInUp&#8221; css=&#8221;.vc_custom_1599224534580{margin-top: 20px !important;margin-bottom: 55px !important;}&#8221;]Creemos que el cliente verdaderamente es el centro de nuestra atenci\u00f3n.\u00a0En todas las decisiones que tomamos, el inter\u00e9s del cliente es\u00a0lo primero\u00a0para nosotros. Este enfoque combinado con nuestra experiencia nos hace por excelencia el socio de cooperaci\u00f3n [&hellip;]","og_url":"https:\/\/www.inter-iberica.com\/es\/calidad\/mision-vision\/","og_site_name":"Inter Iberica","article_modified_time":"2020-09-08T10:52:39+00:00","twitter_card":"summary_large_image","twitter_misc":{"Tiempo de lectura":"1 minuto"},"schema":{"@context":"https:\/\/schema.org","@graph":[{"@type":"WebPage","@id":"https:\/\/www.inter-iberica.com\/es\/calidad\/mision-vision\/","url":"https:\/\/www.inter-iberica.com\/es\/calidad\/mision-vision\/","name":"Misi\u00f3n & visi\u00f3n - Inter Iberica","isPartOf":{"@id":"https:\/\/www.inter-iberica.com\/#website"},"datePublished":"2020-02-17T13:57:30+00:00","dateModified":"2020-09-08T10:52:39+00:00","breadcrumb":{"@id":"https:\/\/www.inter-iberica.com\/es\/calidad\/mision-vision\/#breadcrumb"},"inLanguage":"es","potentialAction":[{"@type":"ReadAction","target":["https:\/\/www.inter-iberica.com\/es\/calidad\/mision-vision\/"]}]},{"@type":"BreadcrumbList","@id":"https:\/\/www.inter-iberica.com\/es\/calidad\/mision-vision\/#breadcrumb","itemListElement":[{"@type":"ListItem","position":1,"name":"Home","item":"https:\/\/www.inter-iberica.com\/es\/"},{"@type":"ListItem","position":2,"name":"Calidad","item":"https:\/\/www.inter-iberica.com\/es\/calidad\/"},{"@type":"ListItem","position":3,"name":"Misi\u00f3n &#038; visi\u00f3n"}]},{"@type":"WebSite","@id":"https:\/\/www.inter-iberica.com\/#website","url":"https:\/\/www.inter-iberica.com\/","name":"Inter Iberica","description":"","potentialAction":[{"@type":"SearchAction","target":{"@type":"EntryPoint","urlTemplate":"https:\/\/www.inter-iberica.com\/?s={search_term_string}"},"query-input":{"@type":"PropertyValueSpecification","valueRequired":true,"valueName":"search_term_string"}}],"inLanguage":"es"}]}},"_links":{"self":[{"href":"https:\/\/www.inter-iberica.com\/es\/wp-json\/wp\/v2\/pages\/2323","targetHints":{"allow":["GET"]}}],"collection":[{"href":"https:\/\/www.inter-iberica.com\/es\/wp-json\/wp\/v2\/pages"}],"about":[{"href":"https:\/\/www.inter-iberica.com\/es\/wp-json\/wp\/v2\/types\/page"}],"author":[{"embeddable":true,"href":"https:\/\/www.inter-iberica.com\/es\/wp-json\/wp\/v2\/users\/3"}],"replies":[{"embeddable":true,"href":"https:\/\/www.inter-iberica.com\/es\/wp-json\/wp\/v2\/comments?post=2323"}],"version-history":[{"count":7,"href":"https:\/\/www.inter-iberica.com\/es\/wp-json\/wp\/v2\/pages\/2323\/revisions"}],"predecessor-version":[{"id":3473,"href":"https:\/\/www.inter-iberica.com\/es\/wp-json\/wp\/v2\/pages\/2323\/revisions\/3473"}],"up":[{"embeddable":true,"href":"https:\/\/www.inter-iberica.com\/es\/wp-json\/wp\/v2\/pages\/2295"}],"wp:attachment":[{"href":"https:\/\/www.inter-iberica.com\/es\/wp-json\/wp\/v2\/media?parent=2323"}],"curies":[{"name":"wp","href":"https:\/\/api.w.org\/{rel}","templated":true}]}}

Misión &#038; visión

<div class="wpb-content-wrapper"><p>[vc_row][vc_column][cms_space space_lg=&#8221;66&#8243; space_md=&#8221;66&#8243; space_sm=&#8221;66&#8243; space_xs=&#8221;66&#8243;][cms_heading text=&#8221;Misión &amp; visión&#8221; title_font_size=&#8221;40px&#8221; title_line_height=&#8221;54px&#8221; cms_template=&#8221;cms_heading.php&#8221; el_class=&#8221;close-spacing&#8221; animation=&#8221;fadeInUp&#8221;][vc_column_text css_animation=&#8221;fadeInUp&#8221; css=&#8221;.vc_custom_1599224534580{margin-top: 20px !important;margin-bottom: 55px !important;}&#8221;]<span style="color: #000000;"><strong>Creemos que el cliente verdaderamente es el centro de nuestra atención.</strong> En todas las decisiones que tomamos, el interés del cliente es lo primero para nosotros. Este enfoque combinado con nuestra experiencia nos hace por excelencia el socio de cooperación fiable.</span></p>
<p><span style="color: #000000;">Debido a la pasión que ponemos en nuestro trabajo así como a la búsqueda continua de la perfección y alto rendimiento, la calidad de nuestros servicios sigue augmentando. Nos damos cuenta de los problemas logísticos, posibilidades y retos y por consiguiente no eludimos nada.</span></p>
<p><span style="color: #000000;">Nos interesamos no sólo por nuestro proprio sector, sino tambien estudiamos detenidamente el ramo de nuestro cliente. Ello nos permite adaptar nuestros servicios de manera óptima a los deseos del cliente.</span></p>
<p><span style="color: #000000;">Por eso la cooperación es un concepto importante para nosotros. No sólo con nuestros clientes, sino también con todas las partes interesadas en nuestros procesos. Con nosotros el contacto personal es de una importancia primordial.</span></p>
<p><span style="color: #000000;"><strong>Todo eso nos permite descargar el cliente de todos los problemas logísticos, puesto que podemos hacer función de ser una sola dirección para todas las actividades logísticas.</strong></span>[/vc_column_text][cms_button button_text=&#8221;Contacto&#8221; button_icon=&#8221;true&#8221; button_link=&#8221;url:%2Fcontacto%2F%3Flang%3Des|title:Contacto||&#8221; padding_right=&#8221;26px&#8221; padding_left=&#8221;26px&#8221; margin_top=&#8221;42px&#8221; animation=&#8221;fadeInUp&#8221;][vc_empty_space][/vc_column][/vc_row]</p>
</div>

<p>[vc_row][vc_column][cms_space space_lg=&#8221;66&#8243; space_md=&#8221;66&#8243; space_sm=&#8221;66&#8243; space_xs=&#8221;66&#8243;][cms_heading text=&#8221;Misión &amp; visión&#8221; title_font_size=&#8221;40px&#8221; title_line_height=&#8221;54px&#8221; cms_template=&#8221;cms_heading.php&#8221; el_class=&#8221;close-spacing&#8221; animation=&#8221;fadeInUp&#8221;][vc_column_text css_animation=&#8221;fadeInUp&#8221; css=&#8221;.vc_custom_1599224534580{margin-top: 20px !important;margin-bottom: 55px !important;}&#8221;]Creemos que el cliente verdaderamente es el centro de nuestra atención. En todas las decisiones que tomamos, el interés del cliente es lo primero para nosotros. Este enfoque combinado con nuestra experiencia nos hace por excelencia el socio de cooperación [&hellip;]</p>

<!-- This site is optimized with the Yoast SEO plugin v27.4 - https://yoast.com/product/yoast-seo-wordpress/ -->
<title>Misión &amp; visión - Inter Iberica</title>
<meta name="robots" content="index, follow, max-snippet:-1, max-image-preview:large, max-video-preview:-1" />
<link rel="canonical" href="https://www.inter-iberica.com/es/calidad/mision-vision/" />
<meta property="og:locale" content="es_ES" />
<meta property="og:type" content="article" />
<meta property="og:title" content="Misión &amp; visión - Inter Iberica" />
<meta property="og:description" content="[vc_row][vc_column][cms_space space_lg=&#8221;66&#8243; space_md=&#8221;66&#8243; space_sm=&#8221;66&#8243; space_xs=&#8221;66&#8243;][cms_heading text=&#8221;Misión &amp; visión&#8221; title_font_size=&#8221;40px&#8221; title_line_height=&#8221;54px&#8221; cms_template=&#8221;cms_heading.php&#8221; el_class=&#8221;close-spacing&#8221; animation=&#8221;fadeInUp&#8221;][vc_column_text css_animation=&#8221;fadeInUp&#8221; css=&#8221;.vc_custom_1599224534580{margin-top: 20px !important;margin-bottom: 55px !important;}&#8221;]Creemos que el cliente verdaderamente es el centro de nuestra atención. En todas las decisiones que tomamos, el interés del cliente es lo primero para nosotros. Este enfoque combinado con nuestra experiencia nos hace por excelencia el socio de cooperación [&hellip;]" />
<meta property="og:url" content="https://www.inter-iberica.com/es/calidad/mision-vision/" />
<meta property="og:site_name" content="Inter Iberica" />
<meta property="article:modified_time" content="2020-09-08T10:52:39+00:00" />
<meta name="twitter:card" content="summary_large_image" />
<meta name="twitter:label1" content="Tiempo de lectura" />
	<meta name="twitter:data1" content="1 minuto" />
<script type="application/ld+json" class="yoast-schema-graph">{"@context":"https:\/\/schema.org","@graph":[{"@type":"WebPage","@id":"https:\/\/www.inter-iberica.com\/es\/calidad\/mision-vision\/","url":"https:\/\/www.inter-iberica.com\/es\/calidad\/mision-vision\/","name":"Misión & visión - Inter Iberica","isPartOf":{"@id":"https:\/\/www.inter-iberica.com\/#website"},"datePublished":"2020-02-17T13:57:30+00:00","dateModified":"2020-09-08T10:52:39+00:00","breadcrumb":{"@id":"https:\/\/www.inter-iberica.com\/es\/calidad\/mision-vision\/#breadcrumb"},"inLanguage":"es","potentialAction":[{"@type":"ReadAction","target":["https:\/\/www.inter-iberica.com\/es\/calidad\/mision-vision\/"]}]},{"@type":"BreadcrumbList","@id":"https:\/\/www.inter-iberica.com\/es\/calidad\/mision-vision\/#breadcrumb","itemListElement":[{"@type":"ListItem","position":1,"name":"Home","item":"https:\/\/www.inter-iberica.com\/es\/"},{"@type":"ListItem","position":2,"name":"Calidad","item":"https:\/\/www.inter-iberica.com\/es\/calidad\/"},{"@type":"ListItem","position":3,"name":"Misión &#038; visión"}]},{"@type":"WebSite","@id":"https:\/\/www.inter-iberica.com\/#website","url":"https:\/\/www.inter-iberica.com\/","name":"Inter Iberica","description":"","potentialAction":[{"@type":"SearchAction","target":{"@type":"EntryPoint","urlTemplate":"https:\/\/www.inter-iberica.com\/?s={search_term_string}"},"query-input":{"@type":"PropertyValueSpecification","valueRequired":true,"valueName":"search_term_string"}}],"inLanguage":"es"}]}</script>
<!-- / Yoast SEO plugin. -->

Misión & visión - Inter Iberica

[vc_row][vc_column][cms_space space_lg=&#8221;66&#8243; space_md=&#8221;66&#8243; space_sm=&#8221;66&#8243; space_xs=&#8221;66&#8243;][cms_heading text=&#8221;Misión &amp; visión&#8221; title_font_size=&#8221;40px&#8221; title_line_height=&#8221;54px&#8221; cms_template=&#8221;cms_heading.php&#8221; el_class=&#8221;close-spacing&#8221; animation=&#8221;fadeInUp&#8221;][vc_column_text css_animation=&#8221;fadeInUp&#8221; css=&#8221;.vc_custom_1599224534580{margin-top: 20px !important;margin-bottom: 55px !important;}&#8221;]Creemos que el cliente verdaderamente es el centro de nuestra atención. En todas las decisiones que tomamos, el interés del cliente es lo primero para nosotros. Este enfoque combinado con nuestra experiencia nos hace por excelencia el socio de cooperación [&hellip;]
