{"id":2190,"date":"2020-04-30T11:13:08","date_gmt":"2020-04-30T11:13:08","guid":{"rendered":"https:\/\/www.inter-iberica.com\/servicios\/warehousing\/"},"modified":"2020-09-08T10:44:19","modified_gmt":"2020-09-08T10:44:19","slug":"almacenamiento","status":"publish","type":"page","link":"https:\/\/www.inter-iberica.com\/es\/servicios\/almacenamiento\/","title":{"rendered":"Almacenamiento"},"content":{"rendered":"<div class=\"wpb-content-wrapper\"><p>[vc_row][vc_column css=&#8221;.vc_custom_1552704895602{margin-top: -5px !important;}&#8221;][cms_heading text=&#8221;Almacenamiento&#8221; tag=&#8221;h4&#8243; text_color=&#8221;#222222&#8243; cms_template=&#8221;cms_heading.php&#8221;][vc_column_text css=&#8221;.vc_custom_1594505378827{margin-bottom: 22px !important;}&#8221;]A ruego Inter-Iberica se encargar\u00e1 de todas las tareas desde la recepci\u00f3n del pedido, tal como el transbordo, las existencias, la administraci\u00f3n de las existencias, el embalaje, el etiquetado, hasta incluso la facturaci\u00f3n. Adem\u00e1s de un parque de veh\u00edculos moderno, tenemos a nuestra disposici\u00f3n varias facilidades de existencias y de transferencia condicionadas y no condicionadas en lugares geogr\u00e1ficamente estrat\u00e9gicas. Al mismo tiempo nos valemos de sistemas eficientes de automatizaci\u00f3n y de informatizaci\u00f3n.<\/p>\n<p>Almacenamiento significa con nosotros:<\/p>\n<ul>\n<li>El cliente puede ir a nuestra empresa con las existencias de producci\u00f3n o de mercanc\u00edas.<\/li>\n<li>A ruego le quitamos al cliente de entre las manos la gesti\u00f3n de los datos de las existencias.<\/li>\n<li>Bajo el sistema de vigilancia de la c\u00e1mara.<\/li>\n<li>Con el certificado de la Tapa.<\/li>\n<li>Con sistema de gesti\u00f3n de almac\u00e9n.<\/li>\n<li>Tomar nota de las existencias actuales por medio 24 horas al d\u00eda.<\/li>\n<li>Entregar las existencias a petici\u00f3n.<\/li>\n<li>Los acuerdos de entrega hechos con los clientes pueden ser cumplidos justo a tiempo (Just in Time).<\/li>\n<\/ul>\n<p>De esta manera les ofrecemos una capacidad que permite la colocaci\u00f3n de transporte y almacenamiento a Inter-Iberica sciendo una combinaci\u00f3n atrayente e interesante para Uds. Pues hacer los negocios con un solo partido les ofrece claridad y velocidad.[\/vc_column_text][\/vc_column][\/vc_row]<\/p>\n<\/div>","protected":false},"excerpt":{"rendered":"<p>[vc_row][vc_column css=&#8221;.vc_custom_1552704895602{margin-top: -5px !important;}&#8221;][cms_heading text=&#8221;Almacenamiento&#8221; tag=&#8221;h4&#8243; text_color=&#8221;#222222&#8243; cms_template=&#8221;cms_heading.php&#8221;][vc_column_text css=&#8221;.vc_custom_1594505378827{margin-bottom: 22px !important;}&#8221;]A ruego Inter-Iberica se encargar\u00e1 de todas las tareas desde la recepci\u00f3n del pedido, tal como el transbordo, las existencias, la administraci\u00f3n de las existencias, el embalaje, el etiquetado, hasta incluso la facturaci\u00f3n. Adem\u00e1s de un parque de veh\u00edculos moderno, tenemos a nuestra disposici\u00f3n varias [&hellip;]<\/p>\n","protected":false},"author":3,"featured_media":0,"parent":2117,"menu_order":0,"comment_status":"closed","ping_status":"closed","template":"","meta":{"footnotes":""},"class_list":["post-2190","page","type-page","status-publish","hentry"],"yoast_head":"<!-- This site is optimized with the Yoast SEO plugin v27.4 - https:\/\/yoast.com\/product\/yoast-seo-wordpress\/ -->\n<title>Almacenamiento - Inter Iberica<\/title>\n<meta name=\"robots\" content=\"index, follow, max-snippet:-1, max-image-preview:large, max-video-preview:-1\" \/>\n<link rel=\"canonical\" href=\"https:\/\/www.inter-iberica.com\/es\/servicios\/almacenamiento\/\" \/>\n<meta property=\"og:locale\" content=\"es_ES\" \/>\n<meta property=\"og:type\" content=\"article\" \/>\n<meta property=\"og:title\" content=\"Almacenamiento - Inter Iberica\" \/>\n<meta property=\"og:description\" content=\"[vc_row][vc_column css=&#8221;.vc_custom_1552704895602{margin-top: -5px !important;}&#8221;][cms_heading text=&#8221;Almacenamiento&#8221; tag=&#8221;h4&#8243; text_color=&#8221;#222222&#8243; cms_template=&#8221;cms_heading.php&#8221;][vc_column_text css=&#8221;.vc_custom_1594505378827{margin-bottom: 22px !important;}&#8221;]A ruego Inter-Iberica se encargar\u00e1 de todas las tareas desde la recepci\u00f3n del pedido, tal como el transbordo, las existencias, la administraci\u00f3n de las existencias, el embalaje, el etiquetado, hasta incluso la facturaci\u00f3n. Adem\u00e1s de un parque de veh\u00edculos moderno, tenemos a nuestra disposici\u00f3n varias [&hellip;]\" \/>\n<meta property=\"og:url\" content=\"https:\/\/www.inter-iberica.com\/es\/servicios\/almacenamiento\/\" \/>\n<meta property=\"og:site_name\" content=\"Inter Iberica\" \/>\n<meta property=\"article:modified_time\" content=\"2020-09-08T10:44:19+00:00\" \/>\n<meta name=\"twitter:card\" content=\"summary_large_image\" \/>\n<meta name=\"twitter:label1\" content=\"Tiempo de lectura\" \/>\n\t<meta name=\"twitter:data1\" content=\"1 minuto\" \/>\n<script type=\"application\/ld+json\" class=\"yoast-schema-graph\">{\"@context\":\"https:\\\/\\\/schema.org\",\"@graph\":[{\"@type\":\"WebPage\",\"@id\":\"https:\\\/\\\/www.inter-iberica.com\\\/es\\\/servicios\\\/almacenamiento\\\/\",\"url\":\"https:\\\/\\\/www.inter-iberica.com\\\/es\\\/servicios\\\/almacenamiento\\\/\",\"name\":\"Almacenamiento - Inter Iberica\",\"isPartOf\":{\"@id\":\"https:\\\/\\\/www.inter-iberica.com\\\/#website\"},\"datePublished\":\"2020-04-30T11:13:08+00:00\",\"dateModified\":\"2020-09-08T10:44:19+00:00\",\"breadcrumb\":{\"@id\":\"https:\\\/\\\/www.inter-iberica.com\\\/es\\\/servicios\\\/almacenamiento\\\/#breadcrumb\"},\"inLanguage\":\"es\",\"potentialAction\":[{\"@type\":\"ReadAction\",\"target\":[\"https:\\\/\\\/www.inter-iberica.com\\\/es\\\/servicios\\\/almacenamiento\\\/\"]}]},{\"@type\":\"BreadcrumbList\",\"@id\":\"https:\\\/\\\/www.inter-iberica.com\\\/es\\\/servicios\\\/almacenamiento\\\/#breadcrumb\",\"itemListElement\":[{\"@type\":\"ListItem\",\"position\":1,\"name\":\"Home\",\"item\":\"https:\\\/\\\/www.inter-iberica.com\\\/es\\\/\"},{\"@type\":\"ListItem\",\"position\":2,\"name\":\"Servicios\",\"item\":\"https:\\\/\\\/www.inter-iberica.com\\\/es\\\/servicios\\\/\"},{\"@type\":\"ListItem\",\"position\":3,\"name\":\"Almacenamiento\"}]},{\"@type\":\"WebSite\",\"@id\":\"https:\\\/\\\/www.inter-iberica.com\\\/#website\",\"url\":\"https:\\\/\\\/www.inter-iberica.com\\\/\",\"name\":\"Inter Iberica\",\"description\":\"\",\"potentialAction\":[{\"@type\":\"SearchAction\",\"target\":{\"@type\":\"EntryPoint\",\"urlTemplate\":\"https:\\\/\\\/www.inter-iberica.com\\\/?s={search_term_string}\"},\"query-input\":{\"@type\":\"PropertyValueSpecification\",\"valueRequired\":true,\"valueName\":\"search_term_string\"}}],\"inLanguage\":\"es\"}]}<\/script>\n<!-- \/ Yoast SEO plugin. -->","yoast_head_json":{"title":"Almacenamiento - Inter Iberica","robots":{"index":"index","follow":"follow","max-snippet":"max-snippet:-1","max-image-preview":"max-image-preview:large","max-video-preview":"max-video-preview:-1"},"canonical":"https:\/\/www.inter-iberica.com\/es\/servicios\/almacenamiento\/","og_locale":"es_ES","og_type":"article","og_title":"Almacenamiento - Inter Iberica","og_description":"[vc_row][vc_column css=&#8221;.vc_custom_1552704895602{margin-top: -5px !important;}&#8221;][cms_heading text=&#8221;Almacenamiento&#8221; tag=&#8221;h4&#8243; text_color=&#8221;#222222&#8243; cms_template=&#8221;cms_heading.php&#8221;][vc_column_text css=&#8221;.vc_custom_1594505378827{margin-bottom: 22px !important;}&#8221;]A ruego Inter-Iberica se encargar\u00e1 de todas las tareas desde la recepci\u00f3n del pedido, tal como el transbordo, las existencias, la administraci\u00f3n de las existencias, el embalaje, el etiquetado, hasta incluso la facturaci\u00f3n. Adem\u00e1s de un parque de veh\u00edculos moderno, tenemos a nuestra disposici\u00f3n varias [&hellip;]","og_url":"https:\/\/www.inter-iberica.com\/es\/servicios\/almacenamiento\/","og_site_name":"Inter Iberica","article_modified_time":"2020-09-08T10:44:19+00:00","twitter_card":"summary_large_image","twitter_misc":{"Tiempo de lectura":"1 minuto"},"schema":{"@context":"https:\/\/schema.org","@graph":[{"@type":"WebPage","@id":"https:\/\/www.inter-iberica.com\/es\/servicios\/almacenamiento\/","url":"https:\/\/www.inter-iberica.com\/es\/servicios\/almacenamiento\/","name":"Almacenamiento - Inter Iberica","isPartOf":{"@id":"https:\/\/www.inter-iberica.com\/#website"},"datePublished":"2020-04-30T11:13:08+00:00","dateModified":"2020-09-08T10:44:19+00:00","breadcrumb":{"@id":"https:\/\/www.inter-iberica.com\/es\/servicios\/almacenamiento\/#breadcrumb"},"inLanguage":"es","potentialAction":[{"@type":"ReadAction","target":["https:\/\/www.inter-iberica.com\/es\/servicios\/almacenamiento\/"]}]},{"@type":"BreadcrumbList","@id":"https:\/\/www.inter-iberica.com\/es\/servicios\/almacenamiento\/#breadcrumb","itemListElement":[{"@type":"ListItem","position":1,"name":"Home","item":"https:\/\/www.inter-iberica.com\/es\/"},{"@type":"ListItem","position":2,"name":"Servicios","item":"https:\/\/www.inter-iberica.com\/es\/servicios\/"},{"@type":"ListItem","position":3,"name":"Almacenamiento"}]},{"@type":"WebSite","@id":"https:\/\/www.inter-iberica.com\/#website","url":"https:\/\/www.inter-iberica.com\/","name":"Inter Iberica","description":"","potentialAction":[{"@type":"SearchAction","target":{"@type":"EntryPoint","urlTemplate":"https:\/\/www.inter-iberica.com\/?s={search_term_string}"},"query-input":{"@type":"PropertyValueSpecification","valueRequired":true,"valueName":"search_term_string"}}],"inLanguage":"es"}]}},"_links":{"self":[{"href":"https:\/\/www.inter-iberica.com\/es\/wp-json\/wp\/v2\/pages\/2190","targetHints":{"allow":["GET"]}}],"collection":[{"href":"https:\/\/www.inter-iberica.com\/es\/wp-json\/wp\/v2\/pages"}],"about":[{"href":"https:\/\/www.inter-iberica.com\/es\/wp-json\/wp\/v2\/types\/page"}],"author":[{"embeddable":true,"href":"https:\/\/www.inter-iberica.com\/es\/wp-json\/wp\/v2\/users\/3"}],"replies":[{"embeddable":true,"href":"https:\/\/www.inter-iberica.com\/es\/wp-json\/wp\/v2\/comments?post=2190"}],"version-history":[{"count":5,"href":"https:\/\/www.inter-iberica.com\/es\/wp-json\/wp\/v2\/pages\/2190\/revisions"}],"predecessor-version":[{"id":3348,"href":"https:\/\/www.inter-iberica.com\/es\/wp-json\/wp\/v2\/pages\/2190\/revisions\/3348"}],"up":[{"embeddable":true,"href":"https:\/\/www.inter-iberica.com\/es\/wp-json\/wp\/v2\/pages\/2117"}],"wp:attachment":[{"href":"https:\/\/www.inter-iberica.com\/es\/wp-json\/wp\/v2\/media?parent=2190"}],"curies":[{"name":"wp","href":"https:\/\/api.w.org\/{rel}","templated":true}]}}

<div class="wpb-content-wrapper"><p>[vc_row][vc_column css=&#8221;.vc_custom_1552704895602{margin-top: -5px !important;}&#8221;][cms_heading text=&#8221;Almacenamiento&#8221; tag=&#8221;h4&#8243; text_color=&#8221;#222222&#8243; cms_template=&#8221;cms_heading.php&#8221;][vc_column_text css=&#8221;.vc_custom_1594505378827{margin-bottom: 22px !important;}&#8221;]A ruego Inter-Iberica se encargará de todas las tareas desde la recepción del pedido, tal como el transbordo, las existencias, la administración de las existencias, el embalaje, el etiquetado, hasta incluso la facturación. Además de un parque de vehículos moderno, tenemos a nuestra disposición varias facilidades de existencias y de transferencia condicionadas y no condicionadas en lugares geográficamente estratégicas. Al mismo tiempo nos valemos de sistemas eficientes de automatización y de informatización.</p>
<p>Almacenamiento significa con nosotros:</p>
<ul>
<li>El cliente puede ir a nuestra empresa con las existencias de producción o de mercancías.</li>
<li>A ruego le quitamos al cliente de entre las manos la gestión de los datos de las existencias.</li>
<li>Bajo el sistema de vigilancia de la cámara.</li>
<li>Con el certificado de la Tapa.</li>
<li>Con sistema de gestión de almacén.</li>
<li>Tomar nota de las existencias actuales por medio 24 horas al día.</li>
<li>Entregar las existencias a petición.</li>
<li>Los acuerdos de entrega hechos con los clientes pueden ser cumplidos justo a tiempo (Just in Time).</li>
</ul>
<p>De esta manera les ofrecemos una capacidad que permite la colocación de transporte y almacenamiento a Inter-Iberica sciendo una combinación atrayente e interesante para Uds. Pues hacer los negocios con un solo partido les ofrece claridad y velocidad.[/vc_column_text][/vc_column][/vc_row]</p>
</div>

<p>[vc_row][vc_column css=&#8221;.vc_custom_1552704895602{margin-top: -5px !important;}&#8221;][cms_heading text=&#8221;Almacenamiento&#8221; tag=&#8221;h4&#8243; text_color=&#8221;#222222&#8243; cms_template=&#8221;cms_heading.php&#8221;][vc_column_text css=&#8221;.vc_custom_1594505378827{margin-bottom: 22px !important;}&#8221;]A ruego Inter-Iberica se encargará de todas las tareas desde la recepción del pedido, tal como el transbordo, las existencias, la administración de las existencias, el embalaje, el etiquetado, hasta incluso la facturación. Además de un parque de vehículos moderno, tenemos a nuestra disposición varias [&hellip;]</p>

<!-- This site is optimized with the Yoast SEO plugin v27.4 - https://yoast.com/product/yoast-seo-wordpress/ -->
<title>Almacenamiento - Inter Iberica</title>
<meta name="robots" content="index, follow, max-snippet:-1, max-image-preview:large, max-video-preview:-1" />
<link rel="canonical" href="https://www.inter-iberica.com/es/servicios/almacenamiento/" />
<meta property="og:locale" content="es_ES" />
<meta property="og:type" content="article" />
<meta property="og:title" content="Almacenamiento - Inter Iberica" />
<meta property="og:description" content="[vc_row][vc_column css=&#8221;.vc_custom_1552704895602{margin-top: -5px !important;}&#8221;][cms_heading text=&#8221;Almacenamiento&#8221; tag=&#8221;h4&#8243; text_color=&#8221;#222222&#8243; cms_template=&#8221;cms_heading.php&#8221;][vc_column_text css=&#8221;.vc_custom_1594505378827{margin-bottom: 22px !important;}&#8221;]A ruego Inter-Iberica se encargará de todas las tareas desde la recepción del pedido, tal como el transbordo, las existencias, la administración de las existencias, el embalaje, el etiquetado, hasta incluso la facturación. Además de un parque de vehículos moderno, tenemos a nuestra disposición varias [&hellip;]" />
<meta property="og:url" content="https://www.inter-iberica.com/es/servicios/almacenamiento/" />
<meta property="og:site_name" content="Inter Iberica" />
<meta property="article:modified_time" content="2020-09-08T10:44:19+00:00" />
<meta name="twitter:card" content="summary_large_image" />
<meta name="twitter:label1" content="Tiempo de lectura" />
	<meta name="twitter:data1" content="1 minuto" />
<script type="application/ld+json" class="yoast-schema-graph">{"@context":"https:\/\/schema.org","@graph":[{"@type":"WebPage","@id":"https:\/\/www.inter-iberica.com\/es\/servicios\/almacenamiento\/","url":"https:\/\/www.inter-iberica.com\/es\/servicios\/almacenamiento\/","name":"Almacenamiento - Inter Iberica","isPartOf":{"@id":"https:\/\/www.inter-iberica.com\/#website"},"datePublished":"2020-04-30T11:13:08+00:00","dateModified":"2020-09-08T10:44:19+00:00","breadcrumb":{"@id":"https:\/\/www.inter-iberica.com\/es\/servicios\/almacenamiento\/#breadcrumb"},"inLanguage":"es","potentialAction":[{"@type":"ReadAction","target":["https:\/\/www.inter-iberica.com\/es\/servicios\/almacenamiento\/"]}]},{"@type":"BreadcrumbList","@id":"https:\/\/www.inter-iberica.com\/es\/servicios\/almacenamiento\/#breadcrumb","itemListElement":[{"@type":"ListItem","position":1,"name":"Home","item":"https:\/\/www.inter-iberica.com\/es\/"},{"@type":"ListItem","position":2,"name":"Servicios","item":"https:\/\/www.inter-iberica.com\/es\/servicios\/"},{"@type":"ListItem","position":3,"name":"Almacenamiento"}]},{"@type":"WebSite","@id":"https:\/\/www.inter-iberica.com\/#website","url":"https:\/\/www.inter-iberica.com\/","name":"Inter Iberica","description":"","potentialAction":[{"@type":"SearchAction","target":{"@type":"EntryPoint","urlTemplate":"https:\/\/www.inter-iberica.com\/?s={search_term_string}"},"query-input":{"@type":"PropertyValueSpecification","valueRequired":true,"valueName":"search_term_string"}}],"inLanguage":"es"}]}</script>
<!-- / Yoast SEO plugin. -->

[vc_row][vc_column css=&#8221;.vc_custom_1552704895602{margin-top: -5px !important;}&#8221;][cms_heading text=&#8221;Almacenamiento&#8221; tag=&#8221;h4&#8243; text_color=&#8221;#222222&#8243; cms_template=&#8221;cms_heading.php&#8221;][vc_column_text css=&#8221;.vc_custom_1594505378827{margin-bottom: 22px !important;}&#8221;]A ruego Inter-Iberica se encargará de todas las tareas desde la recepción del pedido, tal como el transbordo, las existencias, la administración de las existencias, el embalaje, el etiquetado, hasta incluso la facturación. Además de un parque de vehículos moderno, tenemos a nuestra disposición varias [&hellip;]
