{"id":2177,"date":"2020-04-30T11:06:35","date_gmt":"2020-04-30T11:06:35","guid":{"rendered":"https:\/\/www.inter-iberica.com\/servicios\/vervoer-gevaarlijke-stoffen-adr\/"},"modified":"2020-08-26T16:41:52","modified_gmt":"2020-08-26T16:41:52","slug":"transporte-de-substancias-peligrosas-adr","status":"publish","type":"page","link":"https:\/\/www.inter-iberica.com\/es\/servicios\/transporte-de-substancias-peligrosas-adr\/","title":{"rendered":"Transporte de substancias peligrosas (ADR)"},"content":{"rendered":"<div class=\"wpb-content-wrapper\"><p>[vc_row][vc_column css=&#8221;.vc_custom_1552704895602{margin-top: -5px !important;}&#8221;][cms_heading text=&#8221;Transporte de substancias peligrosas (ADR)&#8221; tag=&#8221;h4&#8243; text_color=&#8221;#222222&#8243; cms_template=&#8221;cms_heading.php&#8221;][vc_column_text css=&#8221;.vc_custom_1594504657803{margin-bottom: 22px !important;}&#8221;]Inter-Iberica tiene todos los certicados, productos auxiliares y conocimientos especiales del ramo para ejecutar los transportes ADR. Con eso podemos servirles tambi\u00e9n al transportar los substancias qu\u00edmicas y peligrosas. Todos los camiones est\u00e1n equipados para los transportes ADR, para que Uds. tambi\u00e9n para sus transportes ADR saquen provechos de nuestra versatilidad. Nuestros conductores as\u00ed como el personal acompa\u00f1ante est\u00e1n muy al d\u00eda cuando se trata de los documentos necesarios y naturalmente est\u00e1n al tanto de las exigencias de seguridad m\u00e1s recientes.[\/vc_column_text][\/vc_column][\/vc_row]<\/p>\n<\/div>","protected":false},"excerpt":{"rendered":"<p>[vc_row][vc_column css=&#8221;.vc_custom_1552704895602{margin-top: -5px !important;}&#8221;][cms_heading text=&#8221;Transporte de substancias peligrosas (ADR)&#8221; tag=&#8221;h4&#8243; text_color=&#8221;#222222&#8243; cms_template=&#8221;cms_heading.php&#8221;][vc_column_text css=&#8221;.vc_custom_1594504657803{margin-bottom: 22px !important;}&#8221;]Inter-Iberica tiene todos los certicados, productos auxiliares y conocimientos especiales del ramo para ejecutar los transportes ADR. Con eso podemos servirles tambi\u00e9n al transportar los substancias qu\u00edmicas y peligrosas. Todos los camiones est\u00e1n equipados para los transportes ADR, para que Uds. [&hellip;]<\/p>\n","protected":false},"author":3,"featured_media":0,"parent":2117,"menu_order":0,"comment_status":"closed","ping_status":"closed","template":"","meta":{"footnotes":""},"class_list":["post-2177","page","type-page","status-publish","hentry"],"yoast_head":"<!-- This site is optimized with the Yoast SEO plugin v27.4 - https:\/\/yoast.com\/product\/yoast-seo-wordpress\/ -->\n<title>Transporte de substancias peligrosas (ADR) - Inter Iberica<\/title>\n<meta name=\"robots\" content=\"index, follow, max-snippet:-1, max-image-preview:large, max-video-preview:-1\" \/>\n<link rel=\"canonical\" href=\"https:\/\/www.inter-iberica.com\/es\/servicios\/transporte-de-substancias-peligrosas-adr\/\" \/>\n<meta property=\"og:locale\" content=\"es_ES\" \/>\n<meta property=\"og:type\" content=\"article\" \/>\n<meta property=\"og:title\" content=\"Transporte de substancias peligrosas (ADR) - Inter Iberica\" \/>\n<meta property=\"og:description\" content=\"[vc_row][vc_column css=&#8221;.vc_custom_1552704895602{margin-top: -5px !important;}&#8221;][cms_heading text=&#8221;Transporte de substancias peligrosas (ADR)&#8221; tag=&#8221;h4&#8243; text_color=&#8221;#222222&#8243; cms_template=&#8221;cms_heading.php&#8221;][vc_column_text css=&#8221;.vc_custom_1594504657803{margin-bottom: 22px !important;}&#8221;]Inter-Iberica tiene todos los certicados, productos auxiliares y conocimientos especiales del ramo para ejecutar los transportes ADR. Con eso podemos servirles tambi\u00e9n al transportar los substancias qu\u00edmicas y peligrosas. Todos los camiones est\u00e1n equipados para los transportes ADR, para que Uds. [&hellip;]\" \/>\n<meta property=\"og:url\" content=\"https:\/\/www.inter-iberica.com\/es\/servicios\/transporte-de-substancias-peligrosas-adr\/\" \/>\n<meta property=\"og:site_name\" content=\"Inter Iberica\" \/>\n<meta property=\"article:modified_time\" content=\"2020-08-26T16:41:52+00:00\" \/>\n<meta name=\"twitter:card\" content=\"summary_large_image\" \/>\n<meta name=\"twitter:label1\" content=\"Tiempo de lectura\" \/>\n\t<meta name=\"twitter:data1\" content=\"1 minuto\" \/>\n<script type=\"application\/ld+json\" class=\"yoast-schema-graph\">{\"@context\":\"https:\\\/\\\/schema.org\",\"@graph\":[{\"@type\":\"WebPage\",\"@id\":\"https:\\\/\\\/www.inter-iberica.com\\\/es\\\/servicios\\\/transporte-de-substancias-peligrosas-adr\\\/\",\"url\":\"https:\\\/\\\/www.inter-iberica.com\\\/es\\\/servicios\\\/transporte-de-substancias-peligrosas-adr\\\/\",\"name\":\"Transporte de substancias peligrosas (ADR) - Inter Iberica\",\"isPartOf\":{\"@id\":\"https:\\\/\\\/www.inter-iberica.com\\\/#website\"},\"datePublished\":\"2020-04-30T11:06:35+00:00\",\"dateModified\":\"2020-08-26T16:41:52+00:00\",\"breadcrumb\":{\"@id\":\"https:\\\/\\\/www.inter-iberica.com\\\/es\\\/servicios\\\/transporte-de-substancias-peligrosas-adr\\\/#breadcrumb\"},\"inLanguage\":\"es\",\"potentialAction\":[{\"@type\":\"ReadAction\",\"target\":[\"https:\\\/\\\/www.inter-iberica.com\\\/es\\\/servicios\\\/transporte-de-substancias-peligrosas-adr\\\/\"]}]},{\"@type\":\"BreadcrumbList\",\"@id\":\"https:\\\/\\\/www.inter-iberica.com\\\/es\\\/servicios\\\/transporte-de-substancias-peligrosas-adr\\\/#breadcrumb\",\"itemListElement\":[{\"@type\":\"ListItem\",\"position\":1,\"name\":\"Home\",\"item\":\"https:\\\/\\\/www.inter-iberica.com\\\/es\\\/\"},{\"@type\":\"ListItem\",\"position\":2,\"name\":\"Servicios\",\"item\":\"https:\\\/\\\/www.inter-iberica.com\\\/es\\\/servicios\\\/\"},{\"@type\":\"ListItem\",\"position\":3,\"name\":\"Transporte de substancias peligrosas (ADR)\"}]},{\"@type\":\"WebSite\",\"@id\":\"https:\\\/\\\/www.inter-iberica.com\\\/#website\",\"url\":\"https:\\\/\\\/www.inter-iberica.com\\\/\",\"name\":\"Inter Iberica\",\"description\":\"\",\"potentialAction\":[{\"@type\":\"SearchAction\",\"target\":{\"@type\":\"EntryPoint\",\"urlTemplate\":\"https:\\\/\\\/www.inter-iberica.com\\\/?s={search_term_string}\"},\"query-input\":{\"@type\":\"PropertyValueSpecification\",\"valueRequired\":true,\"valueName\":\"search_term_string\"}}],\"inLanguage\":\"es\"}]}<\/script>\n<!-- \/ Yoast SEO plugin. -->","yoast_head_json":{"title":"Transporte de substancias peligrosas (ADR) - Inter Iberica","robots":{"index":"index","follow":"follow","max-snippet":"max-snippet:-1","max-image-preview":"max-image-preview:large","max-video-preview":"max-video-preview:-1"},"canonical":"https:\/\/www.inter-iberica.com\/es\/servicios\/transporte-de-substancias-peligrosas-adr\/","og_locale":"es_ES","og_type":"article","og_title":"Transporte de substancias peligrosas (ADR) - Inter Iberica","og_description":"[vc_row][vc_column css=&#8221;.vc_custom_1552704895602{margin-top: -5px !important;}&#8221;][cms_heading text=&#8221;Transporte de substancias peligrosas (ADR)&#8221; tag=&#8221;h4&#8243; text_color=&#8221;#222222&#8243; cms_template=&#8221;cms_heading.php&#8221;][vc_column_text css=&#8221;.vc_custom_1594504657803{margin-bottom: 22px !important;}&#8221;]Inter-Iberica tiene todos los certicados, productos auxiliares y conocimientos especiales del ramo para ejecutar los transportes ADR. Con eso podemos servirles tambi\u00e9n al transportar los substancias qu\u00edmicas y peligrosas. Todos los camiones est\u00e1n equipados para los transportes ADR, para que Uds. [&hellip;]","og_url":"https:\/\/www.inter-iberica.com\/es\/servicios\/transporte-de-substancias-peligrosas-adr\/","og_site_name":"Inter Iberica","article_modified_time":"2020-08-26T16:41:52+00:00","twitter_card":"summary_large_image","twitter_misc":{"Tiempo de lectura":"1 minuto"},"schema":{"@context":"https:\/\/schema.org","@graph":[{"@type":"WebPage","@id":"https:\/\/www.inter-iberica.com\/es\/servicios\/transporte-de-substancias-peligrosas-adr\/","url":"https:\/\/www.inter-iberica.com\/es\/servicios\/transporte-de-substancias-peligrosas-adr\/","name":"Transporte de substancias peligrosas (ADR) - Inter Iberica","isPartOf":{"@id":"https:\/\/www.inter-iberica.com\/#website"},"datePublished":"2020-04-30T11:06:35+00:00","dateModified":"2020-08-26T16:41:52+00:00","breadcrumb":{"@id":"https:\/\/www.inter-iberica.com\/es\/servicios\/transporte-de-substancias-peligrosas-adr\/#breadcrumb"},"inLanguage":"es","potentialAction":[{"@type":"ReadAction","target":["https:\/\/www.inter-iberica.com\/es\/servicios\/transporte-de-substancias-peligrosas-adr\/"]}]},{"@type":"BreadcrumbList","@id":"https:\/\/www.inter-iberica.com\/es\/servicios\/transporte-de-substancias-peligrosas-adr\/#breadcrumb","itemListElement":[{"@type":"ListItem","position":1,"name":"Home","item":"https:\/\/www.inter-iberica.com\/es\/"},{"@type":"ListItem","position":2,"name":"Servicios","item":"https:\/\/www.inter-iberica.com\/es\/servicios\/"},{"@type":"ListItem","position":3,"name":"Transporte de substancias peligrosas (ADR)"}]},{"@type":"WebSite","@id":"https:\/\/www.inter-iberica.com\/#website","url":"https:\/\/www.inter-iberica.com\/","name":"Inter Iberica","description":"","potentialAction":[{"@type":"SearchAction","target":{"@type":"EntryPoint","urlTemplate":"https:\/\/www.inter-iberica.com\/?s={search_term_string}"},"query-input":{"@type":"PropertyValueSpecification","valueRequired":true,"valueName":"search_term_string"}}],"inLanguage":"es"}]}},"_links":{"self":[{"href":"https:\/\/www.inter-iberica.com\/es\/wp-json\/wp\/v2\/pages\/2177","targetHints":{"allow":["GET"]}}],"collection":[{"href":"https:\/\/www.inter-iberica.com\/es\/wp-json\/wp\/v2\/pages"}],"about":[{"href":"https:\/\/www.inter-iberica.com\/es\/wp-json\/wp\/v2\/types\/page"}],"author":[{"embeddable":true,"href":"https:\/\/www.inter-iberica.com\/es\/wp-json\/wp\/v2\/users\/3"}],"replies":[{"embeddable":true,"href":"https:\/\/www.inter-iberica.com\/es\/wp-json\/wp\/v2\/comments?post=2177"}],"version-history":[{"count":3,"href":"https:\/\/www.inter-iberica.com\/es\/wp-json\/wp\/v2\/pages\/2177\/revisions"}],"predecessor-version":[{"id":3313,"href":"https:\/\/www.inter-iberica.com\/es\/wp-json\/wp\/v2\/pages\/2177\/revisions\/3313"}],"up":[{"embeddable":true,"href":"https:\/\/www.inter-iberica.com\/es\/wp-json\/wp\/v2\/pages\/2117"}],"wp:attachment":[{"href":"https:\/\/www.inter-iberica.com\/es\/wp-json\/wp\/v2\/media?parent=2177"}],"curies":[{"name":"wp","href":"https:\/\/api.w.org\/{rel}","templated":true}]}}

<div class="wpb-content-wrapper"><p>[vc_row][vc_column css=&#8221;.vc_custom_1552704895602{margin-top: -5px !important;}&#8221;][cms_heading text=&#8221;Transporte de substancias peligrosas (ADR)&#8221; tag=&#8221;h4&#8243; text_color=&#8221;#222222&#8243; cms_template=&#8221;cms_heading.php&#8221;][vc_column_text css=&#8221;.vc_custom_1594504657803{margin-bottom: 22px !important;}&#8221;]Inter-Iberica tiene todos los certicados, productos auxiliares y conocimientos especiales del ramo para ejecutar los transportes ADR. Con eso podemos servirles también al transportar los substancias químicas y peligrosas. Todos los camiones están equipados para los transportes ADR, para que Uds. también para sus transportes ADR saquen provechos de nuestra versatilidad. Nuestros conductores así como el personal acompañante están muy al día cuando se trata de los documentos necesarios y naturalmente están al tanto de las exigencias de seguridad más recientes.[/vc_column_text][/vc_column][/vc_row]</p>
</div>

<p>[vc_row][vc_column css=&#8221;.vc_custom_1552704895602{margin-top: -5px !important;}&#8221;][cms_heading text=&#8221;Transporte de substancias peligrosas (ADR)&#8221; tag=&#8221;h4&#8243; text_color=&#8221;#222222&#8243; cms_template=&#8221;cms_heading.php&#8221;][vc_column_text css=&#8221;.vc_custom_1594504657803{margin-bottom: 22px !important;}&#8221;]Inter-Iberica tiene todos los certicados, productos auxiliares y conocimientos especiales del ramo para ejecutar los transportes ADR. Con eso podemos servirles también al transportar los substancias químicas y peligrosas. Todos los camiones están equipados para los transportes ADR, para que Uds. [&hellip;]</p>

<!-- This site is optimized with the Yoast SEO plugin v27.4 - https://yoast.com/product/yoast-seo-wordpress/ -->
<title>Transporte de substancias peligrosas (ADR) - Inter Iberica</title>
<meta name="robots" content="index, follow, max-snippet:-1, max-image-preview:large, max-video-preview:-1" />
<link rel="canonical" href="https://www.inter-iberica.com/es/servicios/transporte-de-substancias-peligrosas-adr/" />
<meta property="og:locale" content="es_ES" />
<meta property="og:type" content="article" />
<meta property="og:title" content="Transporte de substancias peligrosas (ADR) - Inter Iberica" />
<meta property="og:description" content="[vc_row][vc_column css=&#8221;.vc_custom_1552704895602{margin-top: -5px !important;}&#8221;][cms_heading text=&#8221;Transporte de substancias peligrosas (ADR)&#8221; tag=&#8221;h4&#8243; text_color=&#8221;#222222&#8243; cms_template=&#8221;cms_heading.php&#8221;][vc_column_text css=&#8221;.vc_custom_1594504657803{margin-bottom: 22px !important;}&#8221;]Inter-Iberica tiene todos los certicados, productos auxiliares y conocimientos especiales del ramo para ejecutar los transportes ADR. Con eso podemos servirles también al transportar los substancias químicas y peligrosas. Todos los camiones están equipados para los transportes ADR, para que Uds. [&hellip;]" />
<meta property="og:url" content="https://www.inter-iberica.com/es/servicios/transporte-de-substancias-peligrosas-adr/" />
<meta property="og:site_name" content="Inter Iberica" />
<meta property="article:modified_time" content="2020-08-26T16:41:52+00:00" />
<meta name="twitter:card" content="summary_large_image" />
<meta name="twitter:label1" content="Tiempo de lectura" />
	<meta name="twitter:data1" content="1 minuto" />
<script type="application/ld+json" class="yoast-schema-graph">{"@context":"https:\/\/schema.org","@graph":[{"@type":"WebPage","@id":"https:\/\/www.inter-iberica.com\/es\/servicios\/transporte-de-substancias-peligrosas-adr\/","url":"https:\/\/www.inter-iberica.com\/es\/servicios\/transporte-de-substancias-peligrosas-adr\/","name":"Transporte de substancias peligrosas (ADR) - Inter Iberica","isPartOf":{"@id":"https:\/\/www.inter-iberica.com\/#website"},"datePublished":"2020-04-30T11:06:35+00:00","dateModified":"2020-08-26T16:41:52+00:00","breadcrumb":{"@id":"https:\/\/www.inter-iberica.com\/es\/servicios\/transporte-de-substancias-peligrosas-adr\/#breadcrumb"},"inLanguage":"es","potentialAction":[{"@type":"ReadAction","target":["https:\/\/www.inter-iberica.com\/es\/servicios\/transporte-de-substancias-peligrosas-adr\/"]}]},{"@type":"BreadcrumbList","@id":"https:\/\/www.inter-iberica.com\/es\/servicios\/transporte-de-substancias-peligrosas-adr\/#breadcrumb","itemListElement":[{"@type":"ListItem","position":1,"name":"Home","item":"https:\/\/www.inter-iberica.com\/es\/"},{"@type":"ListItem","position":2,"name":"Servicios","item":"https:\/\/www.inter-iberica.com\/es\/servicios\/"},{"@type":"ListItem","position":3,"name":"Transporte de substancias peligrosas (ADR)"}]},{"@type":"WebSite","@id":"https:\/\/www.inter-iberica.com\/#website","url":"https:\/\/www.inter-iberica.com\/","name":"Inter Iberica","description":"","potentialAction":[{"@type":"SearchAction","target":{"@type":"EntryPoint","urlTemplate":"https:\/\/www.inter-iberica.com\/?s={search_term_string}"},"query-input":{"@type":"PropertyValueSpecification","valueRequired":true,"valueName":"search_term_string"}}],"inLanguage":"es"}]}</script>
<!-- / Yoast SEO plugin. -->

[vc_row][vc_column css=&#8221;.vc_custom_1552704895602{margin-top: -5px !important;}&#8221;][cms_heading text=&#8221;Transporte de substancias peligrosas (ADR)&#8221; tag=&#8221;h4&#8243; text_color=&#8221;#222222&#8243; cms_template=&#8221;cms_heading.php&#8221;][vc_column_text css=&#8221;.vc_custom_1594504657803{margin-bottom: 22px !important;}&#8221;]Inter-Iberica tiene todos los certicados, productos auxiliares y conocimientos especiales del ramo para ejecutar los transportes ADR. Con eso podemos servirles también al transportar los substancias químicas y peligrosas. Todos los camiones están equipados para los transportes ADR, para que Uds. [&hellip;]
