{"id":2144,"date":"2020-04-30T09:37:42","date_gmt":"2020-04-30T09:37:42","guid":{"rendered":"https:\/\/www.inter-iberica.com\/servicios\/geconditioneerd\/"},"modified":"2025-03-07T04:42:48","modified_gmt":"2025-03-07T04:42:48","slug":"transporte-acondicionado","status":"publish","type":"page","link":"https:\/\/www.inter-iberica.com\/es\/servicios\/transporte-acondicionado\/","title":{"rendered":"Transporte acondicionado"},"content":{"rendered":"<div class=\"wpb-content-wrapper\"><p>[vc_row][vc_column css=&#8221;.vc_custom_1552704895602{margin-top: -5px !important;}&#8221;][cms_heading text=&#8221;Transporte acondicionado&#8221; tag=&#8221;h4&#8243; text_color=&#8221;#222222&#8243; cms_template=&#8221;cms_heading.php&#8221;][vc_column_text css=&#8221;.vc_custom_1594503137044{margin-bottom: 22px !important;}&#8221;]El transporte de las mercanc\u00edas perecederas impone exigencias particulares al material y al conductor, igualmente durante la carga y la descarga. Inter-Iberica tiene camiones frigor\u00edficos conteniendo una instalaci\u00f3n de refrigeraci\u00f3n y de calefacci\u00f3n.<\/p>\n<p>Todos los camiones est\u00e1n equipados de un ordenador de bordo y de un registro de temperatura, para un control \u00f3ptimo de las condiciones de temperatura durante el transporte. Los camiones frigor\u00edficos especiales de Inter-Ib\u00e9rica est\u00e1n divididos en varios compartimientos, en los cuales se puede regular la temperatura separadamente.[\/vc_column_text][\/vc_column][\/vc_row]<\/p>\n<\/div>","protected":false},"excerpt":{"rendered":"<p>[vc_row][vc_column css=&#8221;.vc_custom_1552704895602{margin-top: -5px !important;}&#8221;][cms_heading text=&#8221;Transporte acondicionado&#8221; tag=&#8221;h4&#8243; text_color=&#8221;#222222&#8243; cms_template=&#8221;cms_heading.php&#8221;][vc_column_text css=&#8221;.vc_custom_1594503137044{margin-bottom: 22px !important;}&#8221;]El transporte de las mercanc\u00edas perecederas impone exigencias particulares al material y al conductor, igualmente durante la carga y la descarga. Inter-Iberica tiene camiones frigor\u00edficos conteniendo una instalaci\u00f3n de refrigeraci\u00f3n y de calefacci\u00f3n. Todos los camiones est\u00e1n equipados de un ordenador de bordo y [&hellip;]<\/p>\n","protected":false},"author":3,"featured_media":0,"parent":2117,"menu_order":0,"comment_status":"closed","ping_status":"closed","template":"","meta":{"footnotes":""},"class_list":["post-2144","page","type-page","status-publish","hentry"],"yoast_head":"<!-- This site is optimized with the Yoast SEO plugin v27.4 - https:\/\/yoast.com\/product\/yoast-seo-wordpress\/ -->\n<title>Transporte acondicionado - Inter Iberica<\/title>\n<meta name=\"robots\" content=\"index, follow, max-snippet:-1, max-image-preview:large, max-video-preview:-1\" \/>\n<link rel=\"canonical\" href=\"https:\/\/www.inter-iberica.com\/es\/servicios\/transporte-acondicionado\/\" \/>\n<meta property=\"og:locale\" content=\"es_ES\" \/>\n<meta property=\"og:type\" content=\"article\" \/>\n<meta property=\"og:title\" content=\"Transporte acondicionado - Inter Iberica\" \/>\n<meta property=\"og:description\" content=\"[vc_row][vc_column css=&#8221;.vc_custom_1552704895602{margin-top: -5px !important;}&#8221;][cms_heading text=&#8221;Transporte acondicionado&#8221; tag=&#8221;h4&#8243; text_color=&#8221;#222222&#8243; cms_template=&#8221;cms_heading.php&#8221;][vc_column_text css=&#8221;.vc_custom_1594503137044{margin-bottom: 22px !important;}&#8221;]El transporte de las mercanc\u00edas perecederas impone exigencias particulares al material y al conductor, igualmente durante la carga y la descarga. Inter-Iberica tiene camiones frigor\u00edficos conteniendo una instalaci\u00f3n de refrigeraci\u00f3n y de calefacci\u00f3n. Todos los camiones est\u00e1n equipados de un ordenador de bordo y [&hellip;]\" \/>\n<meta property=\"og:url\" content=\"https:\/\/www.inter-iberica.com\/es\/servicios\/transporte-acondicionado\/\" \/>\n<meta property=\"og:site_name\" content=\"Inter Iberica\" \/>\n<meta property=\"article:modified_time\" content=\"2025-03-07T04:42:48+00:00\" \/>\n<meta name=\"twitter:card\" content=\"summary_large_image\" \/>\n<meta name=\"twitter:label1\" content=\"Tiempo de lectura\" \/>\n\t<meta name=\"twitter:data1\" content=\"1 minuto\" \/>\n<script type=\"application\/ld+json\" class=\"yoast-schema-graph\">{\"@context\":\"https:\\\/\\\/schema.org\",\"@graph\":[{\"@type\":\"WebPage\",\"@id\":\"https:\\\/\\\/www.inter-iberica.com\\\/es\\\/servicios\\\/transporte-acondicionado\\\/\",\"url\":\"https:\\\/\\\/www.inter-iberica.com\\\/es\\\/servicios\\\/transporte-acondicionado\\\/\",\"name\":\"Transporte acondicionado - Inter Iberica\",\"isPartOf\":{\"@id\":\"https:\\\/\\\/www.inter-iberica.com\\\/#website\"},\"datePublished\":\"2020-04-30T09:37:42+00:00\",\"dateModified\":\"2025-03-07T04:42:48+00:00\",\"breadcrumb\":{\"@id\":\"https:\\\/\\\/www.inter-iberica.com\\\/es\\\/servicios\\\/transporte-acondicionado\\\/#breadcrumb\"},\"inLanguage\":\"es\",\"potentialAction\":[{\"@type\":\"ReadAction\",\"target\":[\"https:\\\/\\\/www.inter-iberica.com\\\/es\\\/servicios\\\/transporte-acondicionado\\\/\"]}]},{\"@type\":\"BreadcrumbList\",\"@id\":\"https:\\\/\\\/www.inter-iberica.com\\\/es\\\/servicios\\\/transporte-acondicionado\\\/#breadcrumb\",\"itemListElement\":[{\"@type\":\"ListItem\",\"position\":1,\"name\":\"Home\",\"item\":\"https:\\\/\\\/www.inter-iberica.com\\\/es\\\/\"},{\"@type\":\"ListItem\",\"position\":2,\"name\":\"Servicios\",\"item\":\"https:\\\/\\\/www.inter-iberica.com\\\/es\\\/servicios\\\/\"},{\"@type\":\"ListItem\",\"position\":3,\"name\":\"Transporte acondicionado\"}]},{\"@type\":\"WebSite\",\"@id\":\"https:\\\/\\\/www.inter-iberica.com\\\/#website\",\"url\":\"https:\\\/\\\/www.inter-iberica.com\\\/\",\"name\":\"Inter Iberica\",\"description\":\"\",\"potentialAction\":[{\"@type\":\"SearchAction\",\"target\":{\"@type\":\"EntryPoint\",\"urlTemplate\":\"https:\\\/\\\/www.inter-iberica.com\\\/?s={search_term_string}\"},\"query-input\":{\"@type\":\"PropertyValueSpecification\",\"valueRequired\":true,\"valueName\":\"search_term_string\"}}],\"inLanguage\":\"es\"}]}<\/script>\n<!-- \/ Yoast SEO plugin. -->","yoast_head_json":{"title":"Transporte acondicionado - Inter Iberica","robots":{"index":"index","follow":"follow","max-snippet":"max-snippet:-1","max-image-preview":"max-image-preview:large","max-video-preview":"max-video-preview:-1"},"canonical":"https:\/\/www.inter-iberica.com\/es\/servicios\/transporte-acondicionado\/","og_locale":"es_ES","og_type":"article","og_title":"Transporte acondicionado - Inter Iberica","og_description":"[vc_row][vc_column css=&#8221;.vc_custom_1552704895602{margin-top: -5px !important;}&#8221;][cms_heading text=&#8221;Transporte acondicionado&#8221; tag=&#8221;h4&#8243; text_color=&#8221;#222222&#8243; cms_template=&#8221;cms_heading.php&#8221;][vc_column_text css=&#8221;.vc_custom_1594503137044{margin-bottom: 22px !important;}&#8221;]El transporte de las mercanc\u00edas perecederas impone exigencias particulares al material y al conductor, igualmente durante la carga y la descarga. Inter-Iberica tiene camiones frigor\u00edficos conteniendo una instalaci\u00f3n de refrigeraci\u00f3n y de calefacci\u00f3n. Todos los camiones est\u00e1n equipados de un ordenador de bordo y [&hellip;]","og_url":"https:\/\/www.inter-iberica.com\/es\/servicios\/transporte-acondicionado\/","og_site_name":"Inter Iberica","article_modified_time":"2025-03-07T04:42:48+00:00","twitter_card":"summary_large_image","twitter_misc":{"Tiempo de lectura":"1 minuto"},"schema":{"@context":"https:\/\/schema.org","@graph":[{"@type":"WebPage","@id":"https:\/\/www.inter-iberica.com\/es\/servicios\/transporte-acondicionado\/","url":"https:\/\/www.inter-iberica.com\/es\/servicios\/transporte-acondicionado\/","name":"Transporte acondicionado - Inter Iberica","isPartOf":{"@id":"https:\/\/www.inter-iberica.com\/#website"},"datePublished":"2020-04-30T09:37:42+00:00","dateModified":"2025-03-07T04:42:48+00:00","breadcrumb":{"@id":"https:\/\/www.inter-iberica.com\/es\/servicios\/transporte-acondicionado\/#breadcrumb"},"inLanguage":"es","potentialAction":[{"@type":"ReadAction","target":["https:\/\/www.inter-iberica.com\/es\/servicios\/transporte-acondicionado\/"]}]},{"@type":"BreadcrumbList","@id":"https:\/\/www.inter-iberica.com\/es\/servicios\/transporte-acondicionado\/#breadcrumb","itemListElement":[{"@type":"ListItem","position":1,"name":"Home","item":"https:\/\/www.inter-iberica.com\/es\/"},{"@type":"ListItem","position":2,"name":"Servicios","item":"https:\/\/www.inter-iberica.com\/es\/servicios\/"},{"@type":"ListItem","position":3,"name":"Transporte acondicionado"}]},{"@type":"WebSite","@id":"https:\/\/www.inter-iberica.com\/#website","url":"https:\/\/www.inter-iberica.com\/","name":"Inter Iberica","description":"","potentialAction":[{"@type":"SearchAction","target":{"@type":"EntryPoint","urlTemplate":"https:\/\/www.inter-iberica.com\/?s={search_term_string}"},"query-input":{"@type":"PropertyValueSpecification","valueRequired":true,"valueName":"search_term_string"}}],"inLanguage":"es"}]}},"_links":{"self":[{"href":"https:\/\/www.inter-iberica.com\/es\/wp-json\/wp\/v2\/pages\/2144","targetHints":{"allow":["GET"]}}],"collection":[{"href":"https:\/\/www.inter-iberica.com\/es\/wp-json\/wp\/v2\/pages"}],"about":[{"href":"https:\/\/www.inter-iberica.com\/es\/wp-json\/wp\/v2\/types\/page"}],"author":[{"embeddable":true,"href":"https:\/\/www.inter-iberica.com\/es\/wp-json\/wp\/v2\/users\/3"}],"replies":[{"embeddable":true,"href":"https:\/\/www.inter-iberica.com\/es\/wp-json\/wp\/v2\/comments?post=2144"}],"version-history":[{"count":3,"href":"https:\/\/www.inter-iberica.com\/es\/wp-json\/wp\/v2\/pages\/2144\/revisions"}],"predecessor-version":[{"id":3308,"href":"https:\/\/www.inter-iberica.com\/es\/wp-json\/wp\/v2\/pages\/2144\/revisions\/3308"}],"up":[{"embeddable":true,"href":"https:\/\/www.inter-iberica.com\/es\/wp-json\/wp\/v2\/pages\/2117"}],"wp:attachment":[{"href":"https:\/\/www.inter-iberica.com\/es\/wp-json\/wp\/v2\/media?parent=2144"}],"curies":[{"name":"wp","href":"https:\/\/api.w.org\/{rel}","templated":true}]}}

<div class="wpb-content-wrapper"><p>[vc_row][vc_column css=&#8221;.vc_custom_1552704895602{margin-top: -5px !important;}&#8221;][cms_heading text=&#8221;Transporte acondicionado&#8221; tag=&#8221;h4&#8243; text_color=&#8221;#222222&#8243; cms_template=&#8221;cms_heading.php&#8221;][vc_column_text css=&#8221;.vc_custom_1594503137044{margin-bottom: 22px !important;}&#8221;]El transporte de las mercancías perecederas impone exigencias particulares al material y al conductor, igualmente durante la carga y la descarga. Inter-Iberica tiene camiones frigoríficos conteniendo una instalación de refrigeración y de calefacción.</p>
<p>Todos los camiones están equipados de un ordenador de bordo y de un registro de temperatura, para un control óptimo de las condiciones de temperatura durante el transporte. Los camiones frigoríficos especiales de Inter-Ibérica están divididos en varios compartimientos, en los cuales se puede regular la temperatura separadamente.[/vc_column_text][/vc_column][/vc_row]</p>
</div>

<p>[vc_row][vc_column css=&#8221;.vc_custom_1552704895602{margin-top: -5px !important;}&#8221;][cms_heading text=&#8221;Transporte acondicionado&#8221; tag=&#8221;h4&#8243; text_color=&#8221;#222222&#8243; cms_template=&#8221;cms_heading.php&#8221;][vc_column_text css=&#8221;.vc_custom_1594503137044{margin-bottom: 22px !important;}&#8221;]El transporte de las mercancías perecederas impone exigencias particulares al material y al conductor, igualmente durante la carga y la descarga. Inter-Iberica tiene camiones frigoríficos conteniendo una instalación de refrigeración y de calefacción. Todos los camiones están equipados de un ordenador de bordo y [&hellip;]</p>

<!-- This site is optimized with the Yoast SEO plugin v27.4 - https://yoast.com/product/yoast-seo-wordpress/ -->
<title>Transporte acondicionado - Inter Iberica</title>
<meta name="robots" content="index, follow, max-snippet:-1, max-image-preview:large, max-video-preview:-1" />
<link rel="canonical" href="https://www.inter-iberica.com/es/servicios/transporte-acondicionado/" />
<meta property="og:locale" content="es_ES" />
<meta property="og:type" content="article" />
<meta property="og:title" content="Transporte acondicionado - Inter Iberica" />
<meta property="og:description" content="[vc_row][vc_column css=&#8221;.vc_custom_1552704895602{margin-top: -5px !important;}&#8221;][cms_heading text=&#8221;Transporte acondicionado&#8221; tag=&#8221;h4&#8243; text_color=&#8221;#222222&#8243; cms_template=&#8221;cms_heading.php&#8221;][vc_column_text css=&#8221;.vc_custom_1594503137044{margin-bottom: 22px !important;}&#8221;]El transporte de las mercancías perecederas impone exigencias particulares al material y al conductor, igualmente durante la carga y la descarga. Inter-Iberica tiene camiones frigoríficos conteniendo una instalación de refrigeración y de calefacción. Todos los camiones están equipados de un ordenador de bordo y [&hellip;]" />
<meta property="og:url" content="https://www.inter-iberica.com/es/servicios/transporte-acondicionado/" />
<meta property="og:site_name" content="Inter Iberica" />
<meta property="article:modified_time" content="2025-03-07T04:42:48+00:00" />
<meta name="twitter:card" content="summary_large_image" />
<meta name="twitter:label1" content="Tiempo de lectura" />
	<meta name="twitter:data1" content="1 minuto" />
<script type="application/ld+json" class="yoast-schema-graph">{"@context":"https:\/\/schema.org","@graph":[{"@type":"WebPage","@id":"https:\/\/www.inter-iberica.com\/es\/servicios\/transporte-acondicionado\/","url":"https:\/\/www.inter-iberica.com\/es\/servicios\/transporte-acondicionado\/","name":"Transporte acondicionado - Inter Iberica","isPartOf":{"@id":"https:\/\/www.inter-iberica.com\/#website"},"datePublished":"2020-04-30T09:37:42+00:00","dateModified":"2025-03-07T04:42:48+00:00","breadcrumb":{"@id":"https:\/\/www.inter-iberica.com\/es\/servicios\/transporte-acondicionado\/#breadcrumb"},"inLanguage":"es","potentialAction":[{"@type":"ReadAction","target":["https:\/\/www.inter-iberica.com\/es\/servicios\/transporte-acondicionado\/"]}]},{"@type":"BreadcrumbList","@id":"https:\/\/www.inter-iberica.com\/es\/servicios\/transporte-acondicionado\/#breadcrumb","itemListElement":[{"@type":"ListItem","position":1,"name":"Home","item":"https:\/\/www.inter-iberica.com\/es\/"},{"@type":"ListItem","position":2,"name":"Servicios","item":"https:\/\/www.inter-iberica.com\/es\/servicios\/"},{"@type":"ListItem","position":3,"name":"Transporte acondicionado"}]},{"@type":"WebSite","@id":"https:\/\/www.inter-iberica.com\/#website","url":"https:\/\/www.inter-iberica.com\/","name":"Inter Iberica","description":"","potentialAction":[{"@type":"SearchAction","target":{"@type":"EntryPoint","urlTemplate":"https:\/\/www.inter-iberica.com\/?s={search_term_string}"},"query-input":{"@type":"PropertyValueSpecification","valueRequired":true,"valueName":"search_term_string"}}],"inLanguage":"es"}]}</script>
<!-- / Yoast SEO plugin. -->

[vc_row][vc_column css=&#8221;.vc_custom_1552704895602{margin-top: -5px !important;}&#8221;][cms_heading text=&#8221;Transporte acondicionado&#8221; tag=&#8221;h4&#8243; text_color=&#8221;#222222&#8243; cms_template=&#8221;cms_heading.php&#8221;][vc_column_text css=&#8221;.vc_custom_1594503137044{margin-bottom: 22px !important;}&#8221;]El transporte de las mercancías perecederas impone exigencias particulares al material y al conductor, igualmente durante la carga y la descarga. Inter-Iberica tiene camiones frigoríficos conteniendo una instalación de refrigeración y de calefacción. Todos los camiones están equipados de un ordenador de bordo y [&hellip;]
