{"id":2125,"date":"2020-04-30T09:33:53","date_gmt":"2020-04-30T09:33:53","guid":{"rendered":"https:\/\/www.inter-iberica.com\/servicios\/distributie-van-goederen\/"},"modified":"2020-08-26T16:42:39","modified_gmt":"2020-08-26T16:42:39","slug":"distribucion-de-las-mercancias","status":"publish","type":"page","link":"https:\/\/www.inter-iberica.com\/es\/servicios\/distribucion-de-las-mercancias\/","title":{"rendered":"Distribuci\u00f3n de las mercanc\u00edas"},"content":{"rendered":"<div class=\"wpb-content-wrapper\"><p>[vc_row][vc_column css=&#8221;.vc_custom_1552704895602{margin-top: -5px !important;}&#8221;][cms_heading text=&#8221;Distribuci\u00f3n de las mercanc\u00edas&#8221; tag=&#8221;h4&#8243; text_color=&#8221;#222222&#8243; cms_template=&#8221;cms_heading.php&#8221;][vc_column_text css=&#8221;.vc_custom_1594502482850{margin-bottom: 22px !important;}&#8221;]Inter-Iberica sirve todo el Benelux dentro de 24 horas.\u00a0Inter-Iberica puede entregar los env\u00edos de 1 kg hasta 24 toneladas con la ayuda del parque de veh\u00edculos variado.\u00a0La empresa precitada trabaja con una planificaci\u00f3n itineraria automatizada, permitiendo que se conoce el tiempo de entrega previsto previamente. Los conductores disponen de medios auxiliares para la carga y la descarga (cami\u00f3n-bomba el\u00e9ctrico, trampilla de carga y\/o carretilla con horquilla pertenecen a las posibilidades), por lo que es posible entregar tanto las mercanc\u00edas paletizadas como no paletizadas r\u00e1pidamente y sin da\u00f1o.\u00a0Eso es la distribuci\u00f3n en el Benelux con el servicio de Inter-Iberica![\/vc_column_text][\/vc_column][\/vc_row]<\/p>\n<\/div>","protected":false},"excerpt":{"rendered":"<p>[vc_row][vc_column css=&#8221;.vc_custom_1552704895602{margin-top: -5px !important;}&#8221;][cms_heading text=&#8221;Distribuci\u00f3n de las mercanc\u00edas&#8221; tag=&#8221;h4&#8243; text_color=&#8221;#222222&#8243; cms_template=&#8221;cms_heading.php&#8221;][vc_column_text css=&#8221;.vc_custom_1594502482850{margin-bottom: 22px !important;}&#8221;]Inter-Iberica sirve todo el Benelux dentro de 24 horas.\u00a0Inter-Iberica puede entregar los env\u00edos de 1 kg hasta 24 toneladas con la ayuda del parque de veh\u00edculos variado.\u00a0La empresa precitada trabaja con una planificaci\u00f3n itineraria automatizada, permitiendo que se conoce el tiempo de [&hellip;]<\/p>\n","protected":false},"author":3,"featured_media":0,"parent":2117,"menu_order":0,"comment_status":"closed","ping_status":"closed","template":"","meta":{"footnotes":""},"class_list":["post-2125","page","type-page","status-publish","hentry"],"yoast_head":"<!-- This site is optimized with the Yoast SEO plugin v27.4 - https:\/\/yoast.com\/product\/yoast-seo-wordpress\/ -->\n<title>Distribuci\u00f3n de las mercanc\u00edas - Inter Iberica<\/title>\n<meta name=\"robots\" content=\"index, follow, max-snippet:-1, max-image-preview:large, max-video-preview:-1\" \/>\n<link rel=\"canonical\" href=\"https:\/\/www.inter-iberica.com\/es\/servicios\/distribucion-de-las-mercancias\/\" \/>\n<meta property=\"og:locale\" content=\"es_ES\" \/>\n<meta property=\"og:type\" content=\"article\" \/>\n<meta property=\"og:title\" content=\"Distribuci\u00f3n de las mercanc\u00edas - Inter Iberica\" \/>\n<meta property=\"og:description\" content=\"[vc_row][vc_column css=&#8221;.vc_custom_1552704895602{margin-top: -5px !important;}&#8221;][cms_heading text=&#8221;Distribuci\u00f3n de las mercanc\u00edas&#8221; tag=&#8221;h4&#8243; text_color=&#8221;#222222&#8243; cms_template=&#8221;cms_heading.php&#8221;][vc_column_text css=&#8221;.vc_custom_1594502482850{margin-bottom: 22px !important;}&#8221;]Inter-Iberica sirve todo el Benelux dentro de 24 horas.\u00a0Inter-Iberica puede entregar los env\u00edos de 1 kg hasta 24 toneladas con la ayuda del parque de veh\u00edculos variado.\u00a0La empresa precitada trabaja con una planificaci\u00f3n itineraria automatizada, permitiendo que se conoce el tiempo de [&hellip;]\" \/>\n<meta property=\"og:url\" content=\"https:\/\/www.inter-iberica.com\/es\/servicios\/distribucion-de-las-mercancias\/\" \/>\n<meta property=\"og:site_name\" content=\"Inter Iberica\" \/>\n<meta property=\"article:modified_time\" content=\"2020-08-26T16:42:39+00:00\" \/>\n<meta name=\"twitter:card\" content=\"summary_large_image\" \/>\n<meta name=\"twitter:label1\" content=\"Tiempo de lectura\" \/>\n\t<meta name=\"twitter:data1\" content=\"1 minuto\" \/>\n<script type=\"application\/ld+json\" class=\"yoast-schema-graph\">{\"@context\":\"https:\\\/\\\/schema.org\",\"@graph\":[{\"@type\":\"WebPage\",\"@id\":\"https:\\\/\\\/www.inter-iberica.com\\\/es\\\/servicios\\\/distribucion-de-las-mercancias\\\/\",\"url\":\"https:\\\/\\\/www.inter-iberica.com\\\/es\\\/servicios\\\/distribucion-de-las-mercancias\\\/\",\"name\":\"Distribuci\u00f3n de las mercanc\u00edas - Inter Iberica\",\"isPartOf\":{\"@id\":\"https:\\\/\\\/www.inter-iberica.com\\\/#website\"},\"datePublished\":\"2020-04-30T09:33:53+00:00\",\"dateModified\":\"2020-08-26T16:42:39+00:00\",\"breadcrumb\":{\"@id\":\"https:\\\/\\\/www.inter-iberica.com\\\/es\\\/servicios\\\/distribucion-de-las-mercancias\\\/#breadcrumb\"},\"inLanguage\":\"es\",\"potentialAction\":[{\"@type\":\"ReadAction\",\"target\":[\"https:\\\/\\\/www.inter-iberica.com\\\/es\\\/servicios\\\/distribucion-de-las-mercancias\\\/\"]}]},{\"@type\":\"BreadcrumbList\",\"@id\":\"https:\\\/\\\/www.inter-iberica.com\\\/es\\\/servicios\\\/distribucion-de-las-mercancias\\\/#breadcrumb\",\"itemListElement\":[{\"@type\":\"ListItem\",\"position\":1,\"name\":\"Home\",\"item\":\"https:\\\/\\\/www.inter-iberica.com\\\/es\\\/\"},{\"@type\":\"ListItem\",\"position\":2,\"name\":\"Servicios\",\"item\":\"https:\\\/\\\/www.inter-iberica.com\\\/es\\\/servicios\\\/\"},{\"@type\":\"ListItem\",\"position\":3,\"name\":\"Distribuci\u00f3n de las mercanc\u00edas\"}]},{\"@type\":\"WebSite\",\"@id\":\"https:\\\/\\\/www.inter-iberica.com\\\/#website\",\"url\":\"https:\\\/\\\/www.inter-iberica.com\\\/\",\"name\":\"Inter Iberica\",\"description\":\"\",\"potentialAction\":[{\"@type\":\"SearchAction\",\"target\":{\"@type\":\"EntryPoint\",\"urlTemplate\":\"https:\\\/\\\/www.inter-iberica.com\\\/?s={search_term_string}\"},\"query-input\":{\"@type\":\"PropertyValueSpecification\",\"valueRequired\":true,\"valueName\":\"search_term_string\"}}],\"inLanguage\":\"es\"}]}<\/script>\n<!-- \/ Yoast SEO plugin. -->","yoast_head_json":{"title":"Distribuci\u00f3n de las mercanc\u00edas - Inter Iberica","robots":{"index":"index","follow":"follow","max-snippet":"max-snippet:-1","max-image-preview":"max-image-preview:large","max-video-preview":"max-video-preview:-1"},"canonical":"https:\/\/www.inter-iberica.com\/es\/servicios\/distribucion-de-las-mercancias\/","og_locale":"es_ES","og_type":"article","og_title":"Distribuci\u00f3n de las mercanc\u00edas - Inter Iberica","og_description":"[vc_row][vc_column css=&#8221;.vc_custom_1552704895602{margin-top: -5px !important;}&#8221;][cms_heading text=&#8221;Distribuci\u00f3n de las mercanc\u00edas&#8221; tag=&#8221;h4&#8243; text_color=&#8221;#222222&#8243; cms_template=&#8221;cms_heading.php&#8221;][vc_column_text css=&#8221;.vc_custom_1594502482850{margin-bottom: 22px !important;}&#8221;]Inter-Iberica sirve todo el Benelux dentro de 24 horas.\u00a0Inter-Iberica puede entregar los env\u00edos de 1 kg hasta 24 toneladas con la ayuda del parque de veh\u00edculos variado.\u00a0La empresa precitada trabaja con una planificaci\u00f3n itineraria automatizada, permitiendo que se conoce el tiempo de [&hellip;]","og_url":"https:\/\/www.inter-iberica.com\/es\/servicios\/distribucion-de-las-mercancias\/","og_site_name":"Inter Iberica","article_modified_time":"2020-08-26T16:42:39+00:00","twitter_card":"summary_large_image","twitter_misc":{"Tiempo de lectura":"1 minuto"},"schema":{"@context":"https:\/\/schema.org","@graph":[{"@type":"WebPage","@id":"https:\/\/www.inter-iberica.com\/es\/servicios\/distribucion-de-las-mercancias\/","url":"https:\/\/www.inter-iberica.com\/es\/servicios\/distribucion-de-las-mercancias\/","name":"Distribuci\u00f3n de las mercanc\u00edas - Inter Iberica","isPartOf":{"@id":"https:\/\/www.inter-iberica.com\/#website"},"datePublished":"2020-04-30T09:33:53+00:00","dateModified":"2020-08-26T16:42:39+00:00","breadcrumb":{"@id":"https:\/\/www.inter-iberica.com\/es\/servicios\/distribucion-de-las-mercancias\/#breadcrumb"},"inLanguage":"es","potentialAction":[{"@type":"ReadAction","target":["https:\/\/www.inter-iberica.com\/es\/servicios\/distribucion-de-las-mercancias\/"]}]},{"@type":"BreadcrumbList","@id":"https:\/\/www.inter-iberica.com\/es\/servicios\/distribucion-de-las-mercancias\/#breadcrumb","itemListElement":[{"@type":"ListItem","position":1,"name":"Home","item":"https:\/\/www.inter-iberica.com\/es\/"},{"@type":"ListItem","position":2,"name":"Servicios","item":"https:\/\/www.inter-iberica.com\/es\/servicios\/"},{"@type":"ListItem","position":3,"name":"Distribuci\u00f3n de las mercanc\u00edas"}]},{"@type":"WebSite","@id":"https:\/\/www.inter-iberica.com\/#website","url":"https:\/\/www.inter-iberica.com\/","name":"Inter Iberica","description":"","potentialAction":[{"@type":"SearchAction","target":{"@type":"EntryPoint","urlTemplate":"https:\/\/www.inter-iberica.com\/?s={search_term_string}"},"query-input":{"@type":"PropertyValueSpecification","valueRequired":true,"valueName":"search_term_string"}}],"inLanguage":"es"}]}},"_links":{"self":[{"href":"https:\/\/www.inter-iberica.com\/es\/wp-json\/wp\/v2\/pages\/2125","targetHints":{"allow":["GET"]}}],"collection":[{"href":"https:\/\/www.inter-iberica.com\/es\/wp-json\/wp\/v2\/pages"}],"about":[{"href":"https:\/\/www.inter-iberica.com\/es\/wp-json\/wp\/v2\/types\/page"}],"author":[{"embeddable":true,"href":"https:\/\/www.inter-iberica.com\/es\/wp-json\/wp\/v2\/users\/3"}],"replies":[{"embeddable":true,"href":"https:\/\/www.inter-iberica.com\/es\/wp-json\/wp\/v2\/comments?post=2125"}],"version-history":[{"count":4,"href":"https:\/\/www.inter-iberica.com\/es\/wp-json\/wp\/v2\/pages\/2125\/revisions"}],"predecessor-version":[{"id":3318,"href":"https:\/\/www.inter-iberica.com\/es\/wp-json\/wp\/v2\/pages\/2125\/revisions\/3318"}],"up":[{"embeddable":true,"href":"https:\/\/www.inter-iberica.com\/es\/wp-json\/wp\/v2\/pages\/2117"}],"wp:attachment":[{"href":"https:\/\/www.inter-iberica.com\/es\/wp-json\/wp\/v2\/media?parent=2125"}],"curies":[{"name":"wp","href":"https:\/\/api.w.org\/{rel}","templated":true}]}}

Distribución de las mercancías

<div class="wpb-content-wrapper"><p>[vc_row][vc_column css=&#8221;.vc_custom_1552704895602{margin-top: -5px !important;}&#8221;][cms_heading text=&#8221;Distribución de las mercancías&#8221; tag=&#8221;h4&#8243; text_color=&#8221;#222222&#8243; cms_template=&#8221;cms_heading.php&#8221;][vc_column_text css=&#8221;.vc_custom_1594502482850{margin-bottom: 22px !important;}&#8221;]Inter-Iberica sirve todo el Benelux dentro de 24 horas. Inter-Iberica puede entregar los envíos de 1 kg hasta 24 toneladas con la ayuda del parque de vehículos variado. La empresa precitada trabaja con una planificación itineraria automatizada, permitiendo que se conoce el tiempo de entrega previsto previamente. Los conductores disponen de medios auxiliares para la carga y la descarga (camión-bomba eléctrico, trampilla de carga y/o carretilla con horquilla pertenecen a las posibilidades), por lo que es posible entregar tanto las mercancías paletizadas como no paletizadas rápidamente y sin daño. Eso es la distribución en el Benelux con el servicio de Inter-Iberica![/vc_column_text][/vc_column][/vc_row]</p>
</div>

<p>[vc_row][vc_column css=&#8221;.vc_custom_1552704895602{margin-top: -5px !important;}&#8221;][cms_heading text=&#8221;Distribución de las mercancías&#8221; tag=&#8221;h4&#8243; text_color=&#8221;#222222&#8243; cms_template=&#8221;cms_heading.php&#8221;][vc_column_text css=&#8221;.vc_custom_1594502482850{margin-bottom: 22px !important;}&#8221;]Inter-Iberica sirve todo el Benelux dentro de 24 horas. Inter-Iberica puede entregar los envíos de 1 kg hasta 24 toneladas con la ayuda del parque de vehículos variado. La empresa precitada trabaja con una planificación itineraria automatizada, permitiendo que se conoce el tiempo de [&hellip;]</p>

<!-- This site is optimized with the Yoast SEO plugin v27.4 - https://yoast.com/product/yoast-seo-wordpress/ -->
<title>Distribución de las mercancías - Inter Iberica</title>
<meta name="robots" content="index, follow, max-snippet:-1, max-image-preview:large, max-video-preview:-1" />
<link rel="canonical" href="https://www.inter-iberica.com/es/servicios/distribucion-de-las-mercancias/" />
<meta property="og:locale" content="es_ES" />
<meta property="og:type" content="article" />
<meta property="og:title" content="Distribución de las mercancías - Inter Iberica" />
<meta property="og:description" content="[vc_row][vc_column css=&#8221;.vc_custom_1552704895602{margin-top: -5px !important;}&#8221;][cms_heading text=&#8221;Distribución de las mercancías&#8221; tag=&#8221;h4&#8243; text_color=&#8221;#222222&#8243; cms_template=&#8221;cms_heading.php&#8221;][vc_column_text css=&#8221;.vc_custom_1594502482850{margin-bottom: 22px !important;}&#8221;]Inter-Iberica sirve todo el Benelux dentro de 24 horas. Inter-Iberica puede entregar los envíos de 1 kg hasta 24 toneladas con la ayuda del parque de vehículos variado. La empresa precitada trabaja con una planificación itineraria automatizada, permitiendo que se conoce el tiempo de [&hellip;]" />
<meta property="og:url" content="https://www.inter-iberica.com/es/servicios/distribucion-de-las-mercancias/" />
<meta property="og:site_name" content="Inter Iberica" />
<meta property="article:modified_time" content="2020-08-26T16:42:39+00:00" />
<meta name="twitter:card" content="summary_large_image" />
<meta name="twitter:label1" content="Tiempo de lectura" />
	<meta name="twitter:data1" content="1 minuto" />
<script type="application/ld+json" class="yoast-schema-graph">{"@context":"https:\/\/schema.org","@graph":[{"@type":"WebPage","@id":"https:\/\/www.inter-iberica.com\/es\/servicios\/distribucion-de-las-mercancias\/","url":"https:\/\/www.inter-iberica.com\/es\/servicios\/distribucion-de-las-mercancias\/","name":"Distribución de las mercancías - Inter Iberica","isPartOf":{"@id":"https:\/\/www.inter-iberica.com\/#website"},"datePublished":"2020-04-30T09:33:53+00:00","dateModified":"2020-08-26T16:42:39+00:00","breadcrumb":{"@id":"https:\/\/www.inter-iberica.com\/es\/servicios\/distribucion-de-las-mercancias\/#breadcrumb"},"inLanguage":"es","potentialAction":[{"@type":"ReadAction","target":["https:\/\/www.inter-iberica.com\/es\/servicios\/distribucion-de-las-mercancias\/"]}]},{"@type":"BreadcrumbList","@id":"https:\/\/www.inter-iberica.com\/es\/servicios\/distribucion-de-las-mercancias\/#breadcrumb","itemListElement":[{"@type":"ListItem","position":1,"name":"Home","item":"https:\/\/www.inter-iberica.com\/es\/"},{"@type":"ListItem","position":2,"name":"Servicios","item":"https:\/\/www.inter-iberica.com\/es\/servicios\/"},{"@type":"ListItem","position":3,"name":"Distribución de las mercancías"}]},{"@type":"WebSite","@id":"https:\/\/www.inter-iberica.com\/#website","url":"https:\/\/www.inter-iberica.com\/","name":"Inter Iberica","description":"","potentialAction":[{"@type":"SearchAction","target":{"@type":"EntryPoint","urlTemplate":"https:\/\/www.inter-iberica.com\/?s={search_term_string}"},"query-input":{"@type":"PropertyValueSpecification","valueRequired":true,"valueName":"search_term_string"}}],"inLanguage":"es"}]}</script>
<!-- / Yoast SEO plugin. -->

Distribución de las mercancías - Inter Iberica

[vc_row][vc_column css=&#8221;.vc_custom_1552704895602{margin-top: -5px !important;}&#8221;][cms_heading text=&#8221;Distribución de las mercancías&#8221; tag=&#8221;h4&#8243; text_color=&#8221;#222222&#8243; cms_template=&#8221;cms_heading.php&#8221;][vc_column_text css=&#8221;.vc_custom_1594502482850{margin-bottom: 22px !important;}&#8221;]Inter-Iberica sirve todo el Benelux dentro de 24 horas. Inter-Iberica puede entregar los envíos de 1 kg hasta 24 toneladas con la ayuda del parque de vehículos variado. La empresa precitada trabaja con una planificación itineraria automatizada, permitiendo que se conoce el tiempo de [&hellip;]
