{"id":2226,"date":"2020-01-30T14:36:10","date_gmt":"2020-01-30T14:36:10","guid":{"rendered":"https:\/\/www.inter-iberica.com\/bestimmungen\/oost-europa\/"},"modified":"2020-09-08T05:31:34","modified_gmt":"2020-09-08T05:31:34","slug":"osteuropa","status":"publish","type":"page","link":"https:\/\/www.inter-iberica.com\/de\/bestimmungen\/osteuropa\/","title":{"rendered":"Osteuropa"},"content":{"rendered":"<div class=\"wpb-content-wrapper\"><p>[vc_row][vc_column width=&#8221;1\/2&#8243;][cms_heading subtitle_color=&#8221;#f2193c&#8221; text=&#8221;Inter-Iberica \u00fcbernimmt alle regul\u00e4ren, sowie Teil- als ach komplette Frachten nach Osteuropa.&#8221; cms_template=&#8221;cms_heading&#8211;layout3.php&#8221;][\/vc_column][vc_column width=&#8221;1\/2&#8243;][vc_column_text]<strong>Inter-Iberica \u00fcbernimmt alle regul\u00e4ren, sowie Teil- als ach komplette Frachten nach Osteuropa. <\/strong><strong>Zu unseren M\u00f6glichkeiten geh\u00f6ren:<\/strong><\/p>\n<ul>\n<li>ADR-G\u00fctertransporte, auch im Sammelgut und gegebenenfalls auch mit\u00a0\u00a0 kontrollierter Temperatur<\/li>\n<li>K\u00fchlsammelgut-Transporte<\/li>\n<li>H\u00e4ngende Fleischtransporte<\/li>\n<li>Doppelst\u00f6ckige Transporte<\/li>\n<li>Hochwertige G\u00fctertransporte<\/li>\n<li>Bekleidungstransporte<\/li>\n<li>Multi-Temperatur Transporte<\/li>\n<\/ul>\n<p>[\/vc_column_text][\/vc_column][\/vc_row][vc_row][vc_column][vc_column_text]<strong>Es geht um die nachfolgenden Bestimmungen:<\/strong>[\/vc_column_text][vc_row_inner][vc_column_inner width=&#8221;1\/2&#8243;][cms_list cms_list=&#8221;%5B%7B%22cms_list_item%22%3A%22Rum%C3%A4nien%22%2C%22cms_list_link%22%3A%22%7C%7C%7C%22%7D%2C%7B%22cms_list_item%22%3A%22Bulgarien%22%2C%22cms_list_link%22%3A%22%7C%7C%7C%22%7D%2C%7B%22cms_list_item%22%3A%22T%C3%BCrkei%22%2C%22cms_list_link%22%3A%22%7C%7C%7C%22%7D%2C%7B%22cms_list_item%22%3A%22Griechenland%22%2C%22cms_list_link%22%3A%22%7C%7C%7C%22%7D%2C%7B%22cms_list_item%22%3A%22Albanien%22%7D%2C%7B%22cms_list_item%22%3A%22Mazedonien%22%7D%2C%7B%22cms_list_item%22%3A%22Iran%22%7D%2C%7B%22cms_list_item%22%3A%22NordIrak%22%7D%2C%7B%22cms_list_item%22%3A%22Kasachstan%22%7D%2C%7B%22cms_list_item%22%3A%22Uzbekistan%22%7D%5D&#8221; icon_list=&#8221;materialdesign&#8221; icon_material=&#8221;zmdi zmdi-pin&#8221;][\/vc_column_inner][vc_column_inner width=&#8221;1\/2&#8243;][cms_list cms_list=&#8221;%5B%7B%22cms_list_item%22%3A%22Azerbeidzjan%22%2C%22cms_list_link%22%3A%22%7C%7C%7C%22%7D%2C%7B%22cms_list_item%22%3A%22Turkmenistan%22%2C%22cms_list_link%22%3A%22%7C%7C%7C%22%7D%2C%7B%22cms_list_item%22%3A%22Georgien%22%2C%22cms_list_link%22%3A%22%7C%7C%7C%22%7D%2C%7B%22cms_list_item%22%3A%22Moldawien%22%7D%2C%7B%22cms_list_item%22%3A%22Zypern%22%7D%2C%7B%22cms_list_item%22%3A%22Saudi-Arabien%22%7D%2C%7B%22cms_list_item%22%3A%22Vereinigte%20Emirate%22%7D%5D&#8221; icon_list=&#8221;materialdesign&#8221; icon_material=&#8221;zmdi zmdi-pin&#8221;][\/vc_column_inner][\/vc_row_inner][\/vc_column][\/vc_row][vc_row][vc_column][vc_empty_space][\/vc_column][\/vc_row]<\/p>\n<\/div>","protected":false},"excerpt":{"rendered":"<p>[vc_row][vc_column width=&#8221;1\/2&#8243;][cms_heading subtitle_color=&#8221;#f2193c&#8221; text=&#8221;Inter-Iberica \u00fcbernimmt alle regul\u00e4ren, sowie Teil- als ach komplette Frachten nach Osteuropa.&#8221; cms_template=&#8221;cms_heading&#8211;layout3.php&#8221;][\/vc_column][vc_column width=&#8221;1\/2&#8243;][vc_column_text]Inter-Iberica \u00fcbernimmt alle regul\u00e4ren, sowie Teil- als ach komplette Frachten nach Osteuropa. Zu unseren M\u00f6glichkeiten geh\u00f6ren: ADR-G\u00fctertransporte, auch im Sammelgut und gegebenenfalls auch mit\u00a0\u00a0 kontrollierter Temperatur K\u00fchlsammelgut-Transporte H\u00e4ngende Fleischtransporte Doppelst\u00f6ckige Transporte Hochwertige G\u00fctertransporte Bekleidungstransporte Multi-Temperatur Transporte [\/vc_column_text][\/vc_column][\/vc_row][vc_row][vc_column][vc_column_text]Es geht um [&hellip;]<\/p>\n","protected":false},"author":3,"featured_media":0,"parent":2198,"menu_order":0,"comment_status":"closed","ping_status":"closed","template":"","meta":{"footnotes":""},"class_list":["post-2226","page","type-page","status-publish","hentry"],"yoast_head":"<!-- This site is optimized with the Yoast SEO plugin v27.4 - https:\/\/yoast.com\/product\/yoast-seo-wordpress\/ -->\n<title>Osteuropa - Inter Iberica<\/title>\n<meta name=\"robots\" content=\"index, follow, max-snippet:-1, max-image-preview:large, max-video-preview:-1\" \/>\n<link rel=\"canonical\" href=\"https:\/\/www.inter-iberica.com\/de\/bestimmungen\/osteuropa\/\" \/>\n<meta property=\"og:locale\" content=\"de_DE\" \/>\n<meta property=\"og:type\" content=\"article\" \/>\n<meta property=\"og:title\" content=\"Osteuropa - Inter Iberica\" \/>\n<meta property=\"og:description\" content=\"[vc_row][vc_column width=&#8221;1\/2&#8243;][cms_heading subtitle_color=&#8221;#f2193c&#8221; text=&#8221;Inter-Iberica \u00fcbernimmt alle regul\u00e4ren, sowie Teil- als ach komplette Frachten nach Osteuropa.&#8221; cms_template=&#8221;cms_heading&#8211;layout3.php&#8221;][\/vc_column][vc_column width=&#8221;1\/2&#8243;][vc_column_text]Inter-Iberica \u00fcbernimmt alle regul\u00e4ren, sowie Teil- als ach komplette Frachten nach Osteuropa. Zu unseren M\u00f6glichkeiten geh\u00f6ren: ADR-G\u00fctertransporte, auch im Sammelgut und gegebenenfalls auch mit\u00a0\u00a0 kontrollierter Temperatur K\u00fchlsammelgut-Transporte H\u00e4ngende Fleischtransporte Doppelst\u00f6ckige Transporte Hochwertige G\u00fctertransporte Bekleidungstransporte Multi-Temperatur Transporte [\/vc_column_text][\/vc_column][\/vc_row][vc_row][vc_column][vc_column_text]Es geht um [&hellip;]\" \/>\n<meta property=\"og:url\" content=\"https:\/\/www.inter-iberica.com\/de\/bestimmungen\/osteuropa\/\" \/>\n<meta property=\"og:site_name\" content=\"Inter Iberica\" \/>\n<meta property=\"article:modified_time\" content=\"2020-09-08T05:31:34+00:00\" \/>\n<meta name=\"twitter:card\" content=\"summary_large_image\" \/>\n<meta name=\"twitter:label1\" content=\"Est. reading time\" \/>\n\t<meta name=\"twitter:data1\" content=\"2 minutes\" \/>\n<script type=\"application\/ld+json\" class=\"yoast-schema-graph\">{\"@context\":\"https:\\\/\\\/schema.org\",\"@graph\":[{\"@type\":\"WebPage\",\"@id\":\"https:\\\/\\\/www.inter-iberica.com\\\/de\\\/bestimmungen\\\/osteuropa\\\/\",\"url\":\"https:\\\/\\\/www.inter-iberica.com\\\/de\\\/bestimmungen\\\/osteuropa\\\/\",\"name\":\"Osteuropa - Inter Iberica\",\"isPartOf\":{\"@id\":\"https:\\\/\\\/www.inter-iberica.com\\\/#website\"},\"datePublished\":\"2020-01-30T14:36:10+00:00\",\"dateModified\":\"2020-09-08T05:31:34+00:00\",\"breadcrumb\":{\"@id\":\"https:\\\/\\\/www.inter-iberica.com\\\/de\\\/bestimmungen\\\/osteuropa\\\/#breadcrumb\"},\"inLanguage\":\"de-DE\",\"potentialAction\":[{\"@type\":\"ReadAction\",\"target\":[\"https:\\\/\\\/www.inter-iberica.com\\\/de\\\/bestimmungen\\\/osteuropa\\\/\"]}]},{\"@type\":\"BreadcrumbList\",\"@id\":\"https:\\\/\\\/www.inter-iberica.com\\\/de\\\/bestimmungen\\\/osteuropa\\\/#breadcrumb\",\"itemListElement\":[{\"@type\":\"ListItem\",\"position\":1,\"name\":\"Home\",\"item\":\"https:\\\/\\\/www.inter-iberica.com\\\/de\\\/\"},{\"@type\":\"ListItem\",\"position\":2,\"name\":\"Bestimmungen\",\"item\":\"https:\\\/\\\/www.inter-iberica.com\\\/de\\\/bestimmungen\\\/\"},{\"@type\":\"ListItem\",\"position\":3,\"name\":\"Osteuropa\"}]},{\"@type\":\"WebSite\",\"@id\":\"https:\\\/\\\/www.inter-iberica.com\\\/#website\",\"url\":\"https:\\\/\\\/www.inter-iberica.com\\\/\",\"name\":\"Inter Iberica\",\"description\":\"\",\"potentialAction\":[{\"@type\":\"SearchAction\",\"target\":{\"@type\":\"EntryPoint\",\"urlTemplate\":\"https:\\\/\\\/www.inter-iberica.com\\\/?s={search_term_string}\"},\"query-input\":{\"@type\":\"PropertyValueSpecification\",\"valueRequired\":true,\"valueName\":\"search_term_string\"}}],\"inLanguage\":\"de-DE\"}]}<\/script>\n<!-- \/ Yoast SEO plugin. -->","yoast_head_json":{"title":"Osteuropa - Inter Iberica","robots":{"index":"index","follow":"follow","max-snippet":"max-snippet:-1","max-image-preview":"max-image-preview:large","max-video-preview":"max-video-preview:-1"},"canonical":"https:\/\/www.inter-iberica.com\/de\/bestimmungen\/osteuropa\/","og_locale":"de_DE","og_type":"article","og_title":"Osteuropa - Inter Iberica","og_description":"[vc_row][vc_column width=&#8221;1\/2&#8243;][cms_heading subtitle_color=&#8221;#f2193c&#8221; text=&#8221;Inter-Iberica \u00fcbernimmt alle regul\u00e4ren, sowie Teil- als ach komplette Frachten nach Osteuropa.&#8221; cms_template=&#8221;cms_heading&#8211;layout3.php&#8221;][\/vc_column][vc_column width=&#8221;1\/2&#8243;][vc_column_text]Inter-Iberica \u00fcbernimmt alle regul\u00e4ren, sowie Teil- als ach komplette Frachten nach Osteuropa. Zu unseren M\u00f6glichkeiten geh\u00f6ren: ADR-G\u00fctertransporte, auch im Sammelgut und gegebenenfalls auch mit\u00a0\u00a0 kontrollierter Temperatur K\u00fchlsammelgut-Transporte H\u00e4ngende Fleischtransporte Doppelst\u00f6ckige Transporte Hochwertige G\u00fctertransporte Bekleidungstransporte Multi-Temperatur Transporte [\/vc_column_text][\/vc_column][\/vc_row][vc_row][vc_column][vc_column_text]Es geht um [&hellip;]","og_url":"https:\/\/www.inter-iberica.com\/de\/bestimmungen\/osteuropa\/","og_site_name":"Inter Iberica","article_modified_time":"2020-09-08T05:31:34+00:00","twitter_card":"summary_large_image","twitter_misc":{"Est. reading time":"2 minutes"},"schema":{"@context":"https:\/\/schema.org","@graph":[{"@type":"WebPage","@id":"https:\/\/www.inter-iberica.com\/de\/bestimmungen\/osteuropa\/","url":"https:\/\/www.inter-iberica.com\/de\/bestimmungen\/osteuropa\/","name":"Osteuropa - Inter Iberica","isPartOf":{"@id":"https:\/\/www.inter-iberica.com\/#website"},"datePublished":"2020-01-30T14:36:10+00:00","dateModified":"2020-09-08T05:31:34+00:00","breadcrumb":{"@id":"https:\/\/www.inter-iberica.com\/de\/bestimmungen\/osteuropa\/#breadcrumb"},"inLanguage":"de-DE","potentialAction":[{"@type":"ReadAction","target":["https:\/\/www.inter-iberica.com\/de\/bestimmungen\/osteuropa\/"]}]},{"@type":"BreadcrumbList","@id":"https:\/\/www.inter-iberica.com\/de\/bestimmungen\/osteuropa\/#breadcrumb","itemListElement":[{"@type":"ListItem","position":1,"name":"Home","item":"https:\/\/www.inter-iberica.com\/de\/"},{"@type":"ListItem","position":2,"name":"Bestimmungen","item":"https:\/\/www.inter-iberica.com\/de\/bestimmungen\/"},{"@type":"ListItem","position":3,"name":"Osteuropa"}]},{"@type":"WebSite","@id":"https:\/\/www.inter-iberica.com\/#website","url":"https:\/\/www.inter-iberica.com\/","name":"Inter Iberica","description":"","potentialAction":[{"@type":"SearchAction","target":{"@type":"EntryPoint","urlTemplate":"https:\/\/www.inter-iberica.com\/?s={search_term_string}"},"query-input":{"@type":"PropertyValueSpecification","valueRequired":true,"valueName":"search_term_string"}}],"inLanguage":"de-DE"}]}},"_links":{"self":[{"href":"https:\/\/www.inter-iberica.com\/de\/wp-json\/wp\/v2\/pages\/2226","targetHints":{"allow":["GET"]}}],"collection":[{"href":"https:\/\/www.inter-iberica.com\/de\/wp-json\/wp\/v2\/pages"}],"about":[{"href":"https:\/\/www.inter-iberica.com\/de\/wp-json\/wp\/v2\/types\/page"}],"author":[{"embeddable":true,"href":"https:\/\/www.inter-iberica.com\/de\/wp-json\/wp\/v2\/users\/3"}],"replies":[{"embeddable":true,"href":"https:\/\/www.inter-iberica.com\/de\/wp-json\/wp\/v2\/comments?post=2226"}],"version-history":[{"count":8,"href":"https:\/\/www.inter-iberica.com\/de\/wp-json\/wp\/v2\/pages\/2226\/revisions"}],"predecessor-version":[{"id":3382,"href":"https:\/\/www.inter-iberica.com\/de\/wp-json\/wp\/v2\/pages\/2226\/revisions\/3382"}],"up":[{"embeddable":true,"href":"https:\/\/www.inter-iberica.com\/de\/wp-json\/wp\/v2\/pages\/2198"}],"wp:attachment":[{"href":"https:\/\/www.inter-iberica.com\/de\/wp-json\/wp\/v2\/media?parent=2226"}],"curies":[{"name":"wp","href":"https:\/\/api.w.org\/{rel}","templated":true}]}}

<div class="wpb-content-wrapper"><p>[vc_row][vc_column width=&#8221;1/2&#8243;][cms_heading subtitle_color=&#8221;#f2193c&#8221; text=&#8221;Inter-Iberica übernimmt alle regulären, sowie Teil- als ach komplette Frachten nach Osteuropa.&#8221; cms_template=&#8221;cms_heading&#8211;layout3.php&#8221;][/vc_column][vc_column width=&#8221;1/2&#8243;][vc_column_text]<strong>Inter-Iberica übernimmt alle regulären, sowie Teil- als ach komplette Frachten nach Osteuropa. </strong><strong>Zu unseren Möglichkeiten gehören:</strong></p>
<ul>
<li>ADR-Gütertransporte, auch im Sammelgut und gegebenenfalls auch mit   kontrollierter Temperatur</li>
<li>Kühlsammelgut-Transporte</li>
<li>Hängende Fleischtransporte</li>
<li>Doppelstöckige Transporte</li>
<li>Hochwertige Gütertransporte</li>
<li>Bekleidungstransporte</li>
<li>Multi-Temperatur Transporte</li>
</ul>
<p>[/vc_column_text][/vc_column][/vc_row][vc_row][vc_column][vc_column_text]<strong>Es geht um die nachfolgenden Bestimmungen:</strong>[/vc_column_text][vc_row_inner][vc_column_inner width=&#8221;1/2&#8243;][cms_list cms_list=&#8221;%5B%7B%22cms_list_item%22%3A%22Rum%C3%A4nien%22%2C%22cms_list_link%22%3A%22%7C%7C%7C%22%7D%2C%7B%22cms_list_item%22%3A%22Bulgarien%22%2C%22cms_list_link%22%3A%22%7C%7C%7C%22%7D%2C%7B%22cms_list_item%22%3A%22T%C3%BCrkei%22%2C%22cms_list_link%22%3A%22%7C%7C%7C%22%7D%2C%7B%22cms_list_item%22%3A%22Griechenland%22%2C%22cms_list_link%22%3A%22%7C%7C%7C%22%7D%2C%7B%22cms_list_item%22%3A%22Albanien%22%7D%2C%7B%22cms_list_item%22%3A%22Mazedonien%22%7D%2C%7B%22cms_list_item%22%3A%22Iran%22%7D%2C%7B%22cms_list_item%22%3A%22NordIrak%22%7D%2C%7B%22cms_list_item%22%3A%22Kasachstan%22%7D%2C%7B%22cms_list_item%22%3A%22Uzbekistan%22%7D%5D&#8221; icon_list=&#8221;materialdesign&#8221; icon_material=&#8221;zmdi zmdi-pin&#8221;][/vc_column_inner][vc_column_inner width=&#8221;1/2&#8243;][cms_list cms_list=&#8221;%5B%7B%22cms_list_item%22%3A%22Azerbeidzjan%22%2C%22cms_list_link%22%3A%22%7C%7C%7C%22%7D%2C%7B%22cms_list_item%22%3A%22Turkmenistan%22%2C%22cms_list_link%22%3A%22%7C%7C%7C%22%7D%2C%7B%22cms_list_item%22%3A%22Georgien%22%2C%22cms_list_link%22%3A%22%7C%7C%7C%22%7D%2C%7B%22cms_list_item%22%3A%22Moldawien%22%7D%2C%7B%22cms_list_item%22%3A%22Zypern%22%7D%2C%7B%22cms_list_item%22%3A%22Saudi-Arabien%22%7D%2C%7B%22cms_list_item%22%3A%22Vereinigte%20Emirate%22%7D%5D&#8221; icon_list=&#8221;materialdesign&#8221; icon_material=&#8221;zmdi zmdi-pin&#8221;][/vc_column_inner][/vc_row_inner][/vc_column][/vc_row][vc_row][vc_column][vc_empty_space][/vc_column][/vc_row]</p>
</div>

<p>[vc_row][vc_column width=&#8221;1/2&#8243;][cms_heading subtitle_color=&#8221;#f2193c&#8221; text=&#8221;Inter-Iberica übernimmt alle regulären, sowie Teil- als ach komplette Frachten nach Osteuropa.&#8221; cms_template=&#8221;cms_heading&#8211;layout3.php&#8221;][/vc_column][vc_column width=&#8221;1/2&#8243;][vc_column_text]Inter-Iberica übernimmt alle regulären, sowie Teil- als ach komplette Frachten nach Osteuropa. Zu unseren Möglichkeiten gehören: ADR-Gütertransporte, auch im Sammelgut und gegebenenfalls auch mit   kontrollierter Temperatur Kühlsammelgut-Transporte Hängende Fleischtransporte Doppelstöckige Transporte Hochwertige Gütertransporte Bekleidungstransporte Multi-Temperatur Transporte [/vc_column_text][/vc_column][/vc_row][vc_row][vc_column][vc_column_text]Es geht um [&hellip;]</p>

<!-- This site is optimized with the Yoast SEO plugin v27.4 - https://yoast.com/product/yoast-seo-wordpress/ -->
<title>Osteuropa - Inter Iberica</title>
<meta name="robots" content="index, follow, max-snippet:-1, max-image-preview:large, max-video-preview:-1" />
<link rel="canonical" href="https://www.inter-iberica.com/de/bestimmungen/osteuropa/" />
<meta property="og:locale" content="de_DE" />
<meta property="og:type" content="article" />
<meta property="og:title" content="Osteuropa - Inter Iberica" />
<meta property="og:description" content="[vc_row][vc_column width=&#8221;1/2&#8243;][cms_heading subtitle_color=&#8221;#f2193c&#8221; text=&#8221;Inter-Iberica übernimmt alle regulären, sowie Teil- als ach komplette Frachten nach Osteuropa.&#8221; cms_template=&#8221;cms_heading&#8211;layout3.php&#8221;][/vc_column][vc_column width=&#8221;1/2&#8243;][vc_column_text]Inter-Iberica übernimmt alle regulären, sowie Teil- als ach komplette Frachten nach Osteuropa. Zu unseren Möglichkeiten gehören: ADR-Gütertransporte, auch im Sammelgut und gegebenenfalls auch mit   kontrollierter Temperatur Kühlsammelgut-Transporte Hängende Fleischtransporte Doppelstöckige Transporte Hochwertige Gütertransporte Bekleidungstransporte Multi-Temperatur Transporte [/vc_column_text][/vc_column][/vc_row][vc_row][vc_column][vc_column_text]Es geht um [&hellip;]" />
<meta property="og:url" content="https://www.inter-iberica.com/de/bestimmungen/osteuropa/" />
<meta property="og:site_name" content="Inter Iberica" />
<meta property="article:modified_time" content="2020-09-08T05:31:34+00:00" />
<meta name="twitter:card" content="summary_large_image" />
<meta name="twitter:label1" content="Est. reading time" />
	<meta name="twitter:data1" content="2 minutes" />
<script type="application/ld+json" class="yoast-schema-graph">{"@context":"https:\/\/schema.org","@graph":[{"@type":"WebPage","@id":"https:\/\/www.inter-iberica.com\/de\/bestimmungen\/osteuropa\/","url":"https:\/\/www.inter-iberica.com\/de\/bestimmungen\/osteuropa\/","name":"Osteuropa - Inter Iberica","isPartOf":{"@id":"https:\/\/www.inter-iberica.com\/#website"},"datePublished":"2020-01-30T14:36:10+00:00","dateModified":"2020-09-08T05:31:34+00:00","breadcrumb":{"@id":"https:\/\/www.inter-iberica.com\/de\/bestimmungen\/osteuropa\/#breadcrumb"},"inLanguage":"de-DE","potentialAction":[{"@type":"ReadAction","target":["https:\/\/www.inter-iberica.com\/de\/bestimmungen\/osteuropa\/"]}]},{"@type":"BreadcrumbList","@id":"https:\/\/www.inter-iberica.com\/de\/bestimmungen\/osteuropa\/#breadcrumb","itemListElement":[{"@type":"ListItem","position":1,"name":"Home","item":"https:\/\/www.inter-iberica.com\/de\/"},{"@type":"ListItem","position":2,"name":"Bestimmungen","item":"https:\/\/www.inter-iberica.com\/de\/bestimmungen\/"},{"@type":"ListItem","position":3,"name":"Osteuropa"}]},{"@type":"WebSite","@id":"https:\/\/www.inter-iberica.com\/#website","url":"https:\/\/www.inter-iberica.com\/","name":"Inter Iberica","description":"","potentialAction":[{"@type":"SearchAction","target":{"@type":"EntryPoint","urlTemplate":"https:\/\/www.inter-iberica.com\/?s={search_term_string}"},"query-input":{"@type":"PropertyValueSpecification","valueRequired":true,"valueName":"search_term_string"}}],"inLanguage":"de-DE"}]}</script>
<!-- / Yoast SEO plugin. -->

[vc_row][vc_column width=&#8221;1/2&#8243;][cms_heading subtitle_color=&#8221;#f2193c&#8221; text=&#8221;Inter-Iberica übernimmt alle regulären, sowie Teil- als ach komplette Frachten nach Osteuropa.&#8221; cms_template=&#8221;cms_heading&#8211;layout3.php&#8221;][/vc_column][vc_column width=&#8221;1/2&#8243;][vc_column_text]Inter-Iberica übernimmt alle regulären, sowie Teil- als ach komplette Frachten nach Osteuropa. Zu unseren Möglichkeiten gehören: ADR-Gütertransporte, auch im Sammelgut und gegebenenfalls auch mit   kontrollierter Temperatur Kühlsammelgut-Transporte Hängende Fleischtransporte Doppelstöckige Transporte Hochwertige Gütertransporte Bekleidungstransporte Multi-Temperatur Transporte [/vc_column_text][/vc_column][/vc_row][vc_row][vc_column][vc_column_text]Es geht um [&hellip;]
