{"id":2216,"date":"2020-01-30T14:28:11","date_gmt":"2020-01-30T14:28:11","guid":{"rendered":"https:\/\/www.inter-iberica.com\/bestimmungen\/europa\/"},"modified":"2020-08-26T15:27:04","modified_gmt":"2020-08-26T15:27:04","slug":"europa","status":"publish","type":"page","link":"https:\/\/www.inter-iberica.com\/de\/bestimmungen\/europa\/","title":{"rendered":"Europa"},"content":{"rendered":"<div class=\"wpb-content-wrapper\"><p>[vc_row][vc_column width=&#8221;1\/2&#8243;][cms_heading subtitle_color=&#8221;#f2193c&#8221; text=&#8221;Inter-Iberica \u00fcbernimmt alle m\u00f6glichen Sendungen, Teil- und kompletteFrachten durch ganz Europa.&#8221; cms_template=&#8221;cms_heading&#8211;layout3.php&#8221;][\/vc_column][vc_column width=&#8221;1\/2&#8243;][cms_space space_lg=&#8221;40&#8243; space_md=&#8221;40&#8243; space_sm=&#8221;40&#8243; space_xs=&#8221;40&#8243;][vc_column_text]Inter-Iberica ist Spezialist f\u00fcr Sammelg\u00fctertransport. Inter-Iberica versorgt den Transport von nahezu jedem Produkt von jedem Ort in Europa zu dem von Ihnen gew\u00fcnschten Bestimmungsort, ungeachtet der dazu ben\u00f6tigten Transportform oder Kombination (Luft-fracht-, Seefracht-, Stra\u00dfen- und Bahntransport). Wir versuchen die f\u00fcr Sie bestm\u00f6gliche L\u00f6sung zu finden. Sowohl Teil- als auch komplette Frachten, Tautliners, K\u00fchl- und Gefriertransporte, Maschinentransporte und Schiffsbevorratungen geh\u00f6ren zu unseren M\u00f6glichkeiten.[\/vc_column_text][\/vc_column][\/vc_row]<\/p>\n<\/div>","protected":false},"excerpt":{"rendered":"<p>[vc_row][vc_column width=&#8221;1\/2&#8243;][cms_heading subtitle_color=&#8221;#f2193c&#8221; text=&#8221;Inter-Iberica \u00fcbernimmt alle m\u00f6glichen Sendungen, Teil- und kompletteFrachten durch ganz Europa.&#8221; cms_template=&#8221;cms_heading&#8211;layout3.php&#8221;][\/vc_column][vc_column width=&#8221;1\/2&#8243;][cms_space space_lg=&#8221;40&#8243; space_md=&#8221;40&#8243; space_sm=&#8221;40&#8243; space_xs=&#8221;40&#8243;][vc_column_text]Inter-Iberica ist Spezialist f\u00fcr Sammelg\u00fctertransport. Inter-Iberica versorgt den Transport von nahezu jedem Produkt von jedem Ort in Europa zu dem von Ihnen gew\u00fcnschten Bestimmungsort, ungeachtet der dazu ben\u00f6tigten Transportform oder Kombination (Luft-fracht-, Seefracht-, Stra\u00dfen- und Bahntransport). [&hellip;]<\/p>\n","protected":false},"author":3,"featured_media":0,"parent":2198,"menu_order":0,"comment_status":"closed","ping_status":"closed","template":"","meta":{"footnotes":""},"class_list":["post-2216","page","type-page","status-publish","hentry"],"yoast_head":"<!-- This site is optimized with the Yoast SEO plugin v27.4 - https:\/\/yoast.com\/product\/yoast-seo-wordpress\/ -->\n<title>Europa - Inter Iberica<\/title>\n<meta name=\"robots\" content=\"index, follow, max-snippet:-1, max-image-preview:large, max-video-preview:-1\" \/>\n<link rel=\"canonical\" href=\"https:\/\/www.inter-iberica.com\/de\/bestimmungen\/europa\/\" \/>\n<meta property=\"og:locale\" content=\"de_DE\" \/>\n<meta property=\"og:type\" content=\"article\" \/>\n<meta property=\"og:title\" content=\"Europa - Inter Iberica\" \/>\n<meta property=\"og:description\" content=\"[vc_row][vc_column width=&#8221;1\/2&#8243;][cms_heading subtitle_color=&#8221;#f2193c&#8221; text=&#8221;Inter-Iberica \u00fcbernimmt alle m\u00f6glichen Sendungen, Teil- und kompletteFrachten durch ganz Europa.&#8221; cms_template=&#8221;cms_heading&#8211;layout3.php&#8221;][\/vc_column][vc_column width=&#8221;1\/2&#8243;][cms_space space_lg=&#8221;40&#8243; space_md=&#8221;40&#8243; space_sm=&#8221;40&#8243; space_xs=&#8221;40&#8243;][vc_column_text]Inter-Iberica ist Spezialist f\u00fcr Sammelg\u00fctertransport. Inter-Iberica versorgt den Transport von nahezu jedem Produkt von jedem Ort in Europa zu dem von Ihnen gew\u00fcnschten Bestimmungsort, ungeachtet der dazu ben\u00f6tigten Transportform oder Kombination (Luft-fracht-, Seefracht-, Stra\u00dfen- und Bahntransport). [&hellip;]\" \/>\n<meta property=\"og:url\" content=\"https:\/\/www.inter-iberica.com\/de\/bestimmungen\/europa\/\" \/>\n<meta property=\"og:site_name\" content=\"Inter Iberica\" \/>\n<meta property=\"article:modified_time\" content=\"2020-08-26T15:27:04+00:00\" \/>\n<meta name=\"twitter:card\" content=\"summary_large_image\" \/>\n<meta name=\"twitter:label1\" content=\"Est. reading time\" \/>\n\t<meta name=\"twitter:data1\" content=\"1 minute\" \/>\n<script type=\"application\/ld+json\" class=\"yoast-schema-graph\">{\"@context\":\"https:\\\/\\\/schema.org\",\"@graph\":[{\"@type\":\"WebPage\",\"@id\":\"https:\\\/\\\/www.inter-iberica.com\\\/de\\\/bestimmungen\\\/europa\\\/\",\"url\":\"https:\\\/\\\/www.inter-iberica.com\\\/de\\\/bestimmungen\\\/europa\\\/\",\"name\":\"Europa - Inter Iberica\",\"isPartOf\":{\"@id\":\"https:\\\/\\\/www.inter-iberica.com\\\/#website\"},\"datePublished\":\"2020-01-30T14:28:11+00:00\",\"dateModified\":\"2020-08-26T15:27:04+00:00\",\"breadcrumb\":{\"@id\":\"https:\\\/\\\/www.inter-iberica.com\\\/de\\\/bestimmungen\\\/europa\\\/#breadcrumb\"},\"inLanguage\":\"de-DE\",\"potentialAction\":[{\"@type\":\"ReadAction\",\"target\":[\"https:\\\/\\\/www.inter-iberica.com\\\/de\\\/bestimmungen\\\/europa\\\/\"]}]},{\"@type\":\"BreadcrumbList\",\"@id\":\"https:\\\/\\\/www.inter-iberica.com\\\/de\\\/bestimmungen\\\/europa\\\/#breadcrumb\",\"itemListElement\":[{\"@type\":\"ListItem\",\"position\":1,\"name\":\"Home\",\"item\":\"https:\\\/\\\/www.inter-iberica.com\\\/de\\\/\"},{\"@type\":\"ListItem\",\"position\":2,\"name\":\"Bestimmungen\",\"item\":\"https:\\\/\\\/www.inter-iberica.com\\\/de\\\/bestimmungen\\\/\"},{\"@type\":\"ListItem\",\"position\":3,\"name\":\"Europa\"}]},{\"@type\":\"WebSite\",\"@id\":\"https:\\\/\\\/www.inter-iberica.com\\\/#website\",\"url\":\"https:\\\/\\\/www.inter-iberica.com\\\/\",\"name\":\"Inter Iberica\",\"description\":\"\",\"potentialAction\":[{\"@type\":\"SearchAction\",\"target\":{\"@type\":\"EntryPoint\",\"urlTemplate\":\"https:\\\/\\\/www.inter-iberica.com\\\/?s={search_term_string}\"},\"query-input\":{\"@type\":\"PropertyValueSpecification\",\"valueRequired\":true,\"valueName\":\"search_term_string\"}}],\"inLanguage\":\"de-DE\"}]}<\/script>\n<!-- \/ Yoast SEO plugin. -->","yoast_head_json":{"title":"Europa - Inter Iberica","robots":{"index":"index","follow":"follow","max-snippet":"max-snippet:-1","max-image-preview":"max-image-preview:large","max-video-preview":"max-video-preview:-1"},"canonical":"https:\/\/www.inter-iberica.com\/de\/bestimmungen\/europa\/","og_locale":"de_DE","og_type":"article","og_title":"Europa - Inter Iberica","og_description":"[vc_row][vc_column width=&#8221;1\/2&#8243;][cms_heading subtitle_color=&#8221;#f2193c&#8221; text=&#8221;Inter-Iberica \u00fcbernimmt alle m\u00f6glichen Sendungen, Teil- und kompletteFrachten durch ganz Europa.&#8221; cms_template=&#8221;cms_heading&#8211;layout3.php&#8221;][\/vc_column][vc_column width=&#8221;1\/2&#8243;][cms_space space_lg=&#8221;40&#8243; space_md=&#8221;40&#8243; space_sm=&#8221;40&#8243; space_xs=&#8221;40&#8243;][vc_column_text]Inter-Iberica ist Spezialist f\u00fcr Sammelg\u00fctertransport. Inter-Iberica versorgt den Transport von nahezu jedem Produkt von jedem Ort in Europa zu dem von Ihnen gew\u00fcnschten Bestimmungsort, ungeachtet der dazu ben\u00f6tigten Transportform oder Kombination (Luft-fracht-, Seefracht-, Stra\u00dfen- und Bahntransport). [&hellip;]","og_url":"https:\/\/www.inter-iberica.com\/de\/bestimmungen\/europa\/","og_site_name":"Inter Iberica","article_modified_time":"2020-08-26T15:27:04+00:00","twitter_card":"summary_large_image","twitter_misc":{"Est. reading time":"1 minute"},"schema":{"@context":"https:\/\/schema.org","@graph":[{"@type":"WebPage","@id":"https:\/\/www.inter-iberica.com\/de\/bestimmungen\/europa\/","url":"https:\/\/www.inter-iberica.com\/de\/bestimmungen\/europa\/","name":"Europa - Inter Iberica","isPartOf":{"@id":"https:\/\/www.inter-iberica.com\/#website"},"datePublished":"2020-01-30T14:28:11+00:00","dateModified":"2020-08-26T15:27:04+00:00","breadcrumb":{"@id":"https:\/\/www.inter-iberica.com\/de\/bestimmungen\/europa\/#breadcrumb"},"inLanguage":"de-DE","potentialAction":[{"@type":"ReadAction","target":["https:\/\/www.inter-iberica.com\/de\/bestimmungen\/europa\/"]}]},{"@type":"BreadcrumbList","@id":"https:\/\/www.inter-iberica.com\/de\/bestimmungen\/europa\/#breadcrumb","itemListElement":[{"@type":"ListItem","position":1,"name":"Home","item":"https:\/\/www.inter-iberica.com\/de\/"},{"@type":"ListItem","position":2,"name":"Bestimmungen","item":"https:\/\/www.inter-iberica.com\/de\/bestimmungen\/"},{"@type":"ListItem","position":3,"name":"Europa"}]},{"@type":"WebSite","@id":"https:\/\/www.inter-iberica.com\/#website","url":"https:\/\/www.inter-iberica.com\/","name":"Inter Iberica","description":"","potentialAction":[{"@type":"SearchAction","target":{"@type":"EntryPoint","urlTemplate":"https:\/\/www.inter-iberica.com\/?s={search_term_string}"},"query-input":{"@type":"PropertyValueSpecification","valueRequired":true,"valueName":"search_term_string"}}],"inLanguage":"de-DE"}]}},"_links":{"self":[{"href":"https:\/\/www.inter-iberica.com\/de\/wp-json\/wp\/v2\/pages\/2216","targetHints":{"allow":["GET"]}}],"collection":[{"href":"https:\/\/www.inter-iberica.com\/de\/wp-json\/wp\/v2\/pages"}],"about":[{"href":"https:\/\/www.inter-iberica.com\/de\/wp-json\/wp\/v2\/types\/page"}],"author":[{"embeddable":true,"href":"https:\/\/www.inter-iberica.com\/de\/wp-json\/wp\/v2\/users\/3"}],"replies":[{"embeddable":true,"href":"https:\/\/www.inter-iberica.com\/de\/wp-json\/wp\/v2\/comments?post=2216"}],"version-history":[{"count":3,"href":"https:\/\/www.inter-iberica.com\/de\/wp-json\/wp\/v2\/pages\/2216\/revisions"}],"predecessor-version":[{"id":3258,"href":"https:\/\/www.inter-iberica.com\/de\/wp-json\/wp\/v2\/pages\/2216\/revisions\/3258"}],"up":[{"embeddable":true,"href":"https:\/\/www.inter-iberica.com\/de\/wp-json\/wp\/v2\/pages\/2198"}],"wp:attachment":[{"href":"https:\/\/www.inter-iberica.com\/de\/wp-json\/wp\/v2\/media?parent=2216"}],"curies":[{"name":"wp","href":"https:\/\/api.w.org\/{rel}","templated":true}]}}

<div class="wpb-content-wrapper"><p>[vc_row][vc_column width=&#8221;1/2&#8243;][cms_heading subtitle_color=&#8221;#f2193c&#8221; text=&#8221;Inter-Iberica übernimmt alle möglichen Sendungen, Teil- und kompletteFrachten durch ganz Europa.&#8221; cms_template=&#8221;cms_heading&#8211;layout3.php&#8221;][/vc_column][vc_column width=&#8221;1/2&#8243;][cms_space space_lg=&#8221;40&#8243; space_md=&#8221;40&#8243; space_sm=&#8221;40&#8243; space_xs=&#8221;40&#8243;][vc_column_text]Inter-Iberica ist Spezialist für Sammelgütertransport. Inter-Iberica versorgt den Transport von nahezu jedem Produkt von jedem Ort in Europa zu dem von Ihnen gewünschten Bestimmungsort, ungeachtet der dazu benötigten Transportform oder Kombination (Luft-fracht-, Seefracht-, Straßen- und Bahntransport). Wir versuchen die für Sie bestmögliche Lösung zu finden. Sowohl Teil- als auch komplette Frachten, Tautliners, Kühl- und Gefriertransporte, Maschinentransporte und Schiffsbevorratungen gehören zu unseren Möglichkeiten.[/vc_column_text][/vc_column][/vc_row]</p>
</div>

<p>[vc_row][vc_column width=&#8221;1/2&#8243;][cms_heading subtitle_color=&#8221;#f2193c&#8221; text=&#8221;Inter-Iberica übernimmt alle möglichen Sendungen, Teil- und kompletteFrachten durch ganz Europa.&#8221; cms_template=&#8221;cms_heading&#8211;layout3.php&#8221;][/vc_column][vc_column width=&#8221;1/2&#8243;][cms_space space_lg=&#8221;40&#8243; space_md=&#8221;40&#8243; space_sm=&#8221;40&#8243; space_xs=&#8221;40&#8243;][vc_column_text]Inter-Iberica ist Spezialist für Sammelgütertransport. Inter-Iberica versorgt den Transport von nahezu jedem Produkt von jedem Ort in Europa zu dem von Ihnen gewünschten Bestimmungsort, ungeachtet der dazu benötigten Transportform oder Kombination (Luft-fracht-, Seefracht-, Straßen- und Bahntransport). [&hellip;]</p>

<!-- This site is optimized with the Yoast SEO plugin v27.4 - https://yoast.com/product/yoast-seo-wordpress/ -->
<title>Europa - Inter Iberica</title>
<meta name="robots" content="index, follow, max-snippet:-1, max-image-preview:large, max-video-preview:-1" />
<link rel="canonical" href="https://www.inter-iberica.com/de/bestimmungen/europa/" />
<meta property="og:locale" content="de_DE" />
<meta property="og:type" content="article" />
<meta property="og:title" content="Europa - Inter Iberica" />
<meta property="og:description" content="[vc_row][vc_column width=&#8221;1/2&#8243;][cms_heading subtitle_color=&#8221;#f2193c&#8221; text=&#8221;Inter-Iberica übernimmt alle möglichen Sendungen, Teil- und kompletteFrachten durch ganz Europa.&#8221; cms_template=&#8221;cms_heading&#8211;layout3.php&#8221;][/vc_column][vc_column width=&#8221;1/2&#8243;][cms_space space_lg=&#8221;40&#8243; space_md=&#8221;40&#8243; space_sm=&#8221;40&#8243; space_xs=&#8221;40&#8243;][vc_column_text]Inter-Iberica ist Spezialist für Sammelgütertransport. Inter-Iberica versorgt den Transport von nahezu jedem Produkt von jedem Ort in Europa zu dem von Ihnen gewünschten Bestimmungsort, ungeachtet der dazu benötigten Transportform oder Kombination (Luft-fracht-, Seefracht-, Straßen- und Bahntransport). [&hellip;]" />
<meta property="og:url" content="https://www.inter-iberica.com/de/bestimmungen/europa/" />
<meta property="og:site_name" content="Inter Iberica" />
<meta property="article:modified_time" content="2020-08-26T15:27:04+00:00" />
<meta name="twitter:card" content="summary_large_image" />
<meta name="twitter:label1" content="Est. reading time" />
	<meta name="twitter:data1" content="1 minute" />
<script type="application/ld+json" class="yoast-schema-graph">{"@context":"https:\/\/schema.org","@graph":[{"@type":"WebPage","@id":"https:\/\/www.inter-iberica.com\/de\/bestimmungen\/europa\/","url":"https:\/\/www.inter-iberica.com\/de\/bestimmungen\/europa\/","name":"Europa - Inter Iberica","isPartOf":{"@id":"https:\/\/www.inter-iberica.com\/#website"},"datePublished":"2020-01-30T14:28:11+00:00","dateModified":"2020-08-26T15:27:04+00:00","breadcrumb":{"@id":"https:\/\/www.inter-iberica.com\/de\/bestimmungen\/europa\/#breadcrumb"},"inLanguage":"de-DE","potentialAction":[{"@type":"ReadAction","target":["https:\/\/www.inter-iberica.com\/de\/bestimmungen\/europa\/"]}]},{"@type":"BreadcrumbList","@id":"https:\/\/www.inter-iberica.com\/de\/bestimmungen\/europa\/#breadcrumb","itemListElement":[{"@type":"ListItem","position":1,"name":"Home","item":"https:\/\/www.inter-iberica.com\/de\/"},{"@type":"ListItem","position":2,"name":"Bestimmungen","item":"https:\/\/www.inter-iberica.com\/de\/bestimmungen\/"},{"@type":"ListItem","position":3,"name":"Europa"}]},{"@type":"WebSite","@id":"https:\/\/www.inter-iberica.com\/#website","url":"https:\/\/www.inter-iberica.com\/","name":"Inter Iberica","description":"","potentialAction":[{"@type":"SearchAction","target":{"@type":"EntryPoint","urlTemplate":"https:\/\/www.inter-iberica.com\/?s={search_term_string}"},"query-input":{"@type":"PropertyValueSpecification","valueRequired":true,"valueName":"search_term_string"}}],"inLanguage":"de-DE"}]}</script>
<!-- / Yoast SEO plugin. -->

[vc_row][vc_column width=&#8221;1/2&#8243;][cms_heading subtitle_color=&#8221;#f2193c&#8221; text=&#8221;Inter-Iberica übernimmt alle möglichen Sendungen, Teil- und kompletteFrachten durch ganz Europa.&#8221; cms_template=&#8221;cms_heading&#8211;layout3.php&#8221;][/vc_column][vc_column width=&#8221;1/2&#8243;][cms_space space_lg=&#8221;40&#8243; space_md=&#8221;40&#8243; space_sm=&#8221;40&#8243; space_xs=&#8221;40&#8243;][vc_column_text]Inter-Iberica ist Spezialist für Sammelgütertransport. Inter-Iberica versorgt den Transport von nahezu jedem Produkt von jedem Ort in Europa zu dem von Ihnen gewünschten Bestimmungsort, ungeachtet der dazu benötigten Transportform oder Kombination (Luft-fracht-, Seefracht-, Straßen- und Bahntransport). [&hellip;]
