{"id":2169,"date":"2020-04-30T11:05:41","date_gmt":"2020-04-30T11:05:41","guid":{"rendered":"https:\/\/www.inter-iberica.com\/dienste\/spoedtransport\/"},"modified":"2020-08-26T16:45:13","modified_gmt":"2020-08-26T16:45:13","slug":"eiltransporte","status":"publish","type":"page","link":"https:\/\/www.inter-iberica.com\/de\/dienste\/eiltransporte\/","title":{"rendered":"Eiltransporte"},"content":{"rendered":"<div class=\"wpb-content-wrapper\"><p>[vc_row][vc_column css=&#8221;.vc_custom_1552704895602{margin-top: -5px !important;}&#8221;][cms_heading text=&#8221;Eiltransporte&#8221; tag=&#8221;h4&#8243; text_color=&#8221;#222222&#8243; cms_template=&#8221;cms_heading.php&#8221;][vc_column_text css=&#8221;.vc_custom_1594504150785{margin-bottom: 22px !important;}&#8221;]Bei Eiltransporten dreht sich alles um Zeit. Inter-Ib\u00e9rica sorgt daf\u00fcr, dass Ihre Eilsendungen in ganz Europa p\u00fcnktlich geliefert werden. Um die Lenk- und Ruhezeiten einzuhalten ist es nat\u00fcrlich auch m\u00f6glich, mit zwei Fahrern zu fahren. Die G\u00fcter werden in verschlossenen Einheiten mit Satellitverbindung transportiert. S\u00e4mtliche Einheiten verf\u00fcgen zudem \u00fcber \u00b4Notkn\u00f6pfe\u00b4. Dadurch stehen unsere Wagen mit Alarmzentralen in ganz Europa in Verbindung um im Notfall schnellstm\u00f6glich adequat eingreifen zu k\u00f6nnen. Auf diese Weise werden Gefahren auf ein Minimum reduziert.[\/vc_column_text][\/vc_column][\/vc_row]<\/p>\n<\/div>","protected":false},"excerpt":{"rendered":"<p>[vc_row][vc_column css=&#8221;.vc_custom_1552704895602{margin-top: -5px !important;}&#8221;][cms_heading text=&#8221;Eiltransporte&#8221; tag=&#8221;h4&#8243; text_color=&#8221;#222222&#8243; cms_template=&#8221;cms_heading.php&#8221;][vc_column_text css=&#8221;.vc_custom_1594504150785{margin-bottom: 22px !important;}&#8221;]Bei Eiltransporten dreht sich alles um Zeit. Inter-Ib\u00e9rica sorgt daf\u00fcr, dass Ihre Eilsendungen in ganz Europa p\u00fcnktlich geliefert werden. Um die Lenk- und Ruhezeiten einzuhalten ist es nat\u00fcrlich auch m\u00f6glich, mit zwei Fahrern zu fahren. Die G\u00fcter werden in verschlossenen Einheiten mit Satellitverbindung transportiert. S\u00e4mtliche [&hellip;]<\/p>\n","protected":false},"author":3,"featured_media":0,"parent":2115,"menu_order":0,"comment_status":"closed","ping_status":"closed","template":"","meta":{"footnotes":""},"class_list":["post-2169","page","type-page","status-publish","hentry"],"yoast_head":"<!-- This site is optimized with the Yoast SEO plugin v27.4 - https:\/\/yoast.com\/product\/yoast-seo-wordpress\/ -->\n<title>Eiltransporte - Inter Iberica<\/title>\n<meta name=\"robots\" content=\"index, follow, max-snippet:-1, max-image-preview:large, max-video-preview:-1\" \/>\n<link rel=\"canonical\" href=\"https:\/\/www.inter-iberica.com\/de\/dienste\/eiltransporte\/\" \/>\n<meta property=\"og:locale\" content=\"de_DE\" \/>\n<meta property=\"og:type\" content=\"article\" \/>\n<meta property=\"og:title\" content=\"Eiltransporte - Inter Iberica\" \/>\n<meta property=\"og:description\" content=\"[vc_row][vc_column css=&#8221;.vc_custom_1552704895602{margin-top: -5px !important;}&#8221;][cms_heading text=&#8221;Eiltransporte&#8221; tag=&#8221;h4&#8243; text_color=&#8221;#222222&#8243; cms_template=&#8221;cms_heading.php&#8221;][vc_column_text css=&#8221;.vc_custom_1594504150785{margin-bottom: 22px !important;}&#8221;]Bei Eiltransporten dreht sich alles um Zeit. Inter-Ib\u00e9rica sorgt daf\u00fcr, dass Ihre Eilsendungen in ganz Europa p\u00fcnktlich geliefert werden. Um die Lenk- und Ruhezeiten einzuhalten ist es nat\u00fcrlich auch m\u00f6glich, mit zwei Fahrern zu fahren. Die G\u00fcter werden in verschlossenen Einheiten mit Satellitverbindung transportiert. S\u00e4mtliche [&hellip;]\" \/>\n<meta property=\"og:url\" content=\"https:\/\/www.inter-iberica.com\/de\/dienste\/eiltransporte\/\" \/>\n<meta property=\"og:site_name\" content=\"Inter Iberica\" \/>\n<meta property=\"article:modified_time\" content=\"2020-08-26T16:45:13+00:00\" \/>\n<meta name=\"twitter:card\" content=\"summary_large_image\" \/>\n<meta name=\"twitter:label1\" content=\"Est. reading time\" \/>\n\t<meta name=\"twitter:data1\" content=\"1 minute\" \/>\n<script type=\"application\/ld+json\" class=\"yoast-schema-graph\">{\"@context\":\"https:\\\/\\\/schema.org\",\"@graph\":[{\"@type\":\"WebPage\",\"@id\":\"https:\\\/\\\/www.inter-iberica.com\\\/de\\\/dienste\\\/eiltransporte\\\/\",\"url\":\"https:\\\/\\\/www.inter-iberica.com\\\/de\\\/dienste\\\/eiltransporte\\\/\",\"name\":\"Eiltransporte - Inter Iberica\",\"isPartOf\":{\"@id\":\"https:\\\/\\\/www.inter-iberica.com\\\/#website\"},\"datePublished\":\"2020-04-30T11:05:41+00:00\",\"dateModified\":\"2020-08-26T16:45:13+00:00\",\"breadcrumb\":{\"@id\":\"https:\\\/\\\/www.inter-iberica.com\\\/de\\\/dienste\\\/eiltransporte\\\/#breadcrumb\"},\"inLanguage\":\"de-DE\",\"potentialAction\":[{\"@type\":\"ReadAction\",\"target\":[\"https:\\\/\\\/www.inter-iberica.com\\\/de\\\/dienste\\\/eiltransporte\\\/\"]}]},{\"@type\":\"BreadcrumbList\",\"@id\":\"https:\\\/\\\/www.inter-iberica.com\\\/de\\\/dienste\\\/eiltransporte\\\/#breadcrumb\",\"itemListElement\":[{\"@type\":\"ListItem\",\"position\":1,\"name\":\"Home\",\"item\":\"https:\\\/\\\/www.inter-iberica.com\\\/de\\\/\"},{\"@type\":\"ListItem\",\"position\":2,\"name\":\"Dienste\",\"item\":\"https:\\\/\\\/www.inter-iberica.com\\\/de\\\/dienste\\\/\"},{\"@type\":\"ListItem\",\"position\":3,\"name\":\"Eiltransporte\"}]},{\"@type\":\"WebSite\",\"@id\":\"https:\\\/\\\/www.inter-iberica.com\\\/#website\",\"url\":\"https:\\\/\\\/www.inter-iberica.com\\\/\",\"name\":\"Inter Iberica\",\"description\":\"\",\"potentialAction\":[{\"@type\":\"SearchAction\",\"target\":{\"@type\":\"EntryPoint\",\"urlTemplate\":\"https:\\\/\\\/www.inter-iberica.com\\\/?s={search_term_string}\"},\"query-input\":{\"@type\":\"PropertyValueSpecification\",\"valueRequired\":true,\"valueName\":\"search_term_string\"}}],\"inLanguage\":\"de-DE\"}]}<\/script>\n<!-- \/ Yoast SEO plugin. -->","yoast_head_json":{"title":"Eiltransporte - Inter Iberica","robots":{"index":"index","follow":"follow","max-snippet":"max-snippet:-1","max-image-preview":"max-image-preview:large","max-video-preview":"max-video-preview:-1"},"canonical":"https:\/\/www.inter-iberica.com\/de\/dienste\/eiltransporte\/","og_locale":"de_DE","og_type":"article","og_title":"Eiltransporte - Inter Iberica","og_description":"[vc_row][vc_column css=&#8221;.vc_custom_1552704895602{margin-top: -5px !important;}&#8221;][cms_heading text=&#8221;Eiltransporte&#8221; tag=&#8221;h4&#8243; text_color=&#8221;#222222&#8243; cms_template=&#8221;cms_heading.php&#8221;][vc_column_text css=&#8221;.vc_custom_1594504150785{margin-bottom: 22px !important;}&#8221;]Bei Eiltransporten dreht sich alles um Zeit. Inter-Ib\u00e9rica sorgt daf\u00fcr, dass Ihre Eilsendungen in ganz Europa p\u00fcnktlich geliefert werden. Um die Lenk- und Ruhezeiten einzuhalten ist es nat\u00fcrlich auch m\u00f6glich, mit zwei Fahrern zu fahren. Die G\u00fcter werden in verschlossenen Einheiten mit Satellitverbindung transportiert. S\u00e4mtliche [&hellip;]","og_url":"https:\/\/www.inter-iberica.com\/de\/dienste\/eiltransporte\/","og_site_name":"Inter Iberica","article_modified_time":"2020-08-26T16:45:13+00:00","twitter_card":"summary_large_image","twitter_misc":{"Est. reading time":"1 minute"},"schema":{"@context":"https:\/\/schema.org","@graph":[{"@type":"WebPage","@id":"https:\/\/www.inter-iberica.com\/de\/dienste\/eiltransporte\/","url":"https:\/\/www.inter-iberica.com\/de\/dienste\/eiltransporte\/","name":"Eiltransporte - Inter Iberica","isPartOf":{"@id":"https:\/\/www.inter-iberica.com\/#website"},"datePublished":"2020-04-30T11:05:41+00:00","dateModified":"2020-08-26T16:45:13+00:00","breadcrumb":{"@id":"https:\/\/www.inter-iberica.com\/de\/dienste\/eiltransporte\/#breadcrumb"},"inLanguage":"de-DE","potentialAction":[{"@type":"ReadAction","target":["https:\/\/www.inter-iberica.com\/de\/dienste\/eiltransporte\/"]}]},{"@type":"BreadcrumbList","@id":"https:\/\/www.inter-iberica.com\/de\/dienste\/eiltransporte\/#breadcrumb","itemListElement":[{"@type":"ListItem","position":1,"name":"Home","item":"https:\/\/www.inter-iberica.com\/de\/"},{"@type":"ListItem","position":2,"name":"Dienste","item":"https:\/\/www.inter-iberica.com\/de\/dienste\/"},{"@type":"ListItem","position":3,"name":"Eiltransporte"}]},{"@type":"WebSite","@id":"https:\/\/www.inter-iberica.com\/#website","url":"https:\/\/www.inter-iberica.com\/","name":"Inter Iberica","description":"","potentialAction":[{"@type":"SearchAction","target":{"@type":"EntryPoint","urlTemplate":"https:\/\/www.inter-iberica.com\/?s={search_term_string}"},"query-input":{"@type":"PropertyValueSpecification","valueRequired":true,"valueName":"search_term_string"}}],"inLanguage":"de-DE"}]}},"_links":{"self":[{"href":"https:\/\/www.inter-iberica.com\/de\/wp-json\/wp\/v2\/pages\/2169","targetHints":{"allow":["GET"]}}],"collection":[{"href":"https:\/\/www.inter-iberica.com\/de\/wp-json\/wp\/v2\/pages"}],"about":[{"href":"https:\/\/www.inter-iberica.com\/de\/wp-json\/wp\/v2\/types\/page"}],"author":[{"embeddable":true,"href":"https:\/\/www.inter-iberica.com\/de\/wp-json\/wp\/v2\/users\/3"}],"replies":[{"embeddable":true,"href":"https:\/\/www.inter-iberica.com\/de\/wp-json\/wp\/v2\/comments?post=2169"}],"version-history":[{"count":3,"href":"https:\/\/www.inter-iberica.com\/de\/wp-json\/wp\/v2\/pages\/2169\/revisions"}],"predecessor-version":[{"id":3337,"href":"https:\/\/www.inter-iberica.com\/de\/wp-json\/wp\/v2\/pages\/2169\/revisions\/3337"}],"up":[{"embeddable":true,"href":"https:\/\/www.inter-iberica.com\/de\/wp-json\/wp\/v2\/pages\/2115"}],"wp:attachment":[{"href":"https:\/\/www.inter-iberica.com\/de\/wp-json\/wp\/v2\/media?parent=2169"}],"curies":[{"name":"wp","href":"https:\/\/api.w.org\/{rel}","templated":true}]}}

<div class="wpb-content-wrapper"><p>[vc_row][vc_column css=&#8221;.vc_custom_1552704895602{margin-top: -5px !important;}&#8221;][cms_heading text=&#8221;Eiltransporte&#8221; tag=&#8221;h4&#8243; text_color=&#8221;#222222&#8243; cms_template=&#8221;cms_heading.php&#8221;][vc_column_text css=&#8221;.vc_custom_1594504150785{margin-bottom: 22px !important;}&#8221;]Bei Eiltransporten dreht sich alles um Zeit. Inter-Ibérica sorgt dafür, dass Ihre Eilsendungen in ganz Europa pünktlich geliefert werden. Um die Lenk- und Ruhezeiten einzuhalten ist es natürlich auch möglich, mit zwei Fahrern zu fahren. Die Güter werden in verschlossenen Einheiten mit Satellitverbindung transportiert. Sämtliche Einheiten verfügen zudem über ´Notknöpfe´. Dadurch stehen unsere Wagen mit Alarmzentralen in ganz Europa in Verbindung um im Notfall schnellstmöglich adequat eingreifen zu können. Auf diese Weise werden Gefahren auf ein Minimum reduziert.[/vc_column_text][/vc_column][/vc_row]</p>
</div>

<p>[vc_row][vc_column css=&#8221;.vc_custom_1552704895602{margin-top: -5px !important;}&#8221;][cms_heading text=&#8221;Eiltransporte&#8221; tag=&#8221;h4&#8243; text_color=&#8221;#222222&#8243; cms_template=&#8221;cms_heading.php&#8221;][vc_column_text css=&#8221;.vc_custom_1594504150785{margin-bottom: 22px !important;}&#8221;]Bei Eiltransporten dreht sich alles um Zeit. Inter-Ibérica sorgt dafür, dass Ihre Eilsendungen in ganz Europa pünktlich geliefert werden. Um die Lenk- und Ruhezeiten einzuhalten ist es natürlich auch möglich, mit zwei Fahrern zu fahren. Die Güter werden in verschlossenen Einheiten mit Satellitverbindung transportiert. Sämtliche [&hellip;]</p>

<!-- This site is optimized with the Yoast SEO plugin v27.4 - https://yoast.com/product/yoast-seo-wordpress/ -->
<title>Eiltransporte - Inter Iberica</title>
<meta name="robots" content="index, follow, max-snippet:-1, max-image-preview:large, max-video-preview:-1" />
<link rel="canonical" href="https://www.inter-iberica.com/de/dienste/eiltransporte/" />
<meta property="og:locale" content="de_DE" />
<meta property="og:type" content="article" />
<meta property="og:title" content="Eiltransporte - Inter Iberica" />
<meta property="og:description" content="[vc_row][vc_column css=&#8221;.vc_custom_1552704895602{margin-top: -5px !important;}&#8221;][cms_heading text=&#8221;Eiltransporte&#8221; tag=&#8221;h4&#8243; text_color=&#8221;#222222&#8243; cms_template=&#8221;cms_heading.php&#8221;][vc_column_text css=&#8221;.vc_custom_1594504150785{margin-bottom: 22px !important;}&#8221;]Bei Eiltransporten dreht sich alles um Zeit. Inter-Ibérica sorgt dafür, dass Ihre Eilsendungen in ganz Europa pünktlich geliefert werden. Um die Lenk- und Ruhezeiten einzuhalten ist es natürlich auch möglich, mit zwei Fahrern zu fahren. Die Güter werden in verschlossenen Einheiten mit Satellitverbindung transportiert. Sämtliche [&hellip;]" />
<meta property="og:url" content="https://www.inter-iberica.com/de/dienste/eiltransporte/" />
<meta property="og:site_name" content="Inter Iberica" />
<meta property="article:modified_time" content="2020-08-26T16:45:13+00:00" />
<meta name="twitter:card" content="summary_large_image" />
<meta name="twitter:label1" content="Est. reading time" />
	<meta name="twitter:data1" content="1 minute" />
<script type="application/ld+json" class="yoast-schema-graph">{"@context":"https:\/\/schema.org","@graph":[{"@type":"WebPage","@id":"https:\/\/www.inter-iberica.com\/de\/dienste\/eiltransporte\/","url":"https:\/\/www.inter-iberica.com\/de\/dienste\/eiltransporte\/","name":"Eiltransporte - Inter Iberica","isPartOf":{"@id":"https:\/\/www.inter-iberica.com\/#website"},"datePublished":"2020-04-30T11:05:41+00:00","dateModified":"2020-08-26T16:45:13+00:00","breadcrumb":{"@id":"https:\/\/www.inter-iberica.com\/de\/dienste\/eiltransporte\/#breadcrumb"},"inLanguage":"de-DE","potentialAction":[{"@type":"ReadAction","target":["https:\/\/www.inter-iberica.com\/de\/dienste\/eiltransporte\/"]}]},{"@type":"BreadcrumbList","@id":"https:\/\/www.inter-iberica.com\/de\/dienste\/eiltransporte\/#breadcrumb","itemListElement":[{"@type":"ListItem","position":1,"name":"Home","item":"https:\/\/www.inter-iberica.com\/de\/"},{"@type":"ListItem","position":2,"name":"Dienste","item":"https:\/\/www.inter-iberica.com\/de\/dienste\/"},{"@type":"ListItem","position":3,"name":"Eiltransporte"}]},{"@type":"WebSite","@id":"https:\/\/www.inter-iberica.com\/#website","url":"https:\/\/www.inter-iberica.com\/","name":"Inter Iberica","description":"","potentialAction":[{"@type":"SearchAction","target":{"@type":"EntryPoint","urlTemplate":"https:\/\/www.inter-iberica.com\/?s={search_term_string}"},"query-input":{"@type":"PropertyValueSpecification","valueRequired":true,"valueName":"search_term_string"}}],"inLanguage":"de-DE"}]}</script>
<!-- / Yoast SEO plugin. -->

[vc_row][vc_column css=&#8221;.vc_custom_1552704895602{margin-top: -5px !important;}&#8221;][cms_heading text=&#8221;Eiltransporte&#8221; tag=&#8221;h4&#8243; text_color=&#8221;#222222&#8243; cms_template=&#8221;cms_heading.php&#8221;][vc_column_text css=&#8221;.vc_custom_1594504150785{margin-bottom: 22px !important;}&#8221;]Bei Eiltransporten dreht sich alles um Zeit. Inter-Ibérica sorgt dafür, dass Ihre Eilsendungen in ganz Europa pünktlich geliefert werden. Um die Lenk- und Ruhezeiten einzuhalten ist es natürlich auch möglich, mit zwei Fahrern zu fahren. Die Güter werden in verschlossenen Einheiten mit Satellitverbindung transportiert. Sämtliche [&hellip;]
