{"id":2143,"date":"2020-04-30T09:37:42","date_gmt":"2020-04-30T09:37:42","guid":{"rendered":"https:\/\/www.inter-iberica.com\/dienste\/geconditioneerd\/"},"modified":"2025-03-07T04:42:28","modified_gmt":"2025-03-07T04:42:28","slug":"konditionierter-transport","status":"publish","type":"page","link":"https:\/\/www.inter-iberica.com\/de\/dienste\/konditionierter-transport\/","title":{"rendered":"Konditionierter Transport"},"content":{"rendered":"<div class=\"wpb-content-wrapper\"><p>[vc_row][vc_column css=&#8221;.vc_custom_1552704895602{margin-top: -5px !important;}&#8221;][cms_heading text=&#8221;Konditionierter Transport&#8221; tag=&#8221;h4&#8243; text_color=&#8221;#222222&#8243; cms_template=&#8221;cms_heading.php&#8221;][vc_column_text css=&#8221;.vc_custom_1594503072095{margin-bottom: 22px !important;}&#8221;]Der Transport von verderblichen G\u00fctern stellt besondere Anforderungen an Ausr\u00fcstung und Fahrer, auch w\u00e4hrend des Be- und Entladens. Inter-Iberica verf\u00fcgt \u00fcber K\u00fchlwagen, die mit sowohl einer K\u00fchlung wie auch einer Heizung ausgestattet sind.<\/p>\n<p>S\u00e4mtliche K\u00fchlwagen sind mit einem Bordcomputer und einer Temperaturregistrierung ausgestattet, die eine optimale Steuerung der Temperaturbedingungen w\u00e4hrend des Transports gew\u00e4hrleisten. Die speziellen K\u00fchlwagen von Inter-Iberica sind in unterschiedliche F\u00e4cher aufgeteilt in denen die Temperatur separat geregelt werden kann.[\/vc_column_text][\/vc_column][\/vc_row]<\/p>\n<\/div>","protected":false},"excerpt":{"rendered":"<p>[vc_row][vc_column css=&#8221;.vc_custom_1552704895602{margin-top: -5px !important;}&#8221;][cms_heading text=&#8221;Konditionierter Transport&#8221; tag=&#8221;h4&#8243; text_color=&#8221;#222222&#8243; cms_template=&#8221;cms_heading.php&#8221;][vc_column_text css=&#8221;.vc_custom_1594503072095{margin-bottom: 22px !important;}&#8221;]Der Transport von verderblichen G\u00fctern stellt besondere Anforderungen an Ausr\u00fcstung und Fahrer, auch w\u00e4hrend des Be- und Entladens. Inter-Iberica verf\u00fcgt \u00fcber K\u00fchlwagen, die mit sowohl einer K\u00fchlung wie auch einer Heizung ausgestattet sind. S\u00e4mtliche K\u00fchlwagen sind mit einem Bordcomputer und einer Temperaturregistrierung ausgestattet, die [&hellip;]<\/p>\n","protected":false},"author":3,"featured_media":0,"parent":2115,"menu_order":0,"comment_status":"closed","ping_status":"closed","template":"","meta":{"footnotes":""},"class_list":["post-2143","page","type-page","status-publish","hentry"],"yoast_head":"<!-- This site is optimized with the Yoast SEO plugin v27.4 - https:\/\/yoast.com\/product\/yoast-seo-wordpress\/ -->\n<title>Konditionierter Transport - Inter Iberica<\/title>\n<meta name=\"robots\" content=\"index, follow, max-snippet:-1, max-image-preview:large, max-video-preview:-1\" \/>\n<link rel=\"canonical\" href=\"https:\/\/www.inter-iberica.com\/de\/dienste\/konditionierter-transport\/\" \/>\n<meta property=\"og:locale\" content=\"de_DE\" \/>\n<meta property=\"og:type\" content=\"article\" \/>\n<meta property=\"og:title\" content=\"Konditionierter Transport - Inter Iberica\" \/>\n<meta property=\"og:description\" content=\"[vc_row][vc_column css=&#8221;.vc_custom_1552704895602{margin-top: -5px !important;}&#8221;][cms_heading text=&#8221;Konditionierter Transport&#8221; tag=&#8221;h4&#8243; text_color=&#8221;#222222&#8243; cms_template=&#8221;cms_heading.php&#8221;][vc_column_text css=&#8221;.vc_custom_1594503072095{margin-bottom: 22px !important;}&#8221;]Der Transport von verderblichen G\u00fctern stellt besondere Anforderungen an Ausr\u00fcstung und Fahrer, auch w\u00e4hrend des Be- und Entladens. Inter-Iberica verf\u00fcgt \u00fcber K\u00fchlwagen, die mit sowohl einer K\u00fchlung wie auch einer Heizung ausgestattet sind. S\u00e4mtliche K\u00fchlwagen sind mit einem Bordcomputer und einer Temperaturregistrierung ausgestattet, die [&hellip;]\" \/>\n<meta property=\"og:url\" content=\"https:\/\/www.inter-iberica.com\/de\/dienste\/konditionierter-transport\/\" \/>\n<meta property=\"og:site_name\" content=\"Inter Iberica\" \/>\n<meta property=\"article:modified_time\" content=\"2025-03-07T04:42:28+00:00\" \/>\n<meta name=\"twitter:card\" content=\"summary_large_image\" \/>\n<meta name=\"twitter:label1\" content=\"Est. reading time\" \/>\n\t<meta name=\"twitter:data1\" content=\"1 minute\" \/>\n<script type=\"application\/ld+json\" class=\"yoast-schema-graph\">{\"@context\":\"https:\\\/\\\/schema.org\",\"@graph\":[{\"@type\":\"WebPage\",\"@id\":\"https:\\\/\\\/www.inter-iberica.com\\\/de\\\/dienste\\\/konditionierter-transport\\\/\",\"url\":\"https:\\\/\\\/www.inter-iberica.com\\\/de\\\/dienste\\\/konditionierter-transport\\\/\",\"name\":\"Konditionierter Transport - Inter Iberica\",\"isPartOf\":{\"@id\":\"https:\\\/\\\/www.inter-iberica.com\\\/#website\"},\"datePublished\":\"2020-04-30T09:37:42+00:00\",\"dateModified\":\"2025-03-07T04:42:28+00:00\",\"breadcrumb\":{\"@id\":\"https:\\\/\\\/www.inter-iberica.com\\\/de\\\/dienste\\\/konditionierter-transport\\\/#breadcrumb\"},\"inLanguage\":\"de-DE\",\"potentialAction\":[{\"@type\":\"ReadAction\",\"target\":[\"https:\\\/\\\/www.inter-iberica.com\\\/de\\\/dienste\\\/konditionierter-transport\\\/\"]}]},{\"@type\":\"BreadcrumbList\",\"@id\":\"https:\\\/\\\/www.inter-iberica.com\\\/de\\\/dienste\\\/konditionierter-transport\\\/#breadcrumb\",\"itemListElement\":[{\"@type\":\"ListItem\",\"position\":1,\"name\":\"Home\",\"item\":\"https:\\\/\\\/www.inter-iberica.com\\\/de\\\/\"},{\"@type\":\"ListItem\",\"position\":2,\"name\":\"Dienste\",\"item\":\"https:\\\/\\\/www.inter-iberica.com\\\/de\\\/dienste\\\/\"},{\"@type\":\"ListItem\",\"position\":3,\"name\":\"Konditionierter Transport\"}]},{\"@type\":\"WebSite\",\"@id\":\"https:\\\/\\\/www.inter-iberica.com\\\/#website\",\"url\":\"https:\\\/\\\/www.inter-iberica.com\\\/\",\"name\":\"Inter Iberica\",\"description\":\"\",\"potentialAction\":[{\"@type\":\"SearchAction\",\"target\":{\"@type\":\"EntryPoint\",\"urlTemplate\":\"https:\\\/\\\/www.inter-iberica.com\\\/?s={search_term_string}\"},\"query-input\":{\"@type\":\"PropertyValueSpecification\",\"valueRequired\":true,\"valueName\":\"search_term_string\"}}],\"inLanguage\":\"de-DE\"}]}<\/script>\n<!-- \/ Yoast SEO plugin. -->","yoast_head_json":{"title":"Konditionierter Transport - Inter Iberica","robots":{"index":"index","follow":"follow","max-snippet":"max-snippet:-1","max-image-preview":"max-image-preview:large","max-video-preview":"max-video-preview:-1"},"canonical":"https:\/\/www.inter-iberica.com\/de\/dienste\/konditionierter-transport\/","og_locale":"de_DE","og_type":"article","og_title":"Konditionierter Transport - Inter Iberica","og_description":"[vc_row][vc_column css=&#8221;.vc_custom_1552704895602{margin-top: -5px !important;}&#8221;][cms_heading text=&#8221;Konditionierter Transport&#8221; tag=&#8221;h4&#8243; text_color=&#8221;#222222&#8243; cms_template=&#8221;cms_heading.php&#8221;][vc_column_text css=&#8221;.vc_custom_1594503072095{margin-bottom: 22px !important;}&#8221;]Der Transport von verderblichen G\u00fctern stellt besondere Anforderungen an Ausr\u00fcstung und Fahrer, auch w\u00e4hrend des Be- und Entladens. Inter-Iberica verf\u00fcgt \u00fcber K\u00fchlwagen, die mit sowohl einer K\u00fchlung wie auch einer Heizung ausgestattet sind. S\u00e4mtliche K\u00fchlwagen sind mit einem Bordcomputer und einer Temperaturregistrierung ausgestattet, die [&hellip;]","og_url":"https:\/\/www.inter-iberica.com\/de\/dienste\/konditionierter-transport\/","og_site_name":"Inter Iberica","article_modified_time":"2025-03-07T04:42:28+00:00","twitter_card":"summary_large_image","twitter_misc":{"Est. reading time":"1 minute"},"schema":{"@context":"https:\/\/schema.org","@graph":[{"@type":"WebPage","@id":"https:\/\/www.inter-iberica.com\/de\/dienste\/konditionierter-transport\/","url":"https:\/\/www.inter-iberica.com\/de\/dienste\/konditionierter-transport\/","name":"Konditionierter Transport - Inter Iberica","isPartOf":{"@id":"https:\/\/www.inter-iberica.com\/#website"},"datePublished":"2020-04-30T09:37:42+00:00","dateModified":"2025-03-07T04:42:28+00:00","breadcrumb":{"@id":"https:\/\/www.inter-iberica.com\/de\/dienste\/konditionierter-transport\/#breadcrumb"},"inLanguage":"de-DE","potentialAction":[{"@type":"ReadAction","target":["https:\/\/www.inter-iberica.com\/de\/dienste\/konditionierter-transport\/"]}]},{"@type":"BreadcrumbList","@id":"https:\/\/www.inter-iberica.com\/de\/dienste\/konditionierter-transport\/#breadcrumb","itemListElement":[{"@type":"ListItem","position":1,"name":"Home","item":"https:\/\/www.inter-iberica.com\/de\/"},{"@type":"ListItem","position":2,"name":"Dienste","item":"https:\/\/www.inter-iberica.com\/de\/dienste\/"},{"@type":"ListItem","position":3,"name":"Konditionierter Transport"}]},{"@type":"WebSite","@id":"https:\/\/www.inter-iberica.com\/#website","url":"https:\/\/www.inter-iberica.com\/","name":"Inter Iberica","description":"","potentialAction":[{"@type":"SearchAction","target":{"@type":"EntryPoint","urlTemplate":"https:\/\/www.inter-iberica.com\/?s={search_term_string}"},"query-input":{"@type":"PropertyValueSpecification","valueRequired":true,"valueName":"search_term_string"}}],"inLanguage":"de-DE"}]}},"_links":{"self":[{"href":"https:\/\/www.inter-iberica.com\/de\/wp-json\/wp\/v2\/pages\/2143","targetHints":{"allow":["GET"]}}],"collection":[{"href":"https:\/\/www.inter-iberica.com\/de\/wp-json\/wp\/v2\/pages"}],"about":[{"href":"https:\/\/www.inter-iberica.com\/de\/wp-json\/wp\/v2\/types\/page"}],"author":[{"embeddable":true,"href":"https:\/\/www.inter-iberica.com\/de\/wp-json\/wp\/v2\/users\/3"}],"replies":[{"embeddable":true,"href":"https:\/\/www.inter-iberica.com\/de\/wp-json\/wp\/v2\/comments?post=2143"}],"version-history":[{"count":3,"href":"https:\/\/www.inter-iberica.com\/de\/wp-json\/wp\/v2\/pages\/2143\/revisions"}],"predecessor-version":[{"id":3307,"href":"https:\/\/www.inter-iberica.com\/de\/wp-json\/wp\/v2\/pages\/2143\/revisions\/3307"}],"up":[{"embeddable":true,"href":"https:\/\/www.inter-iberica.com\/de\/wp-json\/wp\/v2\/pages\/2115"}],"wp:attachment":[{"href":"https:\/\/www.inter-iberica.com\/de\/wp-json\/wp\/v2\/media?parent=2143"}],"curies":[{"name":"wp","href":"https:\/\/api.w.org\/{rel}","templated":true}]}}

<div class="wpb-content-wrapper"><p>[vc_row][vc_column css=&#8221;.vc_custom_1552704895602{margin-top: -5px !important;}&#8221;][cms_heading text=&#8221;Konditionierter Transport&#8221; tag=&#8221;h4&#8243; text_color=&#8221;#222222&#8243; cms_template=&#8221;cms_heading.php&#8221;][vc_column_text css=&#8221;.vc_custom_1594503072095{margin-bottom: 22px !important;}&#8221;]Der Transport von verderblichen Gütern stellt besondere Anforderungen an Ausrüstung und Fahrer, auch während des Be- und Entladens. Inter-Iberica verfügt über Kühlwagen, die mit sowohl einer Kühlung wie auch einer Heizung ausgestattet sind.</p>
<p>Sämtliche Kühlwagen sind mit einem Bordcomputer und einer Temperaturregistrierung ausgestattet, die eine optimale Steuerung der Temperaturbedingungen während des Transports gewährleisten. Die speziellen Kühlwagen von Inter-Iberica sind in unterschiedliche Fächer aufgeteilt in denen die Temperatur separat geregelt werden kann.[/vc_column_text][/vc_column][/vc_row]</p>
</div>

<p>[vc_row][vc_column css=&#8221;.vc_custom_1552704895602{margin-top: -5px !important;}&#8221;][cms_heading text=&#8221;Konditionierter Transport&#8221; tag=&#8221;h4&#8243; text_color=&#8221;#222222&#8243; cms_template=&#8221;cms_heading.php&#8221;][vc_column_text css=&#8221;.vc_custom_1594503072095{margin-bottom: 22px !important;}&#8221;]Der Transport von verderblichen Gütern stellt besondere Anforderungen an Ausrüstung und Fahrer, auch während des Be- und Entladens. Inter-Iberica verfügt über Kühlwagen, die mit sowohl einer Kühlung wie auch einer Heizung ausgestattet sind. Sämtliche Kühlwagen sind mit einem Bordcomputer und einer Temperaturregistrierung ausgestattet, die [&hellip;]</p>

<!-- This site is optimized with the Yoast SEO plugin v27.4 - https://yoast.com/product/yoast-seo-wordpress/ -->
<title>Konditionierter Transport - Inter Iberica</title>
<meta name="robots" content="index, follow, max-snippet:-1, max-image-preview:large, max-video-preview:-1" />
<link rel="canonical" href="https://www.inter-iberica.com/de/dienste/konditionierter-transport/" />
<meta property="og:locale" content="de_DE" />
<meta property="og:type" content="article" />
<meta property="og:title" content="Konditionierter Transport - Inter Iberica" />
<meta property="og:description" content="[vc_row][vc_column css=&#8221;.vc_custom_1552704895602{margin-top: -5px !important;}&#8221;][cms_heading text=&#8221;Konditionierter Transport&#8221; tag=&#8221;h4&#8243; text_color=&#8221;#222222&#8243; cms_template=&#8221;cms_heading.php&#8221;][vc_column_text css=&#8221;.vc_custom_1594503072095{margin-bottom: 22px !important;}&#8221;]Der Transport von verderblichen Gütern stellt besondere Anforderungen an Ausrüstung und Fahrer, auch während des Be- und Entladens. Inter-Iberica verfügt über Kühlwagen, die mit sowohl einer Kühlung wie auch einer Heizung ausgestattet sind. Sämtliche Kühlwagen sind mit einem Bordcomputer und einer Temperaturregistrierung ausgestattet, die [&hellip;]" />
<meta property="og:url" content="https://www.inter-iberica.com/de/dienste/konditionierter-transport/" />
<meta property="og:site_name" content="Inter Iberica" />
<meta property="article:modified_time" content="2025-03-07T04:42:28+00:00" />
<meta name="twitter:card" content="summary_large_image" />
<meta name="twitter:label1" content="Est. reading time" />
	<meta name="twitter:data1" content="1 minute" />
<script type="application/ld+json" class="yoast-schema-graph">{"@context":"https:\/\/schema.org","@graph":[{"@type":"WebPage","@id":"https:\/\/www.inter-iberica.com\/de\/dienste\/konditionierter-transport\/","url":"https:\/\/www.inter-iberica.com\/de\/dienste\/konditionierter-transport\/","name":"Konditionierter Transport - Inter Iberica","isPartOf":{"@id":"https:\/\/www.inter-iberica.com\/#website"},"datePublished":"2020-04-30T09:37:42+00:00","dateModified":"2025-03-07T04:42:28+00:00","breadcrumb":{"@id":"https:\/\/www.inter-iberica.com\/de\/dienste\/konditionierter-transport\/#breadcrumb"},"inLanguage":"de-DE","potentialAction":[{"@type":"ReadAction","target":["https:\/\/www.inter-iberica.com\/de\/dienste\/konditionierter-transport\/"]}]},{"@type":"BreadcrumbList","@id":"https:\/\/www.inter-iberica.com\/de\/dienste\/konditionierter-transport\/#breadcrumb","itemListElement":[{"@type":"ListItem","position":1,"name":"Home","item":"https:\/\/www.inter-iberica.com\/de\/"},{"@type":"ListItem","position":2,"name":"Dienste","item":"https:\/\/www.inter-iberica.com\/de\/dienste\/"},{"@type":"ListItem","position":3,"name":"Konditionierter Transport"}]},{"@type":"WebSite","@id":"https:\/\/www.inter-iberica.com\/#website","url":"https:\/\/www.inter-iberica.com\/","name":"Inter Iberica","description":"","potentialAction":[{"@type":"SearchAction","target":{"@type":"EntryPoint","urlTemplate":"https:\/\/www.inter-iberica.com\/?s={search_term_string}"},"query-input":{"@type":"PropertyValueSpecification","valueRequired":true,"valueName":"search_term_string"}}],"inLanguage":"de-DE"}]}</script>
<!-- / Yoast SEO plugin. -->

[vc_row][vc_column css=&#8221;.vc_custom_1552704895602{margin-top: -5px !important;}&#8221;][cms_heading text=&#8221;Konditionierter Transport&#8221; tag=&#8221;h4&#8243; text_color=&#8221;#222222&#8243; cms_template=&#8221;cms_heading.php&#8221;][vc_column_text css=&#8221;.vc_custom_1594503072095{margin-bottom: 22px !important;}&#8221;]Der Transport von verderblichen Gütern stellt besondere Anforderungen an Ausrüstung und Fahrer, auch während des Be- und Entladens. Inter-Iberica verfügt über Kühlwagen, die mit sowohl einer Kühlung wie auch einer Heizung ausgestattet sind. Sämtliche Kühlwagen sind mit einem Bordcomputer und einer Temperaturregistrierung ausgestattet, die [&hellip;]
